{"id":116848,"date":"2026-05-05T18:19:10","date_gmt":"2026-05-05T21:19:10","guid":{"rendered":"https:\/\/www.hediyepazar.com\/?product=iki-yonlu-ses-destekli-ev-guvenlik-kamerasi-yerel-kayit-ozellikli"},"modified":"2026-05-05T18:19:10","modified_gmt":"2026-05-05T21:19:10","slug":"iki-yonlu-ses-destekli-ev-guvenlik-kamerasi-yerel-kayit-ozellikli","status":"publish","type":"product","link":"https:\/\/www.hediyepazar.com\/?product=iki-yonlu-ses-destekli-ev-guvenlik-kamerasi-yerel-kayit-ozellikli","title":{"rendered":"\u0130ki Y\u00f6nl\u00fc Ses Destekli Ev G\u00fcvenlik Kameras\u0131 \u2013 Yerel Kay\u0131t \u00d6zellikli"},"content":{"rendered":"<p>Bu IP kamera, ev g\u00fcvenli\u011fi a\u00e7\u0131s\u0131ndan \u00fcst d\u00fczey bir \u00e7\u00f6z\u00fcmd\u00fcr. Hareket alg\u0131lay\u0131c\u0131s\u0131, ortamdaki en k\u00fc\u00e7\u00fck hareketleri bile an\u0131nda tespit eder ve kay\u0131t i\u015flemini ba\u015flat\u0131r. Bu sayede bo\u015f yere uzun saatler boyunca video kayd\u0131 yap\u0131lmaz, yaln\u0131zca gerekli anlar kay\u0131t alt\u0131na al\u0131n\u0131r.G\u00fc\u00e7 kayna\u011f\u0131 olarak do\u011frudan elektrikle \u00e7al\u0131\u015f\u0131r. 110V\u2013240V aral\u0131\u011f\u0131nda \u00e7al\u0131\u015fabilen cihaz, standart E27 ampul duylar\u0131na uyumludur. Bu da \u00fcr\u00fcn\u00fc hemen her alanda kullan\u0131labilir hale getirir.Cihaz gece g\u00f6r\u00fc\u015f deste\u011fi ile karanl\u0131k ortamlarda net g\u00f6r\u00fcnt\u00fcler yakalayabilir. D\u00fc\u015f\u00fck \u0131\u015f\u0131kta dahi ayr\u0131nt\u0131lar kolayl\u0131kla ay\u0131rt edilebilir.Yerel kay\u0131t \u00f6zelli\u011fi ile SD kart \u00fczerine yap\u0131lan kay\u0131tlar g\u00fcvenle saklanabilir. B\u00f6ylece internet ba\u011flant\u0131s\u0131 olmasa bile kamera i\u015flevselli\u011fini s\u00fcrd\u00fcr\u00fcr.G\u00fcvenlik, sadelik ve verimlilik arayanlar i\u00e7in pratik bir tercihtir.<\/p>\n","protected":false},"excerpt":{"rendered":"<p>Bu IP kamera, ev g\u00fcvenli\u011fi a\u00e7\u0131s\u0131ndan \u00fcst d\u00fczey bir \u00e7\u00f6z\u00fcmd\u00fcr. Hareket alg\u0131lay\u0131c\u0131s\u0131, ortamdaki en k\u00fc\u00e7\u00fck hareketleri bile an\u0131nda tespit eder ve kay\u0131t i\u015flemini ba\u015flat\u0131r. Bu sayede bo\u015f yere uzun saatler boyunca video kayd\u0131 yap\u0131lmaz, yaln\u0131zca gerekli anlar kay\u0131t alt\u0131na al\u0131n\u0131r.G\u00fc\u00e7 kayna\u011f\u0131 olarak do\u011frudan elektrikle \u00e7al\u0131\u015f\u0131r. 110V\u2013240V aral\u0131\u011f\u0131nda \u00e7al\u0131\u015fabilen cihaz, standart E27 ampul duylar\u0131na uyumludur. Bu&#8230;<\/p>\n","protected":false},"featured_media":116847,"comment_status":"open","ping_status":"closed","template":"","meta":{"_kad_post_transparent":"","_kad_post_title":"","_kad_post_layout":"","_kad_post_sidebar_id":"","_kad_post_content_style":"","_kad_post_vertical_padding":"","_kad_post_feature":"","_kad_post_feature_position":"","_kad_post_header":false,"_kad_post_footer":false,"_kad_post_classname":""},"product_brand":[],"product_cat":[14927],"product_tag":[],"class_list":{"0":"post-116848","1":"product","2":"type-product","3":"status-publish","4":"has-post-thumbnail","6":"product_cat-akilli-kamera-akilli-kamera","8":"first","9":"instock","10":"purchasable","11":"product-type-simple","12":"entry","13":"content-bg","14":"loop-entry"},"_links":{"self":[{"href":"https:\/\/www.hediyepazar.com\/index.php?rest_route=\/wp\/v2\/product\/116848","targetHints":{"allow":["GET"]}}],"collection":[{"href":"https:\/\/www.hediyepazar.com\/index.php?rest_route=\/wp\/v2\/product"}],"about":[{"href":"https:\/\/www.hediyepazar.com\/index.php?rest_route=\/wp\/v2\/types\/product"}],"replies":[{"embeddable":true,"href":"https:\/\/www.hediyepazar.com\/index.php?rest_route=%2Fwp%2Fv2%2Fcomments&post=116848"}],"wp:featuredmedia":[{"embeddable":true,"href":"https:\/\/www.hediyepazar.com\/index.php?rest_route=\/wp\/v2\/media\/116847"}],"wp:attachment":[{"href":"https:\/\/www.hediyepazar.com\/index.php?rest_route=%2Fwp%2Fv2%2Fmedia&parent=116848"}],"wp:term":[{"taxonomy":"product_brand","embeddable":true,"href":"https:\/\/www.hediyepazar.com\/index.php?rest_route=%2Fwp%2Fv2%2Fproduct_brand&post=116848"},{"taxonomy":"product_cat","embeddable":true,"href":"https:\/\/www.hediyepazar.com\/index.php?rest_route=%2Fwp%2Fv2%2Fproduct_cat&post=116848"},{"taxonomy":"product_tag","embeddable":true,"href":"https:\/\/www.hediyepazar.com\/index.php?rest_route=%2Fwp%2Fv2%2Fproduct_tag&post=116848"}],"curies":[{"name":"wp","href":"https:\/\/api.w.org\/{rel}","templated":true}]}}