{"id":116909,"date":"2026-05-05T18:28:12","date_gmt":"2026-05-05T21:28:12","guid":{"rendered":"https:\/\/www.hediyepazar.com\/?product=kutu-paketli-labubu-oyuncak-renk-karisik-gonderim"},"modified":"2026-05-05T18:28:12","modified_gmt":"2026-05-05T21:28:12","slug":"kutu-paketli-labubu-oyuncak-renk-karisik-gonderim","status":"publish","type":"product","link":"https:\/\/www.hediyepazar.com\/?product=kutu-paketli-labubu-oyuncak-renk-karisik-gonderim","title":{"rendered":"Kutu Paketli Labubu Oyuncak \u2013 Renk Kar\u0131\u015f\u0131k G\u00f6nderim"},"content":{"rendered":"<p>Pelu\u015f oyuncaklar sadece \u00e7ocuklar i\u00e7in de\u011fil, ruhu gen\u00e7 kalan yeti\u015fkinler i\u00e7in de vazge\u00e7ilmezdir. Labubu Pelu\u015f Oyuncak, tam da bu noktada hem dekoratif hem de anlaml\u0131 bir hediye alternatifi sunar. Kaliteli pelu\u015f kuma\u015f\u0131, s\u0131k diki\u015fleri ve ger\u00e7ek\u00e7i fig\u00fcr yap\u0131s\u0131yla hem koleksiyon hem g\u00fcnl\u00fck kullan\u0131m i\u00e7in uygundur. 3 ya\u015f \u00fczeri \u00e7ocuklar i\u00e7in tasarlanm\u0131\u015f olup, sevimli g\u00f6r\u00fcn\u00fcm\u00fcyle \u00e7ocuklar\u0131n da b\u00fcy\u00fck ilgisini \u00e7eker. Hafif yap\u0131s\u0131 sayesinde ta\u015f\u0131nabilirli\u011fi kolayd\u0131r. Sosyal medyada viral hale gelen bu fig\u00fcr\u00fc siz de koleksiyonunuza ekleyin ya da sevdiklerinize hediye edin.<\/p>\n","protected":false},"excerpt":{"rendered":"<p>Pelu\u015f oyuncaklar sadece \u00e7ocuklar i\u00e7in de\u011fil, ruhu gen\u00e7 kalan yeti\u015fkinler i\u00e7in de vazge\u00e7ilmezdir. Labubu Pelu\u015f Oyuncak, tam da bu noktada hem dekoratif hem de anlaml\u0131 bir hediye alternatifi sunar. Kaliteli pelu\u015f kuma\u015f\u0131, s\u0131k diki\u015fleri ve ger\u00e7ek\u00e7i fig\u00fcr yap\u0131s\u0131yla hem koleksiyon hem g\u00fcnl\u00fck kullan\u0131m i\u00e7in uygundur. 3 ya\u015f \u00fczeri \u00e7ocuklar i\u00e7in tasarlanm\u0131\u015f olup, sevimli g\u00f6r\u00fcn\u00fcm\u00fcyle \u00e7ocuklar\u0131n&#8230;<\/p>\n","protected":false},"featured_media":116908,"comment_status":"open","ping_status":"closed","template":"","meta":{"_kad_post_transparent":"","_kad_post_title":"","_kad_post_layout":"","_kad_post_sidebar_id":"","_kad_post_content_style":"","_kad_post_vertical_padding":"","_kad_post_feature":"","_kad_post_feature_position":"","_kad_post_header":false,"_kad_post_footer":false,"_kad_post_classname":""},"product_brand":[],"product_cat":[15090],"product_tag":[],"class_list":{"0":"post-116909","1":"product","2":"type-product","3":"status-publish","4":"has-post-thumbnail","6":"product_cat-cocuk-oyuncak-cocuk-oyuncak","8":"first","9":"instock","10":"purchasable","11":"product-type-simple","12":"entry","13":"content-bg","14":"loop-entry"},"_links":{"self":[{"href":"https:\/\/www.hediyepazar.com\/index.php?rest_route=\/wp\/v2\/product\/116909","targetHints":{"allow":["GET"]}}],"collection":[{"href":"https:\/\/www.hediyepazar.com\/index.php?rest_route=\/wp\/v2\/product"}],"about":[{"href":"https:\/\/www.hediyepazar.com\/index.php?rest_route=\/wp\/v2\/types\/product"}],"replies":[{"embeddable":true,"href":"https:\/\/www.hediyepazar.com\/index.php?rest_route=%2Fwp%2Fv2%2Fcomments&post=116909"}],"wp:featuredmedia":[{"embeddable":true,"href":"https:\/\/www.hediyepazar.com\/index.php?rest_route=\/wp\/v2\/media\/116908"}],"wp:attachment":[{"href":"https:\/\/www.hediyepazar.com\/index.php?rest_route=%2Fwp%2Fv2%2Fmedia&parent=116909"}],"wp:term":[{"taxonomy":"product_brand","embeddable":true,"href":"https:\/\/www.hediyepazar.com\/index.php?rest_route=%2Fwp%2Fv2%2Fproduct_brand&post=116909"},{"taxonomy":"product_cat","embeddable":true,"href":"https:\/\/www.hediyepazar.com\/index.php?rest_route=%2Fwp%2Fv2%2Fproduct_cat&post=116909"},{"taxonomy":"product_tag","embeddable":true,"href":"https:\/\/www.hediyepazar.com\/index.php?rest_route=%2Fwp%2Fv2%2Fproduct_tag&post=116909"}],"curies":[{"name":"wp","href":"https:\/\/api.w.org\/{rel}","templated":true}]}}