{"id":116911,"date":"2026-05-05T18:28:18","date_gmt":"2026-05-05T21:28:18","guid":{"rendered":"https:\/\/www.hediyepazar.com\/?product=dekoratif-labubu-karakter-figuru-kaliteli-pelus-malzeme"},"modified":"2026-05-05T18:28:18","modified_gmt":"2026-05-05T21:28:18","slug":"dekoratif-labubu-karakter-figuru-kaliteli-pelus-malzeme","status":"publish","type":"product","link":"https:\/\/www.hediyepazar.com\/?product=dekoratif-labubu-karakter-figuru-kaliteli-pelus-malzeme","title":{"rendered":"Dekoratif Labubu Karakter Fig\u00fcr\u00fc \u2013 Kaliteli Pelu\u015f Malzeme"},"content":{"rendered":"<p>Labubu karakterinden esinlenerek tasarlanm\u0131\u015f bu pelu\u015f oyuncak, estetik g\u00f6r\u00fcn\u00fcm\u00fc ve kaliteli yap\u0131s\u0131 ile \u00f6ne \u00e7\u0131k\u0131yor. \u00d6zellikle pelu\u015f koleksiyonerlerinin ve sosyal medya kullan\u0131c\u0131lar\u0131n\u0131n ilgisini \u00e7eken bu \u00fcr\u00fcn, g\u00fcnl\u00fck hayatta dekoratif olarak da kullan\u0131labilir. Yatak ba\u015f\u0131, masa, kitapl\u0131k gibi alanlarda ho\u015f bir ambiyans olu\u015fturur. \u00c7ocuklar i\u00e7in tamamen g\u00fcvenli malzemelerden \u00fcretilmi\u015ftir ve yumu\u015fakl\u0131\u011f\u0131 sayesinde uyku arkada\u015f\u0131 olarak da kullan\u0131labilir. \u00dcr\u00fcn s\u0131f\u0131r ve paketlidir. Boyutu yakla\u015f\u0131k 20 cm\u2019dir. Renkler stok durumuna g\u00f6re de\u011fi\u015fiklik g\u00f6sterebilir.<\/p>\n","protected":false},"excerpt":{"rendered":"<p>Labubu karakterinden esinlenerek tasarlanm\u0131\u015f bu pelu\u015f oyuncak, estetik g\u00f6r\u00fcn\u00fcm\u00fc ve kaliteli yap\u0131s\u0131 ile \u00f6ne \u00e7\u0131k\u0131yor. \u00d6zellikle pelu\u015f koleksiyonerlerinin ve sosyal medya kullan\u0131c\u0131lar\u0131n\u0131n ilgisini \u00e7eken bu \u00fcr\u00fcn, g\u00fcnl\u00fck hayatta dekoratif olarak da kullan\u0131labilir. Yatak ba\u015f\u0131, masa, kitapl\u0131k gibi alanlarda ho\u015f bir ambiyans olu\u015fturur. \u00c7ocuklar i\u00e7in tamamen g\u00fcvenli malzemelerden \u00fcretilmi\u015ftir ve yumu\u015fakl\u0131\u011f\u0131 sayesinde uyku arkada\u015f\u0131 olarak da&#8230;<\/p>\n","protected":false},"featured_media":116910,"comment_status":"open","ping_status":"closed","template":"","meta":{"_kad_post_transparent":"","_kad_post_title":"","_kad_post_layout":"","_kad_post_sidebar_id":"","_kad_post_content_style":"","_kad_post_vertical_padding":"","_kad_post_feature":"","_kad_post_feature_position":"","_kad_post_header":false,"_kad_post_footer":false,"_kad_post_classname":""},"product_brand":[],"product_cat":[15090],"product_tag":[],"class_list":{"0":"post-116911","1":"product","2":"type-product","3":"status-publish","4":"has-post-thumbnail","6":"product_cat-cocuk-oyuncak-cocuk-oyuncak","8":"first","9":"instock","10":"purchasable","11":"product-type-simple","12":"entry","13":"content-bg","14":"loop-entry"},"_links":{"self":[{"href":"https:\/\/www.hediyepazar.com\/index.php?rest_route=\/wp\/v2\/product\/116911","targetHints":{"allow":["GET"]}}],"collection":[{"href":"https:\/\/www.hediyepazar.com\/index.php?rest_route=\/wp\/v2\/product"}],"about":[{"href":"https:\/\/www.hediyepazar.com\/index.php?rest_route=\/wp\/v2\/types\/product"}],"replies":[{"embeddable":true,"href":"https:\/\/www.hediyepazar.com\/index.php?rest_route=%2Fwp%2Fv2%2Fcomments&post=116911"}],"wp:featuredmedia":[{"embeddable":true,"href":"https:\/\/www.hediyepazar.com\/index.php?rest_route=\/wp\/v2\/media\/116910"}],"wp:attachment":[{"href":"https:\/\/www.hediyepazar.com\/index.php?rest_route=%2Fwp%2Fv2%2Fmedia&parent=116911"}],"wp:term":[{"taxonomy":"product_brand","embeddable":true,"href":"https:\/\/www.hediyepazar.com\/index.php?rest_route=%2Fwp%2Fv2%2Fproduct_brand&post=116911"},{"taxonomy":"product_cat","embeddable":true,"href":"https:\/\/www.hediyepazar.com\/index.php?rest_route=%2Fwp%2Fv2%2Fproduct_cat&post=116911"},{"taxonomy":"product_tag","embeddable":true,"href":"https:\/\/www.hediyepazar.com\/index.php?rest_route=%2Fwp%2Fv2%2Fproduct_tag&post=116911"}],"curies":[{"name":"wp","href":"https:\/\/api.w.org\/{rel}","templated":true}]}}