{"id":116915,"date":"2026-05-05T18:29:10","date_gmt":"2026-05-05T21:29:10","guid":{"rendered":"https:\/\/www.hediyepazar.com\/?product=dekoratif-labubu-pelus-figur-oyuncak-yeni-seri"},"modified":"2026-05-05T18:29:10","modified_gmt":"2026-05-05T21:29:10","slug":"dekoratif-labubu-pelus-figur-oyuncak-yeni-seri","status":"publish","type":"product","link":"https:\/\/www.hediyepazar.com\/?product=dekoratif-labubu-pelus-figur-oyuncak-yeni-seri","title":{"rendered":"Dekoratif Labubu Pelu\u015f Fig\u00fcr Oyuncak Yeni Seri"},"content":{"rendered":"<p>Yumu\u015fak dokusu ve sevimli g\u00f6r\u00fcn\u00fcm\u00fcyle dikkat \u00e7eken Labubu Pelu\u015f, \u00e7ocuklar\u0131n hayal g\u00fcc\u00fcn\u00fc desteklerken yeti\u015fkinlere de nostaljik bir hediye alternatifi sunar. 20 cm boyutundaki fig\u00fcr, detayl\u0131 diki\u015fleri ve karakteristik tasar\u0131m\u0131yla olduk\u00e7a estetik bir yap\u0131ya sahiptir. Kullan\u0131m\u0131 kolay, ta\u015f\u0131mas\u0131 hafif olan bu pelu\u015f; seyahatlerde, ofiste ya da evde rahatl\u0131kla kullan\u0131labilir. Dekoratif s\u00fcs olarak da \u015f\u0131kl\u0131k katar. Her \u00fcr\u00fcn, s\u0131f\u0131r kutusunda, \u00f6zenle paketlenmi\u015f \u015fekilde g\u00f6nderilir. Sevdikleriniz i\u00e7in \u00f6zel bir s\u00fcrpriz ar\u0131yorsan\u0131z Labubu ideal tercihlerden biri.<\/p>\n","protected":false},"excerpt":{"rendered":"<p>Yumu\u015fak dokusu ve sevimli g\u00f6r\u00fcn\u00fcm\u00fcyle dikkat \u00e7eken Labubu Pelu\u015f, \u00e7ocuklar\u0131n hayal g\u00fcc\u00fcn\u00fc desteklerken yeti\u015fkinlere de nostaljik bir hediye alternatifi sunar. 20 cm boyutundaki fig\u00fcr, detayl\u0131 diki\u015fleri ve karakteristik tasar\u0131m\u0131yla olduk\u00e7a estetik bir yap\u0131ya sahiptir. Kullan\u0131m\u0131 kolay, ta\u015f\u0131mas\u0131 hafif olan bu pelu\u015f; seyahatlerde, ofiste ya da evde rahatl\u0131kla kullan\u0131labilir. Dekoratif s\u00fcs olarak da \u015f\u0131kl\u0131k katar. Her&#8230;<\/p>\n","protected":false},"featured_media":116914,"comment_status":"open","ping_status":"closed","template":"","meta":{"_kad_post_transparent":"","_kad_post_title":"","_kad_post_layout":"","_kad_post_sidebar_id":"","_kad_post_content_style":"","_kad_post_vertical_padding":"","_kad_post_feature":"","_kad_post_feature_position":"","_kad_post_header":false,"_kad_post_footer":false,"_kad_post_classname":""},"product_brand":[],"product_cat":[15090],"product_tag":[],"class_list":{"0":"post-116915","1":"product","2":"type-product","3":"status-publish","4":"has-post-thumbnail","6":"product_cat-cocuk-oyuncak-cocuk-oyuncak","8":"first","9":"instock","10":"purchasable","11":"product-type-simple","12":"entry","13":"content-bg","14":"loop-entry"},"_links":{"self":[{"href":"https:\/\/www.hediyepazar.com\/index.php?rest_route=\/wp\/v2\/product\/116915","targetHints":{"allow":["GET"]}}],"collection":[{"href":"https:\/\/www.hediyepazar.com\/index.php?rest_route=\/wp\/v2\/product"}],"about":[{"href":"https:\/\/www.hediyepazar.com\/index.php?rest_route=\/wp\/v2\/types\/product"}],"replies":[{"embeddable":true,"href":"https:\/\/www.hediyepazar.com\/index.php?rest_route=%2Fwp%2Fv2%2Fcomments&post=116915"}],"wp:featuredmedia":[{"embeddable":true,"href":"https:\/\/www.hediyepazar.com\/index.php?rest_route=\/wp\/v2\/media\/116914"}],"wp:attachment":[{"href":"https:\/\/www.hediyepazar.com\/index.php?rest_route=%2Fwp%2Fv2%2Fmedia&parent=116915"}],"wp:term":[{"taxonomy":"product_brand","embeddable":true,"href":"https:\/\/www.hediyepazar.com\/index.php?rest_route=%2Fwp%2Fv2%2Fproduct_brand&post=116915"},{"taxonomy":"product_cat","embeddable":true,"href":"https:\/\/www.hediyepazar.com\/index.php?rest_route=%2Fwp%2Fv2%2Fproduct_cat&post=116915"},{"taxonomy":"product_tag","embeddable":true,"href":"https:\/\/www.hediyepazar.com\/index.php?rest_route=%2Fwp%2Fv2%2Fproduct_tag&post=116915"}],"curies":[{"name":"wp","href":"https:\/\/api.w.org\/{rel}","templated":true}]}}