{"id":116929,"date":"2026-05-05T18:31:56","date_gmt":"2026-05-05T21:31:56","guid":{"rendered":"https:\/\/www.hediyepazar.com\/?product=cift-katmanli-termos-ozellikli-karistirma-motorlu-kupa"},"modified":"2026-05-05T18:31:56","modified_gmt":"2026-05-05T21:31:56","slug":"cift-katmanli-termos-ozellikli-karistirma-motorlu-kupa","status":"publish","type":"product","link":"https:\/\/www.hediyepazar.com\/?product=cift-katmanli-termos-ozellikli-karistirma-motorlu-kupa","title":{"rendered":"\u00c7ift Katmanl\u0131 Termos \u00d6zellikli Kar\u0131\u015ft\u0131rma Motorlu Kupa"},"content":{"rendered":"<p>Kendi kendini kar\u0131\u015ft\u0131ran termos kupa, kahve ve di\u011fer toz i\u00e7eceklerin haz\u0131rlanmas\u0131n\u0131 zahmetsiz hale getiriyor. \u0130\u00e7erisindeki g\u00fc\u00e7l\u00fc ve sessiz motor, mini pervane yard\u0131m\u0131yla i\u00e7ece\u011finizi saniyeler i\u00e7inde kar\u0131\u015ft\u0131r\u0131r. D\u00fc\u011fmeye basman\u0131z yeterlidir; b\u00f6ylece ka\u015f\u0131k veya \u00e7ubuk kullanman\u0131za gerek kalmaz. \u00c7ift katmanl\u0131 termos yap\u0131s\u0131, i\u00e7ece\u011finizi uzun s\u00fcre s\u0131cak tutar ve d\u0131\u015f y\u00fczeyin \u0131s\u0131nmas\u0131n\u0131 engeller. Kompakt, hafif ve ergonomik tasar\u0131m\u0131 sayesinde ofiste, evde ya da seyahatte kullan\u0131ma uygundur. Kupan\u0131n dayan\u0131kl\u0131 yap\u0131s\u0131, uzun y\u0131llar sorunsuz performans sunar. Hem pratik hem \u015f\u0131k bir i\u00e7ecek deneyimi isteyenler i\u00e7in vazge\u00e7ilmez bir yard\u0131mc\u0131d\u0131r.<\/p>\n","protected":false},"excerpt":{"rendered":"<p>Kendi kendini kar\u0131\u015ft\u0131ran termos kupa, kahve ve di\u011fer toz i\u00e7eceklerin haz\u0131rlanmas\u0131n\u0131 zahmetsiz hale getiriyor. \u0130\u00e7erisindeki g\u00fc\u00e7l\u00fc ve sessiz motor, mini pervane yard\u0131m\u0131yla i\u00e7ece\u011finizi saniyeler i\u00e7inde kar\u0131\u015ft\u0131r\u0131r. D\u00fc\u011fmeye basman\u0131z yeterlidir; b\u00f6ylece ka\u015f\u0131k veya \u00e7ubuk kullanman\u0131za gerek kalmaz. \u00c7ift katmanl\u0131 termos yap\u0131s\u0131, i\u00e7ece\u011finizi uzun s\u00fcre s\u0131cak tutar ve d\u0131\u015f y\u00fczeyin \u0131s\u0131nmas\u0131n\u0131 engeller. Kompakt, hafif ve ergonomik tasar\u0131m\u0131&#8230;<\/p>\n","protected":false},"featured_media":116928,"comment_status":"open","ping_status":"closed","template":"","meta":{"_kad_post_transparent":"","_kad_post_title":"","_kad_post_layout":"","_kad_post_sidebar_id":"","_kad_post_content_style":"","_kad_post_vertical_padding":"","_kad_post_feature":"","_kad_post_feature_position":"","_kad_post_header":false,"_kad_post_footer":false,"_kad_post_classname":""},"product_brand":[],"product_cat":[15014],"product_tag":[],"class_list":{"0":"post-116929","1":"product","2":"type-product","3":"status-publish","4":"has-post-thumbnail","6":"product_cat-mug-mug","8":"first","9":"instock","10":"purchasable","11":"product-type-simple","12":"entry","13":"content-bg","14":"loop-entry"},"_links":{"self":[{"href":"https:\/\/www.hediyepazar.com\/index.php?rest_route=\/wp\/v2\/product\/116929","targetHints":{"allow":["GET"]}}],"collection":[{"href":"https:\/\/www.hediyepazar.com\/index.php?rest_route=\/wp\/v2\/product"}],"about":[{"href":"https:\/\/www.hediyepazar.com\/index.php?rest_route=\/wp\/v2\/types\/product"}],"replies":[{"embeddable":true,"href":"https:\/\/www.hediyepazar.com\/index.php?rest_route=%2Fwp%2Fv2%2Fcomments&post=116929"}],"wp:featuredmedia":[{"embeddable":true,"href":"https:\/\/www.hediyepazar.com\/index.php?rest_route=\/wp\/v2\/media\/116928"}],"wp:attachment":[{"href":"https:\/\/www.hediyepazar.com\/index.php?rest_route=%2Fwp%2Fv2%2Fmedia&parent=116929"}],"wp:term":[{"taxonomy":"product_brand","embeddable":true,"href":"https:\/\/www.hediyepazar.com\/index.php?rest_route=%2Fwp%2Fv2%2Fproduct_brand&post=116929"},{"taxonomy":"product_cat","embeddable":true,"href":"https:\/\/www.hediyepazar.com\/index.php?rest_route=%2Fwp%2Fv2%2Fproduct_cat&post=116929"},{"taxonomy":"product_tag","embeddable":true,"href":"https:\/\/www.hediyepazar.com\/index.php?rest_route=%2Fwp%2Fv2%2Fproduct_tag&post=116929"}],"curies":[{"name":"wp","href":"https:\/\/api.w.org\/{rel}","templated":true}]}}