{"id":116993,"date":"2026-05-05T18:40:01","date_gmt":"2026-05-05T21:40:01","guid":{"rendered":"https:\/\/www.hediyepazar.com\/?product=kas-ve-kirpik-sekillendirme-icin-yuz-bakim-makasi"},"modified":"2026-05-05T18:40:01","modified_gmt":"2026-05-05T21:40:01","slug":"kas-ve-kirpik-sekillendirme-icin-yuz-bakim-makasi","status":"publish","type":"product","link":"https:\/\/www.hediyepazar.com\/?product=kas-ve-kirpik-sekillendirme-icin-yuz-bakim-makasi","title":{"rendered":"Ka\u015f ve Kirpik \u015eekillendirme \u0130\u00e7in Y\u00fcz Bak\u0131m Makas\u0131"},"content":{"rendered":"<p>Y\u00fcz bak\u0131m\u0131nda hassasiyet arayanlar i\u00e7in geli\u015ftirilen bu \u00e7ok fonksiyonlu makas, ka\u015f ve kirpik \u015fekillendirme i\u015flemlerinde maksimum kontrol sa\u011flar. 12.9 x 5.3 cm boyutlar\u0131yla ergonomik bir yap\u0131ya sahiptir ve elinizde rahat\u00e7a kavran\u0131r. Kavisli ve ince u\u00e7lar\u0131 sayesinde ka\u015flar\u0131n\u0131z\u0131 do\u011fal hatlar\u0131na uygun bi\u00e7imde \u015fekillendirebilir, kirpik u\u00e7lar\u0131n\u0131 k\u0131saltarak bak\u0131m rutininizi tamamlayabilirsiniz.Y\u00fcksek hassasiyete sahip b\u0131\u00e7aklar\u0131, \u00f6l\u00fc deri ve t\u0131rnak \u00e7evresi temizli\u011fi gibi detayl\u0131 i\u015flemlerde de etkili sonu\u00e7lar sunar. K\u00fc\u00e7\u00fck yap\u0131s\u0131 sayesinde seyahatlerde ya da \u00e7antan\u0131zda kolayca ta\u015f\u0131nabilir. Herhangi bir talimat gerektirmeyen kullan\u0131m kolayl\u0131\u011f\u0131 ile herkesin rahatl\u0131kla uygulayabilece\u011fi bir bak\u0131m arac\u0131d\u0131r.<\/p>\n","protected":false},"excerpt":{"rendered":"<p>Y\u00fcz bak\u0131m\u0131nda hassasiyet arayanlar i\u00e7in geli\u015ftirilen bu \u00e7ok fonksiyonlu makas, ka\u015f ve kirpik \u015fekillendirme i\u015flemlerinde maksimum kontrol sa\u011flar. 12.9 x 5.3 cm boyutlar\u0131yla ergonomik bir yap\u0131ya sahiptir ve elinizde rahat\u00e7a kavran\u0131r. Kavisli ve ince u\u00e7lar\u0131 sayesinde ka\u015flar\u0131n\u0131z\u0131 do\u011fal hatlar\u0131na uygun bi\u00e7imde \u015fekillendirebilir, kirpik u\u00e7lar\u0131n\u0131 k\u0131saltarak bak\u0131m rutininizi tamamlayabilirsiniz.Y\u00fcksek hassasiyete sahip b\u0131\u00e7aklar\u0131, \u00f6l\u00fc deri ve t\u0131rnak&#8230;<\/p>\n","protected":false},"featured_media":116992,"comment_status":"open","ping_status":"closed","template":"","meta":{"_kad_post_transparent":"","_kad_post_title":"","_kad_post_layout":"","_kad_post_sidebar_id":"","_kad_post_content_style":"","_kad_post_vertical_padding":"","_kad_post_feature":"","_kad_post_feature_position":"","_kad_post_header":false,"_kad_post_footer":false,"_kad_post_classname":""},"product_brand":[],"product_cat":[15047],"product_tag":[],"class_list":{"0":"post-116993","1":"product","2":"type-product","3":"status-publish","4":"has-post-thumbnail","6":"product_cat-kas-makasi-kas-makasi","8":"first","9":"instock","10":"purchasable","11":"product-type-simple","12":"entry","13":"content-bg","14":"loop-entry"},"_links":{"self":[{"href":"https:\/\/www.hediyepazar.com\/index.php?rest_route=\/wp\/v2\/product\/116993","targetHints":{"allow":["GET"]}}],"collection":[{"href":"https:\/\/www.hediyepazar.com\/index.php?rest_route=\/wp\/v2\/product"}],"about":[{"href":"https:\/\/www.hediyepazar.com\/index.php?rest_route=\/wp\/v2\/types\/product"}],"replies":[{"embeddable":true,"href":"https:\/\/www.hediyepazar.com\/index.php?rest_route=%2Fwp%2Fv2%2Fcomments&post=116993"}],"wp:featuredmedia":[{"embeddable":true,"href":"https:\/\/www.hediyepazar.com\/index.php?rest_route=\/wp\/v2\/media\/116992"}],"wp:attachment":[{"href":"https:\/\/www.hediyepazar.com\/index.php?rest_route=%2Fwp%2Fv2%2Fmedia&parent=116993"}],"wp:term":[{"taxonomy":"product_brand","embeddable":true,"href":"https:\/\/www.hediyepazar.com\/index.php?rest_route=%2Fwp%2Fv2%2Fproduct_brand&post=116993"},{"taxonomy":"product_cat","embeddable":true,"href":"https:\/\/www.hediyepazar.com\/index.php?rest_route=%2Fwp%2Fv2%2Fproduct_cat&post=116993"},{"taxonomy":"product_tag","embeddable":true,"href":"https:\/\/www.hediyepazar.com\/index.php?rest_route=%2Fwp%2Fv2%2Fproduct_tag&post=116993"}],"curies":[{"name":"wp","href":"https:\/\/api.w.org\/{rel}","templated":true}]}}