{"id":117001,"date":"2026-05-05T18:41:01","date_gmt":"2026-05-05T21:41:01","guid":{"rendered":"https:\/\/www.hediyepazar.com\/?product=dusuk-gecikmeli-kablosuz-kulaklik-oyun-ve-muzik-modu-destekli"},"modified":"2026-05-05T18:41:01","modified_gmt":"2026-05-05T21:41:01","slug":"dusuk-gecikmeli-kablosuz-kulaklik-oyun-ve-muzik-modu-destekli","status":"publish","type":"product","link":"https:\/\/www.hediyepazar.com\/?product=dusuk-gecikmeli-kablosuz-kulaklik-oyun-ve-muzik-modu-destekli","title":{"rendered":"D\u00fc\u015f\u00fck Gecikmeli Kablosuz Kulakl\u0131k \u2013 Oyun ve M\u00fczik Modu Destekli"},"content":{"rendered":"<p>Oyuncular i\u00e7in geli\u015ftirilen bu kablosuz kulakl\u0131k, 65ms\u2019ye kadar d\u00fc\u015f\u00fck gecikme s\u00fcresi sunarak \u00f6zellikle FPS ve rekabet\u00e7i oyunlarda gecikmesiz ses aktar\u0131m\u0131 sa\u011flar. \u00dc\u00e7 kez dokunarak oyun ve m\u00fczik modu aras\u0131nda kolayca ge\u00e7i\u015f yap\u0131labilir.Bluetooth 5.0 teknolojisi ile 10 metreye kadar kesintisiz ba\u011flant\u0131 sunar. Kulakl\u0131klar birbirinden ba\u011f\u0131ms\u0131z kullan\u0131labilir; binaural arama deste\u011fi ile iki kulaktan da net \u00e7a\u011fr\u0131 al\u0131nabilir. Arka plan seslerini izole eden aktif g\u00fcr\u00fclt\u00fc engelleme \u00f6zelli\u011fi sayesinde net ileti\u015fim ve kaliteli ses aktar\u0131m\u0131 sa\u011flan\u0131r.<\/p>\n","protected":false},"excerpt":{"rendered":"<p>Oyuncular i\u00e7in geli\u015ftirilen bu kablosuz kulakl\u0131k, 65ms\u2019ye kadar d\u00fc\u015f\u00fck gecikme s\u00fcresi sunarak \u00f6zellikle FPS ve rekabet\u00e7i oyunlarda gecikmesiz ses aktar\u0131m\u0131 sa\u011flar. \u00dc\u00e7 kez dokunarak oyun ve m\u00fczik modu aras\u0131nda kolayca ge\u00e7i\u015f yap\u0131labilir.Bluetooth 5.0 teknolojisi ile 10 metreye kadar kesintisiz ba\u011flant\u0131 sunar. Kulakl\u0131klar birbirinden ba\u011f\u0131ms\u0131z kullan\u0131labilir; binaural arama deste\u011fi ile iki kulaktan da net \u00e7a\u011fr\u0131 al\u0131nabilir&#8230;.<\/p>\n","protected":false},"featured_media":117000,"comment_status":"open","ping_status":"closed","template":"","meta":{"_kad_post_transparent":"","_kad_post_title":"","_kad_post_layout":"","_kad_post_sidebar_id":"","_kad_post_content_style":"","_kad_post_vertical_padding":"","_kad_post_feature":"","_kad_post_feature_position":"","_kad_post_header":false,"_kad_post_footer":false,"_kad_post_classname":""},"product_brand":[],"product_cat":[14957],"product_tag":[],"class_list":{"0":"post-117001","1":"product","2":"type-product","3":"status-publish","4":"has-post-thumbnail","6":"product_cat-kablosuz-kulaklik-kablosuz-kulaklik","8":"first","9":"instock","10":"purchasable","11":"product-type-simple","12":"entry","13":"content-bg","14":"loop-entry"},"_links":{"self":[{"href":"https:\/\/www.hediyepazar.com\/index.php?rest_route=\/wp\/v2\/product\/117001","targetHints":{"allow":["GET"]}}],"collection":[{"href":"https:\/\/www.hediyepazar.com\/index.php?rest_route=\/wp\/v2\/product"}],"about":[{"href":"https:\/\/www.hediyepazar.com\/index.php?rest_route=\/wp\/v2\/types\/product"}],"replies":[{"embeddable":true,"href":"https:\/\/www.hediyepazar.com\/index.php?rest_route=%2Fwp%2Fv2%2Fcomments&post=117001"}],"wp:featuredmedia":[{"embeddable":true,"href":"https:\/\/www.hediyepazar.com\/index.php?rest_route=\/wp\/v2\/media\/117000"}],"wp:attachment":[{"href":"https:\/\/www.hediyepazar.com\/index.php?rest_route=%2Fwp%2Fv2%2Fmedia&parent=117001"}],"wp:term":[{"taxonomy":"product_brand","embeddable":true,"href":"https:\/\/www.hediyepazar.com\/index.php?rest_route=%2Fwp%2Fv2%2Fproduct_brand&post=117001"},{"taxonomy":"product_cat","embeddable":true,"href":"https:\/\/www.hediyepazar.com\/index.php?rest_route=%2Fwp%2Fv2%2Fproduct_cat&post=117001"},{"taxonomy":"product_tag","embeddable":true,"href":"https:\/\/www.hediyepazar.com\/index.php?rest_route=%2Fwp%2Fv2%2Fproduct_tag&post=117001"}],"curies":[{"name":"wp","href":"https:\/\/api.w.org\/{rel}","templated":true}]}}