{"id":117023,"date":"2026-05-05T18:43:13","date_gmt":"2026-05-05T21:43:13","guid":{"rendered":"https:\/\/www.hediyepazar.com\/?product=kompakt-fosforlu-park-numaratoru-gunduz-sikligi-gece-gorunurlugu"},"modified":"2026-05-05T18:43:13","modified_gmt":"2026-05-05T21:43:13","slug":"kompakt-fosforlu-park-numaratoru-gunduz-sikligi-gece-gorunurlugu","status":"publish","type":"product","link":"https:\/\/www.hediyepazar.com\/?product=kompakt-fosforlu-park-numaratoru-gunduz-sikligi-gece-gorunurlugu","title":{"rendered":"Kompakt Fosforlu Park Numarat\u00f6r\u00fc \u2013 G\u00fcnd\u00fcz \u015e\u0131kl\u0131\u011f\u0131 Gece G\u00f6r\u00fcn\u00fcrl\u00fc\u011f\u00fc"},"content":{"rendered":"<p>Ara\u00e7 sahipleri i\u00e7in hem kullan\u0131\u015fl\u0131 hem de zarif bir aksesuar: fosforlu park numarat\u00f6r\u00fc, g\u00fcnd\u00fcz sade bir dekor, gece ise fonksiyonel bir rehber haline gelir.Fosforlu rakamlar, d\u00fc\u015f\u00fck \u0131\u015f\u0131k ko\u015fullar\u0131nda bile y\u00fcksek g\u00f6r\u00fcn\u00fcrl\u00fck sa\u011flar. Arac\u0131n\u0131z\u0131 k\u0131sa s\u00fcreli park etti\u011finizde ula\u015f\u0131labilir olman\u0131z\u0131 sa\u011flar. Numaran\u0131z\u0131 g\u00f6stererek, gereksiz streslerin \u00f6n\u00fcne ge\u00e7ersiniz.Kurulum gerektirmez. Cama ya da \u00f6n konsola konumland\u0131rman\u0131z yeterlidir. Kolay ta\u015f\u0131n\u0131r, gerekti\u011finde ba\u015fka araca bile aktar\u0131labilir. Yap\u0131\u015ft\u0131rma ya da vidalama i\u00e7ermez, iz b\u0131rakmaz.Dayan\u0131kl\u0131 malzeme ve net rakam bask\u0131s\u0131 sayesinde uzun y\u0131llar boyunca g\u00fcvenle kullanabilirsiniz. Kompakt tasar\u0131m\u0131yla yer kaplamaz ve g\u00f6r\u00fc\u015f\u00fcn\u00fcz\u00fc engellemez.Sade, i\u015flevsel ve y\u00fcksek etkili bu \u00fcr\u00fcn, k\u00fc\u00e7\u00fck ama b\u00fcy\u00fck i\u015f g\u00f6r\u00fcr.<\/p>\n","protected":false},"excerpt":{"rendered":"<p>Ara\u00e7 sahipleri i\u00e7in hem kullan\u0131\u015fl\u0131 hem de zarif bir aksesuar: fosforlu park numarat\u00f6r\u00fc, g\u00fcnd\u00fcz sade bir dekor, gece ise fonksiyonel bir rehber haline gelir.Fosforlu rakamlar, d\u00fc\u015f\u00fck \u0131\u015f\u0131k ko\u015fullar\u0131nda bile y\u00fcksek g\u00f6r\u00fcn\u00fcrl\u00fck sa\u011flar. Arac\u0131n\u0131z\u0131 k\u0131sa s\u00fcreli park etti\u011finizde ula\u015f\u0131labilir olman\u0131z\u0131 sa\u011flar. Numaran\u0131z\u0131 g\u00f6stererek, gereksiz streslerin \u00f6n\u00fcne ge\u00e7ersiniz.Kurulum gerektirmez. Cama ya da \u00f6n konsola konumland\u0131rman\u0131z yeterlidir. Kolay&#8230;<\/p>\n","protected":false},"featured_media":117022,"comment_status":"open","ping_status":"closed","template":"","meta":{"_kad_post_transparent":"","_kad_post_title":"","_kad_post_layout":"","_kad_post_sidebar_id":"","_kad_post_content_style":"","_kad_post_vertical_padding":"","_kad_post_feature":"","_kad_post_feature_position":"","_kad_post_header":false,"_kad_post_footer":false,"_kad_post_classname":""},"product_brand":[],"product_cat":[15002],"product_tag":[],"class_list":{"0":"post-117023","1":"product","2":"type-product","3":"status-publish","4":"has-post-thumbnail","6":"product_cat-torpido-aksesuar-torpido-aksesuar","8":"first","9":"instock","10":"purchasable","11":"product-type-simple","12":"entry","13":"content-bg","14":"loop-entry"},"_links":{"self":[{"href":"https:\/\/www.hediyepazar.com\/index.php?rest_route=\/wp\/v2\/product\/117023","targetHints":{"allow":["GET"]}}],"collection":[{"href":"https:\/\/www.hediyepazar.com\/index.php?rest_route=\/wp\/v2\/product"}],"about":[{"href":"https:\/\/www.hediyepazar.com\/index.php?rest_route=\/wp\/v2\/types\/product"}],"replies":[{"embeddable":true,"href":"https:\/\/www.hediyepazar.com\/index.php?rest_route=%2Fwp%2Fv2%2Fcomments&post=117023"}],"wp:featuredmedia":[{"embeddable":true,"href":"https:\/\/www.hediyepazar.com\/index.php?rest_route=\/wp\/v2\/media\/117022"}],"wp:attachment":[{"href":"https:\/\/www.hediyepazar.com\/index.php?rest_route=%2Fwp%2Fv2%2Fmedia&parent=117023"}],"wp:term":[{"taxonomy":"product_brand","embeddable":true,"href":"https:\/\/www.hediyepazar.com\/index.php?rest_route=%2Fwp%2Fv2%2Fproduct_brand&post=117023"},{"taxonomy":"product_cat","embeddable":true,"href":"https:\/\/www.hediyepazar.com\/index.php?rest_route=%2Fwp%2Fv2%2Fproduct_cat&post=117023"},{"taxonomy":"product_tag","embeddable":true,"href":"https:\/\/www.hediyepazar.com\/index.php?rest_route=%2Fwp%2Fv2%2Fproduct_tag&post=117023"}],"curies":[{"name":"wp","href":"https:\/\/api.w.org\/{rel}","templated":true}]}}