{"id":117035,"date":"2026-05-05T18:44:20","date_gmt":"2026-05-05T21:44:20","guid":{"rendered":"https:\/\/www.hediyepazar.com\/?product=katlanabilir-reflektorlu-oto-gunesligi-yaz-sicaklarina-karsi-yuksek-koruma"},"modified":"2026-05-05T18:44:20","modified_gmt":"2026-05-05T21:44:20","slug":"katlanabilir-reflektorlu-oto-gunesligi-yaz-sicaklarina-karsi-yuksek-koruma","status":"publish","type":"product","link":"https:\/\/www.hediyepazar.com\/?product=katlanabilir-reflektorlu-oto-gunesligi-yaz-sicaklarina-karsi-yuksek-koruma","title":{"rendered":"Katlanabilir Reflekt\u00f6rl\u00fc Oto G\u00fcne\u015fli\u011fi \u2013 Yaz S\u0131caklar\u0131na Kar\u015f\u0131 Y\u00fcksek Koruma"},"content":{"rendered":"<p>Bu \u015f\u0131k ve fonksiyonel oto g\u00fcne\u015fli\u011fi, metalize yans\u0131t\u0131c\u0131 y\u00fczeyi sayesinde g\u00fcne\u015fin zararl\u0131 \u0131\u015f\u0131nlar\u0131n\u0131 %99\u2019a varan oranlarda engeller. Arac\u0131n\u0131z\u0131n \u00f6n cam\u0131n\u0131 tam olarak kaplayarak i\u00e7 mekanda olu\u015facak s\u0131cak hava dalgalar\u0131n\u0131n \u00f6n\u00fcne ge\u00e7er.Geli\u015fmi\u015f yal\u0131t\u0131m i\u00e7in tasarlanm\u0131\u015f s\u00fcngerli i\u00e7 yap\u0131, g\u00fcne\u015f \u0131\u015f\u0131nlar\u0131n\u0131n i\u00e7eri ge\u00e7mesini engelleyerek maksimum yal\u0131t\u0131m sa\u011flar. B\u00f6ylece, g\u00fcne\u015f alt\u0131nda saatlerce kalan arac\u0131n\u0131z bile \u00e7ok daha serin kal\u0131r.\u0130\u00e7 mekan\u0131n estetik ve yap\u0131sal b\u00fct\u00fcnl\u00fc\u011f\u00fcn\u00fc korumaya yard\u0131mc\u0131 olan bu g\u00fcne\u015flik, kuma\u015f, deri ve plastik y\u00fczeylerde UV kaynakl\u0131 bozulmalar\u0131 b\u00fcy\u00fck \u00f6l\u00e7\u00fcde engeller. Direksiyon, koltuk d\u00f6\u015femesi ve g\u00f6sterge paneli daha uzun s\u00fcre ilk g\u00fcnk\u00fc gibi kal\u0131r.Kullan\u0131m sonras\u0131 katland\u0131\u011f\u0131nda neredeyse yer kaplamaz ve ta\u015f\u0131ma \u00e7antas\u0131na kolayca yerle\u015ftirilir. Gerek \u015fehir i\u00e7i k\u0131sa mesafelerde, gerekse uzun yolculuklarda yan\u0131n\u0131zda bulundurmak i\u00e7in idealdir.Bu \u00fcr\u00fcn, yaln\u0131zca g\u00fcne\u015ften korunma de\u011fil, ayn\u0131 zamanda ara\u00e7 i\u00e7i konforu ve yak\u0131t verimlili\u011fini de art\u0131ran ak\u0131ll\u0131 bir yat\u0131r\u0131md\u0131r.<\/p>\n","protected":false},"excerpt":{"rendered":"<p>Bu \u015f\u0131k ve fonksiyonel oto g\u00fcne\u015fli\u011fi, metalize yans\u0131t\u0131c\u0131 y\u00fczeyi sayesinde g\u00fcne\u015fin zararl\u0131 \u0131\u015f\u0131nlar\u0131n\u0131 %99\u2019a varan oranlarda engeller. Arac\u0131n\u0131z\u0131n \u00f6n cam\u0131n\u0131 tam olarak kaplayarak i\u00e7 mekanda olu\u015facak s\u0131cak hava dalgalar\u0131n\u0131n \u00f6n\u00fcne ge\u00e7er.Geli\u015fmi\u015f yal\u0131t\u0131m i\u00e7in tasarlanm\u0131\u015f s\u00fcngerli i\u00e7 yap\u0131, g\u00fcne\u015f \u0131\u015f\u0131nlar\u0131n\u0131n i\u00e7eri ge\u00e7mesini engelleyerek maksimum yal\u0131t\u0131m sa\u011flar. B\u00f6ylece, g\u00fcne\u015f alt\u0131nda saatlerce kalan arac\u0131n\u0131z bile \u00e7ok daha serin&#8230;<\/p>\n","protected":false},"featured_media":117034,"comment_status":"open","ping_status":"closed","template":"","meta":{"_kad_post_transparent":"","_kad_post_title":"","_kad_post_layout":"","_kad_post_sidebar_id":"","_kad_post_content_style":"","_kad_post_vertical_padding":"","_kad_post_feature":"","_kad_post_feature_position":"","_kad_post_header":false,"_kad_post_footer":false,"_kad_post_classname":""},"product_brand":[],"product_cat":[14921],"product_tag":[],"class_list":{"0":"post-117035","1":"product","2":"type-product","3":"status-publish","4":"has-post-thumbnail","6":"product_cat-oto-guneslik-perde-oto-guneslik-perde-2","8":"first","9":"instock","10":"purchasable","11":"product-type-simple","12":"entry","13":"content-bg","14":"loop-entry"},"_links":{"self":[{"href":"https:\/\/www.hediyepazar.com\/index.php?rest_route=\/wp\/v2\/product\/117035","targetHints":{"allow":["GET"]}}],"collection":[{"href":"https:\/\/www.hediyepazar.com\/index.php?rest_route=\/wp\/v2\/product"}],"about":[{"href":"https:\/\/www.hediyepazar.com\/index.php?rest_route=\/wp\/v2\/types\/product"}],"replies":[{"embeddable":true,"href":"https:\/\/www.hediyepazar.com\/index.php?rest_route=%2Fwp%2Fv2%2Fcomments&post=117035"}],"wp:featuredmedia":[{"embeddable":true,"href":"https:\/\/www.hediyepazar.com\/index.php?rest_route=\/wp\/v2\/media\/117034"}],"wp:attachment":[{"href":"https:\/\/www.hediyepazar.com\/index.php?rest_route=%2Fwp%2Fv2%2Fmedia&parent=117035"}],"wp:term":[{"taxonomy":"product_brand","embeddable":true,"href":"https:\/\/www.hediyepazar.com\/index.php?rest_route=%2Fwp%2Fv2%2Fproduct_brand&post=117035"},{"taxonomy":"product_cat","embeddable":true,"href":"https:\/\/www.hediyepazar.com\/index.php?rest_route=%2Fwp%2Fv2%2Fproduct_cat&post=117035"},{"taxonomy":"product_tag","embeddable":true,"href":"https:\/\/www.hediyepazar.com\/index.php?rest_route=%2Fwp%2Fv2%2Fproduct_tag&post=117035"}],"curies":[{"name":"wp","href":"https:\/\/api.w.org\/{rel}","templated":true}]}}