{"id":117041,"date":"2026-05-05T18:46:17","date_gmt":"2026-05-05T21:46:17","guid":{"rendered":"https:\/\/www.hediyepazar.com\/?product=gelismis-yansiticili-katlanabilir-arac-gunesligi-aluminyum-sungerli-izolasyon-teknolojisi"},"modified":"2026-05-05T18:46:17","modified_gmt":"2026-05-05T21:46:17","slug":"gelismis-yansiticili-katlanabilir-arac-gunesligi-aluminyum-sungerli-izolasyon-teknolojisi","status":"publish","type":"product","link":"https:\/\/www.hediyepazar.com\/?product=gelismis-yansiticili-katlanabilir-arac-gunesligi-aluminyum-sungerli-izolasyon-teknolojisi","title":{"rendered":"Geli\u015fmi\u015f Yans\u0131t\u0131c\u0131l\u0131 Katlanabilir Ara\u00e7 G\u00fcne\u015fli\u011fi \u2013 Al\u00fcminyum &#038; S\u00fcngerli \u0130zolasyon Teknolojisi"},"content":{"rendered":"<p>Y\u00fcksek performansl\u0131 bu ara\u00e7 g\u00fcne\u015fli\u011fi, metalize reflekt\u00f6rl\u00fc al\u00fcminyum y\u00fczeyi sayesinde g\u00fcne\u015f \u0131\u015f\u0131nlar\u0131n\u0131 %99 oran\u0131nda engelleyerek arac\u0131n\u0131z\u0131n i\u00e7 s\u0131cakl\u0131\u011f\u0131n\u0131 b\u00fcy\u00fck \u00f6l\u00e7\u00fcde d\u00fc\u015f\u00fcr\u00fcr. \u00d6zellikle yaz aylar\u0131nda park halinde kalan ara\u00e7larda, i\u00e7 mek\u00e2n s\u0131cakl\u0131\u011f\u0131n\u0131n h\u0131zla y\u00fckselmesini \u00f6nler ve daha serin bir ortam sa\u011flar.G\u00fcne\u015fli havalarda UV \u0131\u015f\u0131nlar\u0131n\u0131n zararl\u0131 etkilerine kar\u015f\u0131 g\u00fc\u00e7l\u00fc koruma sa\u011flayan bu \u00fcr\u00fcn, ara\u00e7 i\u00e7indeki deri, plastik ve kuma\u015f y\u00fczeylerin zarar g\u00f6rmesini \u00f6nler. Direksiyon, g\u00f6sterge paneli, koltuk d\u00f6\u015femeleri ve di\u011fer i\u00e7 par\u00e7alar daha uzun \u00f6m\u00fcrl\u00fc kal\u0131r.\u00dcr\u00fcn\u00fcn i\u00e7 k\u0131sm\u0131nda yer alan s\u00fcnger destekli yap\u0131, ek izolasyon sa\u011flayarak g\u00fcne\u015fli g\u00fcnlerde bile ara\u00e7 i\u00e7indeki \u0131s\u0131 ge\u00e7i\u015fini minimize eder. Bu sayede, klimay\u0131 daha az \u00e7al\u0131\u015ft\u0131rarak hem yak\u0131t t\u00fcketimini azaltabilir, hem de daha \u00e7evreci bir s\u00fcr\u00fc\u015f deneyimi elde edebilirsiniz.Katlanabilir formu, kullan\u0131m kolayl\u0131\u011f\u0131 sunar. Saniyeler i\u00e7inde a\u00e7\u0131l\u0131r, kullan\u0131m sonras\u0131 ise zahmetsizce katlanarak \u00e7ok az yer kaplar. Torpido g\u00f6z\u00fcne, kap\u0131 cebi veya bagaja rahatl\u0131kla yerle\u015ftirilebilir.Paket i\u00e7eri\u011fi: 1 adet katlanabilir g\u00fcne\u015flikHer s\u00fcr\u00fcc\u00fcn\u00fcn yaz aylar\u0131nda ihtiya\u00e7 duyaca\u011f\u0131 pratik, dayan\u0131kl\u0131 ve koruyucu bir \u00e7\u00f6z\u00fcmd\u00fcr.<\/p>\n","protected":false},"excerpt":{"rendered":"<p>Y\u00fcksek performansl\u0131 bu ara\u00e7 g\u00fcne\u015fli\u011fi, metalize reflekt\u00f6rl\u00fc al\u00fcminyum y\u00fczeyi sayesinde g\u00fcne\u015f \u0131\u015f\u0131nlar\u0131n\u0131 %99 oran\u0131nda engelleyerek arac\u0131n\u0131z\u0131n i\u00e7 s\u0131cakl\u0131\u011f\u0131n\u0131 b\u00fcy\u00fck \u00f6l\u00e7\u00fcde d\u00fc\u015f\u00fcr\u00fcr. \u00d6zellikle yaz aylar\u0131nda park halinde kalan ara\u00e7larda, i\u00e7 mek\u00e2n s\u0131cakl\u0131\u011f\u0131n\u0131n h\u0131zla y\u00fckselmesini \u00f6nler ve daha serin bir ortam sa\u011flar.G\u00fcne\u015fli havalarda UV \u0131\u015f\u0131nlar\u0131n\u0131n zararl\u0131 etkilerine kar\u015f\u0131 g\u00fc\u00e7l\u00fc koruma sa\u011flayan bu \u00fcr\u00fcn, ara\u00e7 i\u00e7indeki deri, plastik&#8230;<\/p>\n","protected":false},"featured_media":117040,"comment_status":"open","ping_status":"closed","template":"","meta":{"_kad_post_transparent":"","_kad_post_title":"","_kad_post_layout":"","_kad_post_sidebar_id":"","_kad_post_content_style":"","_kad_post_vertical_padding":"","_kad_post_feature":"","_kad_post_feature_position":"","_kad_post_header":false,"_kad_post_footer":false,"_kad_post_classname":""},"product_brand":[],"product_cat":[14921],"product_tag":[],"class_list":{"0":"post-117041","1":"product","2":"type-product","3":"status-publish","4":"has-post-thumbnail","6":"product_cat-oto-guneslik-perde-oto-guneslik-perde-2","8":"first","9":"instock","10":"purchasable","11":"product-type-simple","12":"entry","13":"content-bg","14":"loop-entry"},"_links":{"self":[{"href":"https:\/\/www.hediyepazar.com\/index.php?rest_route=\/wp\/v2\/product\/117041","targetHints":{"allow":["GET"]}}],"collection":[{"href":"https:\/\/www.hediyepazar.com\/index.php?rest_route=\/wp\/v2\/product"}],"about":[{"href":"https:\/\/www.hediyepazar.com\/index.php?rest_route=\/wp\/v2\/types\/product"}],"replies":[{"embeddable":true,"href":"https:\/\/www.hediyepazar.com\/index.php?rest_route=%2Fwp%2Fv2%2Fcomments&post=117041"}],"wp:featuredmedia":[{"embeddable":true,"href":"https:\/\/www.hediyepazar.com\/index.php?rest_route=\/wp\/v2\/media\/117040"}],"wp:attachment":[{"href":"https:\/\/www.hediyepazar.com\/index.php?rest_route=%2Fwp%2Fv2%2Fmedia&parent=117041"}],"wp:term":[{"taxonomy":"product_brand","embeddable":true,"href":"https:\/\/www.hediyepazar.com\/index.php?rest_route=%2Fwp%2Fv2%2Fproduct_brand&post=117041"},{"taxonomy":"product_cat","embeddable":true,"href":"https:\/\/www.hediyepazar.com\/index.php?rest_route=%2Fwp%2Fv2%2Fproduct_cat&post=117041"},{"taxonomy":"product_tag","embeddable":true,"href":"https:\/\/www.hediyepazar.com\/index.php?rest_route=%2Fwp%2Fv2%2Fproduct_tag&post=117041"}],"curies":[{"name":"wp","href":"https:\/\/api.w.org\/{rel}","templated":true}]}}