{"id":117043,"date":"2026-05-05T18:47:00","date_gmt":"2026-05-05T21:47:00","guid":{"rendered":"https:\/\/www.hediyepazar.com\/?product=katlanabilir-oto-guneslik-pratik-dayanikli-uv-koruyucu-tasarim"},"modified":"2026-05-05T18:47:00","modified_gmt":"2026-05-05T21:47:00","slug":"katlanabilir-oto-guneslik-pratik-dayanikli-uv-koruyucu-tasarim","status":"publish","type":"product","link":"https:\/\/www.hediyepazar.com\/?product=katlanabilir-oto-guneslik-pratik-dayanikli-uv-koruyucu-tasarim","title":{"rendered":"Katlanabilir Oto G\u00fcne\u015flik \u2013 Pratik Dayan\u0131kl\u0131 UV Koruyucu Tasar\u0131m"},"content":{"rendered":"<p>Arac\u0131n\u0131z\u0131 s\u0131cak yaz g\u00fcnlerinde serin tutmak art\u0131k \u00e7ok kolay! 125&#215;65 cm \u00f6l\u00e7\u00fclerindeki bu katlanabilir g\u00fcne\u015flik, sedan, SUV ve hatchback ara\u00e7larla uyumlu olacak \u015fekilde tasarlanm\u0131\u015ft\u0131r. \u00d6n cam\u0131 tamamen kaplayarak maksimum koruma sa\u011flar.UV \u0131\u015f\u0131nlar\u0131na kar\u015f\u0131 geli\u015ftirilmi\u015f yans\u0131t\u0131c\u0131 y\u00fczeyi, g\u00fcne\u015fin zararl\u0131 etkilerini minimize eder. Arac\u0131n i\u00e7 y\u00fczeylerinin solmas\u0131n\u0131, \u00e7atlamas\u0131n\u0131 engeller ve malzemelerin \u00f6mr\u00fcn\u00fc uzat\u0131r.Y\u00fcksek kaliteli UPE ala\u015f\u0131m malzeme, \u00fcr\u00fcn\u00fcn uzun s\u00fcre sa\u011flam kalmas\u0131n\u0131 sa\u011flar. \u015eemsiye mekanizmas\u0131 sayesinde kullan\u0131m\u0131 olduk\u00e7a pratiktir. A\u00e7mak ve katlamak sadece birka\u00e7 saniye s\u00fcrer.Kullan\u0131m sonras\u0131, \u00f6zel saklama \u00e7antas\u0131na konularak kolayca ta\u015f\u0131nabilir. Kompakt formuyla ara\u00e7ta yer kaplamaz, her zaman elinizin alt\u0131nda olur.Ara\u00e7 i\u00e7inde hissedilen \u0131s\u0131y\u0131 ciddi \u00f6l\u00e7\u00fcde d\u00fc\u015f\u00fcr\u00fcr, klimaya olan ba\u011f\u0131ml\u0131l\u0131\u011f\u0131 azaltarak daha ekonomik bir s\u00fcr\u00fc\u015f sa\u011flar. Ayr\u0131ca \u00e7ocuklu aileler ve evcil hayvan sahipleri i\u00e7in de ekstra konfor sa\u011flar.Paket i\u00e7eri\u011fi: 1 adet katlanabilir g\u00fcne\u015flik, 1 adet saklama \u00e7antas\u0131Arac\u0131n\u0131z\u0131 korurken, yaz s\u0131caklar\u0131nda konforunuzu art\u0131ran ideal \u00e7\u00f6z\u00fcm.<\/p>\n","protected":false},"excerpt":{"rendered":"<p>Arac\u0131n\u0131z\u0131 s\u0131cak yaz g\u00fcnlerinde serin tutmak art\u0131k \u00e7ok kolay! 125&#215;65 cm \u00f6l\u00e7\u00fclerindeki bu katlanabilir g\u00fcne\u015flik, sedan, SUV ve hatchback ara\u00e7larla uyumlu olacak \u015fekilde tasarlanm\u0131\u015ft\u0131r. \u00d6n cam\u0131 tamamen kaplayarak maksimum koruma sa\u011flar.UV \u0131\u015f\u0131nlar\u0131na kar\u015f\u0131 geli\u015ftirilmi\u015f yans\u0131t\u0131c\u0131 y\u00fczeyi, g\u00fcne\u015fin zararl\u0131 etkilerini minimize eder. Arac\u0131n i\u00e7 y\u00fczeylerinin solmas\u0131n\u0131, \u00e7atlamas\u0131n\u0131 engeller ve malzemelerin \u00f6mr\u00fcn\u00fc uzat\u0131r.Y\u00fcksek kaliteli UPE ala\u015f\u0131m malzeme,&#8230;<\/p>\n","protected":false},"featured_media":117042,"comment_status":"open","ping_status":"closed","template":"","meta":{"_kad_post_transparent":"","_kad_post_title":"","_kad_post_layout":"","_kad_post_sidebar_id":"","_kad_post_content_style":"","_kad_post_vertical_padding":"","_kad_post_feature":"","_kad_post_feature_position":"","_kad_post_header":false,"_kad_post_footer":false,"_kad_post_classname":""},"product_brand":[],"product_cat":[14921],"product_tag":[],"class_list":{"0":"post-117043","1":"product","2":"type-product","3":"status-publish","4":"has-post-thumbnail","6":"product_cat-oto-guneslik-perde-oto-guneslik-perde-2","8":"first","9":"instock","10":"purchasable","11":"product-type-simple","12":"entry","13":"content-bg","14":"loop-entry"},"_links":{"self":[{"href":"https:\/\/www.hediyepazar.com\/index.php?rest_route=\/wp\/v2\/product\/117043","targetHints":{"allow":["GET"]}}],"collection":[{"href":"https:\/\/www.hediyepazar.com\/index.php?rest_route=\/wp\/v2\/product"}],"about":[{"href":"https:\/\/www.hediyepazar.com\/index.php?rest_route=\/wp\/v2\/types\/product"}],"replies":[{"embeddable":true,"href":"https:\/\/www.hediyepazar.com\/index.php?rest_route=%2Fwp%2Fv2%2Fcomments&post=117043"}],"wp:featuredmedia":[{"embeddable":true,"href":"https:\/\/www.hediyepazar.com\/index.php?rest_route=\/wp\/v2\/media\/117042"}],"wp:attachment":[{"href":"https:\/\/www.hediyepazar.com\/index.php?rest_route=%2Fwp%2Fv2%2Fmedia&parent=117043"}],"wp:term":[{"taxonomy":"product_brand","embeddable":true,"href":"https:\/\/www.hediyepazar.com\/index.php?rest_route=%2Fwp%2Fv2%2Fproduct_brand&post=117043"},{"taxonomy":"product_cat","embeddable":true,"href":"https:\/\/www.hediyepazar.com\/index.php?rest_route=%2Fwp%2Fv2%2Fproduct_cat&post=117043"},{"taxonomy":"product_tag","embeddable":true,"href":"https:\/\/www.hediyepazar.com\/index.php?rest_route=%2Fwp%2Fv2%2Fproduct_tag&post=117043"}],"curies":[{"name":"wp","href":"https:\/\/api.w.org\/{rel}","templated":true}]}}