{"id":117045,"date":"2026-05-05T18:47:06","date_gmt":"2026-05-05T21:47:06","guid":{"rendered":"https:\/\/www.hediyepazar.com\/?product=uv-korumali-semsiye-tipi-oto-gunesligi-genis-arac-uyumu"},"modified":"2026-05-05T18:47:06","modified_gmt":"2026-05-05T21:47:06","slug":"uv-korumali-semsiye-tipi-oto-gunesligi-genis-arac-uyumu","status":"publish","type":"product","link":"https:\/\/www.hediyepazar.com\/?product=uv-korumali-semsiye-tipi-oto-gunesligi-genis-arac-uyumu","title":{"rendered":"UV Korumal\u0131 \u015eemsiye Tipi Oto G\u00fcne\u015fli\u011fi &#8211; Geni\u015f Ara\u00e7 Uyumu"},"content":{"rendered":"<p>Yeni nesil katlanabilir g\u00fcne\u015flik, 125&#215;65 cm boyutlar\u0131 sayesinde farkl\u0131 ara\u00e7 tiplerine uygundur. Sedan, hatchback ve SUV\u2019larda g\u00fcvenle kullan\u0131labilir. Geni\u015f y\u00fczeyiyle \u00f6n cam\u0131 tamamen kapatarak maksimum koruma sa\u011flar.G\u00fcne\u015f \u0131\u015f\u0131\u011f\u0131n\u0131 yans\u0131tan \u00f6zel y\u00fczeyi, UV \u0131\u015f\u0131nlar\u0131n\u0131 bloke eder ve arac\u0131n i\u00e7 b\u00f6l\u00fcmlerinin solmas\u0131n\u0131, \u00e7atlamas\u0131n\u0131 \u00f6nler. Direksiyon, g\u00f6sterge paneli ve koltuk d\u00f6\u015femeleri uzun s\u00fcre yeni gibi kal\u0131r.UPE ala\u015f\u0131m malzeme ile g\u00fc\u00e7lendirilmi\u015f yap\u0131s\u0131, \u00fcr\u00fcne ekstra dayan\u0131kl\u0131l\u0131k kazand\u0131r\u0131r. G\u00fcndelik kullan\u0131ma uygun olan bu \u00fcr\u00fcn, bozulmadan defalarca a\u00e7\u0131l\u0131p kapanabilir.\u015eemsiye formundaki ergonomik tasar\u0131m\u0131 sayesinde saniyeler i\u00e7inde kurulup yine saniyeler i\u00e7inde toplanabilir. Katland\u0131\u011f\u0131nda ise \u00e7ok az yer kaplar ve \u00f6zel ta\u015f\u0131ma \u00e7antas\u0131nda muhafaza edilir.Ara\u00e7 i\u00e7i s\u0131cakl\u0131\u011f\u0131 hissedilir \u00f6l\u00e7\u00fcde d\u00fc\u015f\u00fcrerek s\u00fcr\u00fc\u015f konforunuzu art\u0131r\u0131r. Ayr\u0131ca, i\u00e7 mek\u00e2n\u0131n korunmas\u0131 ile birlikte klima y\u00fck\u00fcn\u00fc de hafifleterek yak\u0131t t\u00fcketimini azalt\u0131r.Paket i\u00e7eri\u011fi: Katlanabilir g\u00fcne\u015flik + ta\u015f\u0131ma \u00e7antas\u0131Konfor, koruma ve pratik kullan\u0131m bir arada.<\/p>\n","protected":false},"excerpt":{"rendered":"<p>Yeni nesil katlanabilir g\u00fcne\u015flik, 125&#215;65 cm boyutlar\u0131 sayesinde farkl\u0131 ara\u00e7 tiplerine uygundur. Sedan, hatchback ve SUV\u2019larda g\u00fcvenle kullan\u0131labilir. Geni\u015f y\u00fczeyiyle \u00f6n cam\u0131 tamamen kapatarak maksimum koruma sa\u011flar.G\u00fcne\u015f \u0131\u015f\u0131\u011f\u0131n\u0131 yans\u0131tan \u00f6zel y\u00fczeyi, UV \u0131\u015f\u0131nlar\u0131n\u0131 bloke eder ve arac\u0131n i\u00e7 b\u00f6l\u00fcmlerinin solmas\u0131n\u0131, \u00e7atlamas\u0131n\u0131 \u00f6nler. Direksiyon, g\u00f6sterge paneli ve koltuk d\u00f6\u015femeleri uzun s\u00fcre yeni gibi kal\u0131r.UPE ala\u015f\u0131m malzeme&#8230;<\/p>\n","protected":false},"featured_media":117044,"comment_status":"open","ping_status":"closed","template":"","meta":{"_kad_post_transparent":"","_kad_post_title":"","_kad_post_layout":"","_kad_post_sidebar_id":"","_kad_post_content_style":"","_kad_post_vertical_padding":"","_kad_post_feature":"","_kad_post_feature_position":"","_kad_post_header":false,"_kad_post_footer":false,"_kad_post_classname":""},"product_brand":[],"product_cat":[14921],"product_tag":[],"class_list":{"0":"post-117045","1":"product","2":"type-product","3":"status-publish","4":"has-post-thumbnail","6":"product_cat-oto-guneslik-perde-oto-guneslik-perde-2","8":"first","9":"instock","10":"purchasable","11":"product-type-simple","12":"entry","13":"content-bg","14":"loop-entry"},"_links":{"self":[{"href":"https:\/\/www.hediyepazar.com\/index.php?rest_route=\/wp\/v2\/product\/117045","targetHints":{"allow":["GET"]}}],"collection":[{"href":"https:\/\/www.hediyepazar.com\/index.php?rest_route=\/wp\/v2\/product"}],"about":[{"href":"https:\/\/www.hediyepazar.com\/index.php?rest_route=\/wp\/v2\/types\/product"}],"replies":[{"embeddable":true,"href":"https:\/\/www.hediyepazar.com\/index.php?rest_route=%2Fwp%2Fv2%2Fcomments&post=117045"}],"wp:featuredmedia":[{"embeddable":true,"href":"https:\/\/www.hediyepazar.com\/index.php?rest_route=\/wp\/v2\/media\/117044"}],"wp:attachment":[{"href":"https:\/\/www.hediyepazar.com\/index.php?rest_route=%2Fwp%2Fv2%2Fmedia&parent=117045"}],"wp:term":[{"taxonomy":"product_brand","embeddable":true,"href":"https:\/\/www.hediyepazar.com\/index.php?rest_route=%2Fwp%2Fv2%2Fproduct_brand&post=117045"},{"taxonomy":"product_cat","embeddable":true,"href":"https:\/\/www.hediyepazar.com\/index.php?rest_route=%2Fwp%2Fv2%2Fproduct_cat&post=117045"},{"taxonomy":"product_tag","embeddable":true,"href":"https:\/\/www.hediyepazar.com\/index.php?rest_route=%2Fwp%2Fv2%2Fproduct_tag&post=117045"}],"curies":[{"name":"wp","href":"https:\/\/api.w.org\/{rel}","templated":true}]}}