{"id":117061,"date":"2026-05-05T18:48:59","date_gmt":"2026-05-05T21:48:59","guid":{"rendered":"https:\/\/www.hediyepazar.com\/?product=isitmali-yogurma-masaj-aleti"},"modified":"2026-05-05T18:48:59","modified_gmt":"2026-05-05T21:48:59","slug":"isitmali-yogurma-masaj-aleti","status":"publish","type":"product","link":"https:\/\/www.hediyepazar.com\/?product=isitmali-yogurma-masaj-aleti","title":{"rendered":"Is\u0131tmal\u0131 Yo\u011furma Masaj Aleti"},"content":{"rendered":"<p>Geli\u015fmi\u015f teknoloji kullan\u0131larak tasarlanan bu masaj cihaz\u0131, yo\u011furma hareketi ve \u0131s\u0131y\u0131 otomatik olarak y\u00f6nlendirerek kaslar\u0131n\u0131za ayarlanabilir bir terapi uygular. Boyun, omuz, kulun\u00e7 ve s\u0131rt b\u00f6lgelerine rahatl\u0131kla uygulanabilir. Masaj s\u0131ras\u0131nda yay\u0131lan s\u0131cakl\u0131k, hem kaslar\u0131n gev\u015femesini sa\u011flar hem de lenf ve kan dola\u015f\u0131m\u0131n\u0131 destekler; b\u00f6ylelikle dokular aras\u0131 besin maddesi iletimi ve at\u0131klar\u0131n uzakla\u015ft\u0131r\u0131lmas\u0131 h\u0131zlan\u0131r. Fizyoterapi etkisine yak\u0131n bir masaj deneyimi ya\u015fat\u0131r. Masaj ba\u015fl\u0131klar\u0131n\u0131n \u00fc\u00e7 boyutlu \u00fcniform yap\u0131s\u0131, m\u00fcdahale gerektirmeyen bir cihaz sunar. Kullan\u0131m\u0131 rahat ve g\u00fcvenli olan cihaz a\u015f\u0131r\u0131 \u0131s\u0131nma koruma sistemiyle tasarlanm\u0131\u015ft\u0131r; belli bir s\u0131cakl\u0131\u011fa eri\u015fti\u011finde devreye girerek cihaz\u0131 koruma moduna al\u0131r. PU deri ve nefes alan kuma\u015f kaplamas\u0131yla hem hijyenik hem uzun \u00f6m\u00fcrl\u00fcd\u00fcr. Boyun \u015fal\u0131 formunda yap\u0131land\u0131\u011f\u0131 i\u00e7in cihaz v\u00fccudunuzu sararak daha etkili bir masaj deneyimi sa\u011flar.<\/p>\n","protected":false},"excerpt":{"rendered":"<p>Geli\u015fmi\u015f teknoloji kullan\u0131larak tasarlanan bu masaj cihaz\u0131, yo\u011furma hareketi ve \u0131s\u0131y\u0131 otomatik olarak y\u00f6nlendirerek kaslar\u0131n\u0131za ayarlanabilir bir terapi uygular. Boyun, omuz, kulun\u00e7 ve s\u0131rt b\u00f6lgelerine rahatl\u0131kla uygulanabilir. Masaj s\u0131ras\u0131nda yay\u0131lan s\u0131cakl\u0131k, hem kaslar\u0131n gev\u015femesini sa\u011flar hem de lenf ve kan dola\u015f\u0131m\u0131n\u0131 destekler; b\u00f6ylelikle dokular aras\u0131 besin maddesi iletimi ve at\u0131klar\u0131n uzakla\u015ft\u0131r\u0131lmas\u0131 h\u0131zlan\u0131r. Fizyoterapi etkisine yak\u0131n&#8230;<\/p>\n","protected":false},"featured_media":117060,"comment_status":"open","ping_status":"closed","template":"","meta":{"_kad_post_transparent":"","_kad_post_title":"","_kad_post_layout":"","_kad_post_sidebar_id":"","_kad_post_content_style":"","_kad_post_vertical_padding":"","_kad_post_feature":"","_kad_post_feature_position":"","_kad_post_header":false,"_kad_post_footer":false,"_kad_post_classname":""},"product_brand":[],"product_cat":[14939],"product_tag":[],"class_list":{"0":"post-117061","1":"product","2":"type-product","3":"status-publish","4":"has-post-thumbnail","6":"product_cat-masaj-cihazi-masaj-cihazi","8":"first","9":"instock","10":"purchasable","11":"product-type-simple","12":"entry","13":"content-bg","14":"loop-entry"},"_links":{"self":[{"href":"https:\/\/www.hediyepazar.com\/index.php?rest_route=\/wp\/v2\/product\/117061","targetHints":{"allow":["GET"]}}],"collection":[{"href":"https:\/\/www.hediyepazar.com\/index.php?rest_route=\/wp\/v2\/product"}],"about":[{"href":"https:\/\/www.hediyepazar.com\/index.php?rest_route=\/wp\/v2\/types\/product"}],"replies":[{"embeddable":true,"href":"https:\/\/www.hediyepazar.com\/index.php?rest_route=%2Fwp%2Fv2%2Fcomments&post=117061"}],"wp:featuredmedia":[{"embeddable":true,"href":"https:\/\/www.hediyepazar.com\/index.php?rest_route=\/wp\/v2\/media\/117060"}],"wp:attachment":[{"href":"https:\/\/www.hediyepazar.com\/index.php?rest_route=%2Fwp%2Fv2%2Fmedia&parent=117061"}],"wp:term":[{"taxonomy":"product_brand","embeddable":true,"href":"https:\/\/www.hediyepazar.com\/index.php?rest_route=%2Fwp%2Fv2%2Fproduct_brand&post=117061"},{"taxonomy":"product_cat","embeddable":true,"href":"https:\/\/www.hediyepazar.com\/index.php?rest_route=%2Fwp%2Fv2%2Fproduct_cat&post=117061"},{"taxonomy":"product_tag","embeddable":true,"href":"https:\/\/www.hediyepazar.com\/index.php?rest_route=%2Fwp%2Fv2%2Fproduct_tag&post=117061"}],"curies":[{"name":"wp","href":"https:\/\/api.w.org\/{rel}","templated":true}]}}