{"id":117099,"date":"2026-05-05T18:53:31","date_gmt":"2026-05-05T21:53:31","guid":{"rendered":"https:\/\/www.hediyepazar.com\/?product=power-delivery-destekli-38w-arac-tipi-hizli-sarj-cihazi"},"modified":"2026-05-05T18:53:31","modified_gmt":"2026-05-05T21:53:31","slug":"power-delivery-destekli-38w-arac-tipi-hizli-sarj-cihazi","status":"publish","type":"product","link":"https:\/\/www.hediyepazar.com\/?product=power-delivery-destekli-38w-arac-tipi-hizli-sarj-cihazi","title":{"rendered":"Power Delivery Destekli 38W Ara\u00e7 Tipi H\u0131zl\u0131 \u015earj Cihaz\u0131"},"content":{"rendered":"<p>Bu geli\u015fmi\u015f ara\u00e7 \u015farj cihaz\u0131, Power Delivery destekli Type-C portu sayesinde \u015farj teknolojisinde en g\u00fcncel ihtiya\u00e7lara yan\u0131t verir. USB ve Type-C olmak \u00fczere iki farkl\u0131 portla ayn\u0131 anda iki cihaz\u0131 destekleyebilir. Toplamda 38W g\u00fc\u00e7 kapasitesi ve 3A \u00e7\u0131k\u0131\u015f g\u00fcc\u00fcyle ak\u0131ll\u0131 telefonlardan tablet ve navigasyon cihazlar\u0131na kadar geni\u015f bir \u00fcr\u00fcn yelpazesinde y\u00fcksek performansl\u0131 \u015farj sunar.PD teknolojisiyle donat\u0131lm\u0131\u015f port, \u00e7ift y\u00f6nl\u00fc enerji aktar\u0131m\u0131 yapabilir. Bu sayede destekleyen iki cihaz birbirini otomatik olarak \u015farj edebilir. Hem g\u00fcvenli hem de verimli bir enerji transferi sunan bu cihaz, yolda ge\u00e7en her an\u0131 daha i\u015flevsel hale getirir. Uzun \u00f6m\u00fcrl\u00fc malzeme yap\u0131s\u0131 ve sade tasar\u0131m\u0131yla ara\u00e7 i\u00e7i aksesuarlar\u0131n\u0131z\u0131n g\u00fc\u00e7l\u00fc bir tamamlay\u0131c\u0131s\u0131 olur.<\/p>\n","protected":false},"excerpt":{"rendered":"<p>Bu geli\u015fmi\u015f ara\u00e7 \u015farj cihaz\u0131, Power Delivery destekli Type-C portu sayesinde \u015farj teknolojisinde en g\u00fcncel ihtiya\u00e7lara yan\u0131t verir. USB ve Type-C olmak \u00fczere iki farkl\u0131 portla ayn\u0131 anda iki cihaz\u0131 destekleyebilir. Toplamda 38W g\u00fc\u00e7 kapasitesi ve 3A \u00e7\u0131k\u0131\u015f g\u00fcc\u00fcyle ak\u0131ll\u0131 telefonlardan tablet ve navigasyon cihazlar\u0131na kadar geni\u015f bir \u00fcr\u00fcn yelpazesinde y\u00fcksek performansl\u0131 \u015farj sunar.PD teknolojisiyle&#8230;<\/p>\n","protected":false},"featured_media":117098,"comment_status":"open","ping_status":"closed","template":"","meta":{"_kad_post_transparent":"","_kad_post_title":"","_kad_post_layout":"","_kad_post_sidebar_id":"","_kad_post_content_style":"","_kad_post_vertical_padding":"","_kad_post_feature":"","_kad_post_feature_position":"","_kad_post_header":false,"_kad_post_footer":false,"_kad_post_classname":""},"product_brand":[],"product_cat":[14975],"product_tag":[],"class_list":{"0":"post-117099","1":"product","2":"type-product","3":"status-publish","4":"has-post-thumbnail","6":"product_cat-sarj-aletleri-sarj-aletleri","8":"first","9":"instock","10":"purchasable","11":"product-type-simple","12":"entry","13":"content-bg","14":"loop-entry"},"_links":{"self":[{"href":"https:\/\/www.hediyepazar.com\/index.php?rest_route=\/wp\/v2\/product\/117099","targetHints":{"allow":["GET"]}}],"collection":[{"href":"https:\/\/www.hediyepazar.com\/index.php?rest_route=\/wp\/v2\/product"}],"about":[{"href":"https:\/\/www.hediyepazar.com\/index.php?rest_route=\/wp\/v2\/types\/product"}],"replies":[{"embeddable":true,"href":"https:\/\/www.hediyepazar.com\/index.php?rest_route=%2Fwp%2Fv2%2Fcomments&post=117099"}],"wp:featuredmedia":[{"embeddable":true,"href":"https:\/\/www.hediyepazar.com\/index.php?rest_route=\/wp\/v2\/media\/117098"}],"wp:attachment":[{"href":"https:\/\/www.hediyepazar.com\/index.php?rest_route=%2Fwp%2Fv2%2Fmedia&parent=117099"}],"wp:term":[{"taxonomy":"product_brand","embeddable":true,"href":"https:\/\/www.hediyepazar.com\/index.php?rest_route=%2Fwp%2Fv2%2Fproduct_brand&post=117099"},{"taxonomy":"product_cat","embeddable":true,"href":"https:\/\/www.hediyepazar.com\/index.php?rest_route=%2Fwp%2Fv2%2Fproduct_cat&post=117099"},{"taxonomy":"product_tag","embeddable":true,"href":"https:\/\/www.hediyepazar.com\/index.php?rest_route=%2Fwp%2Fv2%2Fproduct_tag&post=117099"}],"curies":[{"name":"wp","href":"https:\/\/api.w.org\/{rel}","templated":true}]}}