{"id":117185,"date":"2026-05-05T19:09:12","date_gmt":"2026-05-05T22:09:12","guid":{"rendered":"https:\/\/www.hediyepazar.com\/?product=portatif-el-mikroskop-led-isikli-ayni-anda-net-odaklama"},"modified":"2026-05-05T19:09:12","modified_gmt":"2026-05-05T22:09:12","slug":"portatif-el-mikroskop-led-isikli-ayni-anda-net-odaklama","status":"publish","type":"product","link":"https:\/\/www.hediyepazar.com\/?product=portatif-el-mikroskop-led-isikli-ayni-anda-net-odaklama","title":{"rendered":"Portatif El Mikroskop \u2013 LED I\u015f\u0131kl\u0131 Ayn\u0131 Anda Net Odaklama"},"content":{"rendered":"<p>Bu LED \u0131\u015f\u0131kl\u0131 mini mikroskop, bilimsel ke\u015ffi d\u0131\u015f ortamlara ta\u015f\u0131yanlar i\u00e7in ideal bir se\u00e7imdir. Kompakt boyutu ve hafif yap\u0131s\u0131yla \u00e7antada kolayca ta\u015f\u0131nabilir, bu da onu do\u011fa gezileri, kamp, okul gezileri gibi etkinlikler i\u00e7in vazge\u00e7ilmez k\u0131lar. 80X-200X b\u00fcy\u00fctme g\u00fcc\u00fcyle b\u00f6cekler, bitkiler, ta\u015f y\u00fczeyleri gibi bir\u00e7ok do\u011fal yap\u0131y\u0131 incelemenizi sa\u011flar. Dayan\u0131kl\u0131 ABS plastik yap\u0131s\u0131 zorlu do\u011fa ko\u015fullar\u0131nda bile g\u00fcvenilir kullan\u0131m sunar. LED \u0131\u015f\u0131\u011f\u0131 sayesinde d\u00fc\u015f\u00fck \u0131\u015f\u0131kl\u0131 b\u00f6lgelerde bile g\u00f6zlem yapabilir, 0,01 saniyelik h\u0131zl\u0131 netlik ayar\u0131yla g\u00f6r\u00fcnt\u00fcy\u00fc ka\u00e7\u0131rmazs\u0131n\u0131z. G\u00fc\u00e7l\u00fc optik lensleri, \u00e7\u0131plak g\u00f6zle g\u00f6r\u00fclemeyen detaylar\u0131 yakalaman\u0131za olanak tan\u0131r. Hobi merakl\u0131lar\u0131, \u00f6\u011frenciler ve do\u011fa g\u00f6zlemcileri i\u00e7in olduk\u00e7a i\u015flevsel bir \u00fcr\u00fcnd\u00fcr.<\/p>\n","protected":false},"excerpt":{"rendered":"<p>Bu LED \u0131\u015f\u0131kl\u0131 mini mikroskop, bilimsel ke\u015ffi d\u0131\u015f ortamlara ta\u015f\u0131yanlar i\u00e7in ideal bir se\u00e7imdir. Kompakt boyutu ve hafif yap\u0131s\u0131yla \u00e7antada kolayca ta\u015f\u0131nabilir, bu da onu do\u011fa gezileri, kamp, okul gezileri gibi etkinlikler i\u00e7in vazge\u00e7ilmez k\u0131lar. 80X-200X b\u00fcy\u00fctme g\u00fcc\u00fcyle b\u00f6cekler, bitkiler, ta\u015f y\u00fczeyleri gibi bir\u00e7ok do\u011fal yap\u0131y\u0131 incelemenizi sa\u011flar. Dayan\u0131kl\u0131 ABS plastik yap\u0131s\u0131 zorlu do\u011fa ko\u015fullar\u0131nda&#8230;<\/p>\n","protected":false},"featured_media":117184,"comment_status":"open","ping_status":"closed","template":"","meta":{"_kad_post_transparent":"","_kad_post_title":"","_kad_post_layout":"","_kad_post_sidebar_id":"","_kad_post_content_style":"","_kad_post_vertical_padding":"","_kad_post_feature":"","_kad_post_feature_position":"","_kad_post_header":false,"_kad_post_footer":false,"_kad_post_classname":""},"product_brand":[],"product_cat":[15090],"product_tag":[],"class_list":{"0":"post-117185","1":"product","2":"type-product","3":"status-publish","4":"has-post-thumbnail","6":"product_cat-cocuk-oyuncak-cocuk-oyuncak","8":"first","9":"instock","10":"purchasable","11":"product-type-simple","12":"entry","13":"content-bg","14":"loop-entry"},"_links":{"self":[{"href":"https:\/\/www.hediyepazar.com\/index.php?rest_route=\/wp\/v2\/product\/117185","targetHints":{"allow":["GET"]}}],"collection":[{"href":"https:\/\/www.hediyepazar.com\/index.php?rest_route=\/wp\/v2\/product"}],"about":[{"href":"https:\/\/www.hediyepazar.com\/index.php?rest_route=\/wp\/v2\/types\/product"}],"replies":[{"embeddable":true,"href":"https:\/\/www.hediyepazar.com\/index.php?rest_route=%2Fwp%2Fv2%2Fcomments&post=117185"}],"wp:featuredmedia":[{"embeddable":true,"href":"https:\/\/www.hediyepazar.com\/index.php?rest_route=\/wp\/v2\/media\/117184"}],"wp:attachment":[{"href":"https:\/\/www.hediyepazar.com\/index.php?rest_route=%2Fwp%2Fv2%2Fmedia&parent=117185"}],"wp:term":[{"taxonomy":"product_brand","embeddable":true,"href":"https:\/\/www.hediyepazar.com\/index.php?rest_route=%2Fwp%2Fv2%2Fproduct_brand&post=117185"},{"taxonomy":"product_cat","embeddable":true,"href":"https:\/\/www.hediyepazar.com\/index.php?rest_route=%2Fwp%2Fv2%2Fproduct_cat&post=117185"},{"taxonomy":"product_tag","embeddable":true,"href":"https:\/\/www.hediyepazar.com\/index.php?rest_route=%2Fwp%2Fv2%2Fproduct_tag&post=117185"}],"curies":[{"name":"wp","href":"https:\/\/api.w.org\/{rel}","templated":true}]}}