{"id":117197,"date":"2026-05-05T19:11:21","date_gmt":"2026-05-05T22:11:21","guid":{"rendered":"https:\/\/www.hediyepazar.com\/?product=sebze-dograma-ve-rendeleme-icin-pratik-mutfak-aparati"},"modified":"2026-05-05T19:11:21","modified_gmt":"2026-05-05T22:11:21","slug":"sebze-dograma-ve-rendeleme-icin-pratik-mutfak-aparati","status":"publish","type":"product","link":"https:\/\/www.hediyepazar.com\/?product=sebze-dograma-ve-rendeleme-icin-pratik-mutfak-aparati","title":{"rendered":"Sebze Do\u011frama ve Rendeleme \u0130\u00e7in Pratik Mutfak Aparat\u0131"},"content":{"rendered":"<p>&nbsp;&nbsp;Mutfakta zaman kazanmak isteyen herkesin ihtiya\u00e7 duyaca\u011f\u0131 pratik bir yard\u0131mc\u0131 olan bu rende ve dilimleyici seti, \u00e7ok y\u00f6nl\u00fc kullan\u0131m imkan\u0131 sunar. D\u00f6ner mekanizmas\u0131 sayesinde farkl\u0131 b\u0131\u00e7ak t\u00fcrleri aras\u0131nda kolayca ge\u00e7i\u015f yap\u0131labilir. Sebzeleri ister ince ister kal\u0131n rendeleyebilir, yuvarlak ya da \u015ferit \u015feklinde dilimleyebilirsiniz. Hazneli yap\u0131s\u0131 sayesinde do\u011frad\u0131\u011f\u0131n\u0131z malzemeler do\u011frudan i\u00e7inde toplan\u0131r. Alt k\u0131sm\u0131nda bulunan s\u00fczge\u00e7 \u00f6zelli\u011fi, y\u0131kanan sebzelerin suyunu kolayca bo\u015faltman\u0131za imkan verir. Kaymaz taban\u0131 ve el koruma aparat\u0131 sayesinde hem g\u00fcvenli hem de konforlu bir kullan\u0131m sunar.<\/p>\n","protected":false},"excerpt":{"rendered":"<p>&nbsp;&nbsp;Mutfakta zaman kazanmak isteyen herkesin ihtiya\u00e7 duyaca\u011f\u0131 pratik bir yard\u0131mc\u0131 olan bu rende ve dilimleyici seti, \u00e7ok y\u00f6nl\u00fc kullan\u0131m imkan\u0131 sunar. D\u00f6ner mekanizmas\u0131 sayesinde farkl\u0131 b\u0131\u00e7ak t\u00fcrleri aras\u0131nda kolayca ge\u00e7i\u015f yap\u0131labilir. Sebzeleri ister ince ister kal\u0131n rendeleyebilir, yuvarlak ya da \u015ferit \u015feklinde dilimleyebilirsiniz. Hazneli yap\u0131s\u0131 sayesinde do\u011frad\u0131\u011f\u0131n\u0131z malzemeler do\u011frudan i\u00e7inde toplan\u0131r. Alt k\u0131sm\u0131nda bulunan s\u00fczge\u00e7&#8230;<\/p>\n","protected":false},"featured_media":117196,"comment_status":"open","ping_status":"closed","template":"","meta":{"_kad_post_transparent":"","_kad_post_title":"","_kad_post_layout":"","_kad_post_sidebar_id":"","_kad_post_content_style":"","_kad_post_vertical_padding":"","_kad_post_feature":"","_kad_post_feature_position":"","_kad_post_header":false,"_kad_post_footer":false,"_kad_post_classname":""},"product_brand":[],"product_cat":[15068],"product_tag":[],"class_list":{"0":"post-117197","1":"product","2":"type-product","3":"status-publish","4":"has-post-thumbnail","6":"product_cat-pratik-mutfak-gerecleri-pratik-mutfak-gerecleri-2","8":"first","9":"instock","10":"purchasable","11":"product-type-simple","12":"entry","13":"content-bg","14":"loop-entry"},"_links":{"self":[{"href":"https:\/\/www.hediyepazar.com\/index.php?rest_route=\/wp\/v2\/product\/117197","targetHints":{"allow":["GET"]}}],"collection":[{"href":"https:\/\/www.hediyepazar.com\/index.php?rest_route=\/wp\/v2\/product"}],"about":[{"href":"https:\/\/www.hediyepazar.com\/index.php?rest_route=\/wp\/v2\/types\/product"}],"replies":[{"embeddable":true,"href":"https:\/\/www.hediyepazar.com\/index.php?rest_route=%2Fwp%2Fv2%2Fcomments&post=117197"}],"wp:featuredmedia":[{"embeddable":true,"href":"https:\/\/www.hediyepazar.com\/index.php?rest_route=\/wp\/v2\/media\/117196"}],"wp:attachment":[{"href":"https:\/\/www.hediyepazar.com\/index.php?rest_route=%2Fwp%2Fv2%2Fmedia&parent=117197"}],"wp:term":[{"taxonomy":"product_brand","embeddable":true,"href":"https:\/\/www.hediyepazar.com\/index.php?rest_route=%2Fwp%2Fv2%2Fproduct_brand&post=117197"},{"taxonomy":"product_cat","embeddable":true,"href":"https:\/\/www.hediyepazar.com\/index.php?rest_route=%2Fwp%2Fv2%2Fproduct_cat&post=117197"},{"taxonomy":"product_tag","embeddable":true,"href":"https:\/\/www.hediyepazar.com\/index.php?rest_route=%2Fwp%2Fv2%2Fproduct_tag&post=117197"}],"curies":[{"name":"wp","href":"https:\/\/api.w.org\/{rel}","templated":true}]}}