{"id":117203,"date":"2026-05-05T19:11:38","date_gmt":"2026-05-05T22:11:38","guid":{"rendered":"https:\/\/www.hediyepazar.com\/?product=dilimleyici-ve-rende-bicakli-cok-amacli-mutfak-aleti"},"modified":"2026-05-05T19:11:38","modified_gmt":"2026-05-05T22:11:38","slug":"dilimleyici-ve-rende-bicakli-cok-amacli-mutfak-aleti","status":"publish","type":"product","link":"https:\/\/www.hediyepazar.com\/?product=dilimleyici-ve-rende-bicakli-cok-amacli-mutfak-aleti","title":{"rendered":"Dilimleyici ve Rende B\u0131\u00e7akl\u0131 \u00c7ok Ama\u00e7l\u0131 Mutfak Aleti"},"content":{"rendered":"<p>Mutfakta zaman\u0131 en verimli \u015fekilde kullanman\u0131z\u0131 sa\u011flayacak bu 5 Fonksiyonlu D\u00f6ner S\u00fczge\u00e7li Rende Do\u011fray\u0131c\u0131, sebze ve meyve haz\u0131rlama i\u015flerinizi b\u00fcy\u00fck \u00f6l\u00e7\u00fcde kolayla\u015ft\u0131r\u0131r. 5 farkl\u0131 b\u0131\u00e7ak sayesinde rendeleme, dilimleme ve \u015ferit do\u011frama i\u015flemlerini zahmetsizce yapabilirsiniz.Kullan\u0131m\u0131 son derece pratik olan bu \u00fcr\u00fcn\u00fcn d\u00f6ner haznesi ve s\u00fczge\u00e7li alt kab\u0131 sayesinde hem haz\u0131rl\u0131k hem temizlik s\u00fcresi k\u0131sal\u0131r. Rendeledi\u011finiz yiyeceklerin alt haznede birikmesi sayesinde mutfa\u011f\u0131n\u0131z daha d\u00fczenli kal\u0131r, su tahliyesi kolayl\u0131kla yap\u0131l\u0131r.<\/p>\n","protected":false},"excerpt":{"rendered":"<p>Mutfakta zaman\u0131 en verimli \u015fekilde kullanman\u0131z\u0131 sa\u011flayacak bu 5 Fonksiyonlu D\u00f6ner S\u00fczge\u00e7li Rende Do\u011fray\u0131c\u0131, sebze ve meyve haz\u0131rlama i\u015flerinizi b\u00fcy\u00fck \u00f6l\u00e7\u00fcde kolayla\u015ft\u0131r\u0131r. 5 farkl\u0131 b\u0131\u00e7ak sayesinde rendeleme, dilimleme ve \u015ferit do\u011frama i\u015flemlerini zahmetsizce yapabilirsiniz.Kullan\u0131m\u0131 son derece pratik olan bu \u00fcr\u00fcn\u00fcn d\u00f6ner haznesi ve s\u00fczge\u00e7li alt kab\u0131 sayesinde hem haz\u0131rl\u0131k hem temizlik s\u00fcresi k\u0131sal\u0131r. Rendeledi\u011finiz yiyeceklerin&#8230;<\/p>\n","protected":false},"featured_media":117202,"comment_status":"open","ping_status":"closed","template":"","meta":{"_kad_post_transparent":"","_kad_post_title":"","_kad_post_layout":"","_kad_post_sidebar_id":"","_kad_post_content_style":"","_kad_post_vertical_padding":"","_kad_post_feature":"","_kad_post_feature_position":"","_kad_post_header":false,"_kad_post_footer":false,"_kad_post_classname":""},"product_brand":[],"product_cat":[15068],"product_tag":[],"class_list":{"0":"post-117203","1":"product","2":"type-product","3":"status-publish","4":"has-post-thumbnail","6":"product_cat-pratik-mutfak-gerecleri-pratik-mutfak-gerecleri-2","8":"first","9":"instock","10":"purchasable","11":"product-type-simple","12":"entry","13":"content-bg","14":"loop-entry"},"_links":{"self":[{"href":"https:\/\/www.hediyepazar.com\/index.php?rest_route=\/wp\/v2\/product\/117203","targetHints":{"allow":["GET"]}}],"collection":[{"href":"https:\/\/www.hediyepazar.com\/index.php?rest_route=\/wp\/v2\/product"}],"about":[{"href":"https:\/\/www.hediyepazar.com\/index.php?rest_route=\/wp\/v2\/types\/product"}],"replies":[{"embeddable":true,"href":"https:\/\/www.hediyepazar.com\/index.php?rest_route=%2Fwp%2Fv2%2Fcomments&post=117203"}],"wp:featuredmedia":[{"embeddable":true,"href":"https:\/\/www.hediyepazar.com\/index.php?rest_route=\/wp\/v2\/media\/117202"}],"wp:attachment":[{"href":"https:\/\/www.hediyepazar.com\/index.php?rest_route=%2Fwp%2Fv2%2Fmedia&parent=117203"}],"wp:term":[{"taxonomy":"product_brand","embeddable":true,"href":"https:\/\/www.hediyepazar.com\/index.php?rest_route=%2Fwp%2Fv2%2Fproduct_brand&post=117203"},{"taxonomy":"product_cat","embeddable":true,"href":"https:\/\/www.hediyepazar.com\/index.php?rest_route=%2Fwp%2Fv2%2Fproduct_cat&post=117203"},{"taxonomy":"product_tag","embeddable":true,"href":"https:\/\/www.hediyepazar.com\/index.php?rest_route=%2Fwp%2Fv2%2Fproduct_tag&post=117203"}],"curies":[{"name":"wp","href":"https:\/\/api.w.org\/{rel}","templated":true}]}}