{"id":117215,"date":"2026-05-05T19:12:13","date_gmt":"2026-05-05T22:12:13","guid":{"rendered":"https:\/\/www.hediyepazar.com\/?product=ta-01-2-0-inc-ekranli-3-kanalli-arac-kamerasi"},"modified":"2026-05-05T19:12:13","modified_gmt":"2026-05-05T22:12:13","slug":"ta-01-2-0-inc-ekranli-3-kanalli-arac-kamerasi","status":"publish","type":"product","link":"https:\/\/www.hediyepazar.com\/?product=ta-01-2-0-inc-ekranli-3-kanalli-arac-kamerasi","title":{"rendered":"TA-01 2.0 \u0130n\u00e7 Ekranl\u0131 3 Kanall\u0131 Ara\u00e7 Kameras\u0131"},"content":{"rendered":"<p>TA-01, tek bir sistemle t\u00fcm arac\u0131n\u0131z\u0131 g\u00f6zetim alt\u0131na al\u0131r. \u00dc\u00e7 kameral\u0131 sistem, t\u00fcm s\u00fcr\u00fc\u015f boyunca \u00e7evrenizdeki olaylar\u0131 kaydederek olas\u0131 riskleri en aza indirir.Full HD 1080P \u00f6n kamera ve HD 720P i\u00e7-arka kameralar, her detay\u0131n y\u00fcksek \u00e7\u00f6z\u00fcn\u00fcrl\u00fckte g\u00f6r\u00fcnmesini sa\u011flar.Gece g\u00f6r\u00fc\u015f fonksiyonu, zifiri karanl\u0131kta dahi yolu net g\u00f6rmenize yard\u0131mc\u0131 olur.170\u00b0 geni\u015f a\u00e7\u0131l\u0131 lens, s\u00fcr\u00fc\u015f s\u0131ras\u0131nda size ekstra fark\u0131ndal\u0131k kazand\u0131r\u0131r.G-sens\u00f6r, darbeleri alg\u0131layarak kritik anlar\u0131 otomatik korumaya al\u0131r.Hareket alg\u0131lama, park halindeki arac\u0131 aktif bi\u00e7imde korur.2 in\u00e7lik ekran, t\u00fcm kay\u0131tlar\u0131 kolayca izlemenizi sa\u011flar.Micro SD kart deste\u011fiyle (32 GB) uzun s\u00fcreli kay\u0131t m\u00fcmk\u00fcnd\u00fcr.Suya ve toza dayan\u0131kl\u0131 yap\u0131, cihaz\u0131n \u00f6mr\u00fcn\u00fc uzat\u0131r.<\/p>\n","protected":false},"excerpt":{"rendered":"<p>TA-01, tek bir sistemle t\u00fcm arac\u0131n\u0131z\u0131 g\u00f6zetim alt\u0131na al\u0131r. \u00dc\u00e7 kameral\u0131 sistem, t\u00fcm s\u00fcr\u00fc\u015f boyunca \u00e7evrenizdeki olaylar\u0131 kaydederek olas\u0131 riskleri en aza indirir.Full HD 1080P \u00f6n kamera ve HD 720P i\u00e7-arka kameralar, her detay\u0131n y\u00fcksek \u00e7\u00f6z\u00fcn\u00fcrl\u00fckte g\u00f6r\u00fcnmesini sa\u011flar.Gece g\u00f6r\u00fc\u015f fonksiyonu, zifiri karanl\u0131kta dahi yolu net g\u00f6rmenize yard\u0131mc\u0131 olur.170\u00b0 geni\u015f a\u00e7\u0131l\u0131 lens, s\u00fcr\u00fc\u015f s\u0131ras\u0131nda size ekstra&#8230;<\/p>\n","protected":false},"featured_media":117214,"comment_status":"open","ping_status":"closed","template":"","meta":{"_kad_post_transparent":"","_kad_post_title":"","_kad_post_layout":"","_kad_post_sidebar_id":"","_kad_post_content_style":"","_kad_post_vertical_padding":"","_kad_post_feature":"","_kad_post_feature_position":"","_kad_post_header":false,"_kad_post_footer":false,"_kad_post_classname":""},"product_brand":[],"product_cat":[15062],"product_tag":[],"class_list":{"0":"post-117215","1":"product","2":"type-product","3":"status-publish","4":"has-post-thumbnail","6":"product_cat-arac-ici-kamera-arac-ici-kamera","8":"first","9":"instock","10":"purchasable","11":"product-type-simple","12":"entry","13":"content-bg","14":"loop-entry"},"_links":{"self":[{"href":"https:\/\/www.hediyepazar.com\/index.php?rest_route=\/wp\/v2\/product\/117215","targetHints":{"allow":["GET"]}}],"collection":[{"href":"https:\/\/www.hediyepazar.com\/index.php?rest_route=\/wp\/v2\/product"}],"about":[{"href":"https:\/\/www.hediyepazar.com\/index.php?rest_route=\/wp\/v2\/types\/product"}],"replies":[{"embeddable":true,"href":"https:\/\/www.hediyepazar.com\/index.php?rest_route=%2Fwp%2Fv2%2Fcomments&post=117215"}],"wp:featuredmedia":[{"embeddable":true,"href":"https:\/\/www.hediyepazar.com\/index.php?rest_route=\/wp\/v2\/media\/117214"}],"wp:attachment":[{"href":"https:\/\/www.hediyepazar.com\/index.php?rest_route=%2Fwp%2Fv2%2Fmedia&parent=117215"}],"wp:term":[{"taxonomy":"product_brand","embeddable":true,"href":"https:\/\/www.hediyepazar.com\/index.php?rest_route=%2Fwp%2Fv2%2Fproduct_brand&post=117215"},{"taxonomy":"product_cat","embeddable":true,"href":"https:\/\/www.hediyepazar.com\/index.php?rest_route=%2Fwp%2Fv2%2Fproduct_cat&post=117215"},{"taxonomy":"product_tag","embeddable":true,"href":"https:\/\/www.hediyepazar.com\/index.php?rest_route=%2Fwp%2Fv2%2Fproduct_tag&post=117215"}],"curies":[{"name":"wp","href":"https:\/\/api.w.org\/{rel}","templated":true}]}}