{"id":117223,"date":"2026-05-05T19:14:11","date_gmt":"2026-05-05T22:14:11","guid":{"rendered":"https:\/\/www.hediyepazar.com\/?product=vnb-01-u-tipi-ergonomik-boyun-masaj-cihazi"},"modified":"2026-05-05T19:14:11","modified_gmt":"2026-05-05T22:14:11","slug":"vnb-01-u-tipi-ergonomik-boyun-masaj-cihazi","status":"publish","type":"product","link":"https:\/\/www.hediyepazar.com\/?product=vnb-01-u-tipi-ergonomik-boyun-masaj-cihazi","title":{"rendered":"VNB-01 U Tipi Ergonomik Boyun Masaj Cihaz\u0131"},"content":{"rendered":"<p>Modern ya\u015fam\u0131n temposu omuzlar\u0131m\u0131za y\u00fck bindiriyor. VNB-01, bu y\u00fck\u00fc hafifletmek i\u00e7in geli\u015ftirilmi\u015f, profesyonel etkili bir masaj cihaz\u0131d\u0131r.Boyun, s\u0131rt, bel ve bacaklarda kullan\u0131labilen U \u015feklindeki tasar\u0131m\u0131, v\u00fccudu tamamen sararak etkili sonu\u00e7lar sunar.Yo\u011furma ve titre\u015fim kombinasyonu, cihaz\u0131n hem y\u00fczeysel hem derin kas gruplar\u0131na ula\u015fmas\u0131n\u0131 sa\u011flar. Is\u0131 terapisi, bu etkileri peki\u015ftirir.Farkl\u0131 mod ve h\u0131z ayarlar\u0131, cihaz\u0131n ki\u015fisel kullan\u0131m ihtiya\u00e7lar\u0131na g\u00f6re uyarlanmas\u0131n\u0131 sa\u011flar.Kolay ta\u015f\u0131nabilirli\u011fi, her ortamda kullan\u0131m kolayl\u0131\u011f\u0131 sunar. Masaj yaparken ellerinizi kullanman\u0131za gerek kalmaz; ask\u0131l\u0131 tasar\u0131m\u0131 sayesinde cihaz sabit durur.Y\u00fcksek kaliteli ABS d\u0131\u015f g\u00f6vde, uzun \u00f6m\u00fcrl\u00fc kullan\u0131m sunarken \u015f\u0131k gri rengi estetik bir g\u00f6r\u00fcn\u00fcm sa\u011flar.USB ile \u015farj edilen 1800 mAh batarya, uzun s\u00fcreli \u00e7al\u0131\u015fma performans\u0131 sunar. Kontrol paneli \u00fczerinden t\u00fcm i\u015flevler tek tu\u015fla y\u00f6netilebilir.&nbsp;<\/p>\n","protected":false},"excerpt":{"rendered":"<p>Modern ya\u015fam\u0131n temposu omuzlar\u0131m\u0131za y\u00fck bindiriyor. VNB-01, bu y\u00fck\u00fc hafifletmek i\u00e7in geli\u015ftirilmi\u015f, profesyonel etkili bir masaj cihaz\u0131d\u0131r.Boyun, s\u0131rt, bel ve bacaklarda kullan\u0131labilen U \u015feklindeki tasar\u0131m\u0131, v\u00fccudu tamamen sararak etkili sonu\u00e7lar sunar.Yo\u011furma ve titre\u015fim kombinasyonu, cihaz\u0131n hem y\u00fczeysel hem derin kas gruplar\u0131na ula\u015fmas\u0131n\u0131 sa\u011flar. Is\u0131 terapisi, bu etkileri peki\u015ftirir.Farkl\u0131 mod ve h\u0131z ayarlar\u0131, cihaz\u0131n ki\u015fisel kullan\u0131m&#8230;<\/p>\n","protected":false},"featured_media":117222,"comment_status":"open","ping_status":"closed","template":"","meta":{"_kad_post_transparent":"","_kad_post_title":"","_kad_post_layout":"","_kad_post_sidebar_id":"","_kad_post_content_style":"","_kad_post_vertical_padding":"","_kad_post_feature":"","_kad_post_feature_position":"","_kad_post_header":false,"_kad_post_footer":false,"_kad_post_classname":""},"product_brand":[],"product_cat":[14939],"product_tag":[],"class_list":{"0":"post-117223","1":"product","2":"type-product","3":"status-publish","4":"has-post-thumbnail","6":"product_cat-masaj-cihazi-masaj-cihazi","8":"first","9":"instock","10":"purchasable","11":"product-type-simple","12":"entry","13":"content-bg","14":"loop-entry"},"_links":{"self":[{"href":"https:\/\/www.hediyepazar.com\/index.php?rest_route=\/wp\/v2\/product\/117223","targetHints":{"allow":["GET"]}}],"collection":[{"href":"https:\/\/www.hediyepazar.com\/index.php?rest_route=\/wp\/v2\/product"}],"about":[{"href":"https:\/\/www.hediyepazar.com\/index.php?rest_route=\/wp\/v2\/types\/product"}],"replies":[{"embeddable":true,"href":"https:\/\/www.hediyepazar.com\/index.php?rest_route=%2Fwp%2Fv2%2Fcomments&post=117223"}],"wp:featuredmedia":[{"embeddable":true,"href":"https:\/\/www.hediyepazar.com\/index.php?rest_route=\/wp\/v2\/media\/117222"}],"wp:attachment":[{"href":"https:\/\/www.hediyepazar.com\/index.php?rest_route=%2Fwp%2Fv2%2Fmedia&parent=117223"}],"wp:term":[{"taxonomy":"product_brand","embeddable":true,"href":"https:\/\/www.hediyepazar.com\/index.php?rest_route=%2Fwp%2Fv2%2Fproduct_brand&post=117223"},{"taxonomy":"product_cat","embeddable":true,"href":"https:\/\/www.hediyepazar.com\/index.php?rest_route=%2Fwp%2Fv2%2Fproduct_cat&post=117223"},{"taxonomy":"product_tag","embeddable":true,"href":"https:\/\/www.hediyepazar.com\/index.php?rest_route=%2Fwp%2Fv2%2Fproduct_tag&post=117223"}],"curies":[{"name":"wp","href":"https:\/\/api.w.org\/{rel}","templated":true}]}}