{"id":117313,"date":"2026-05-05T19:30:21","date_gmt":"2026-05-05T22:30:21","guid":{"rendered":"https:\/\/www.hediyepazar.com\/?product=360-donuslu-su-akisi-basligi-4u-1-arada-kullanim"},"modified":"2026-05-05T19:30:21","modified_gmt":"2026-05-05T22:30:21","slug":"360-donuslu-su-akisi-basligi-4u-1-arada-kullanim","status":"publish","type":"product","link":"https:\/\/www.hediyepazar.com\/?product=360-donuslu-su-akisi-basligi-4u-1-arada-kullanim","title":{"rendered":"360\u00b0 D\u00f6n\u00fc\u015fl\u00fc Su Ak\u0131\u015f\u0131 Ba\u015fl\u0131\u011f\u0131 | 4&#8217;\u00fc 1 Arada Kullan\u0131m"},"content":{"rendered":"<p>Suyu sadece ak\u0131tmak de\u011fil, ak\u0131ll\u0131ca y\u00f6nlendirmek isteyenler i\u00e7in geli\u015ftirilen bu 4\u2019\u00fc 1 arada musluk ba\u015fl\u0131\u011f\u0131; g\u00fcnl\u00fck kullan\u0131mda hem hijyenik hem de tasarruflu \u00e7\u00f6z\u00fcmler sunar. \u015eelale gibi g\u00fc\u00e7l\u00fc ak\u0131\u015ftan hassas kabarc\u0131k moduna kadar d\u00f6rt farkl\u0131 su ak\u0131\u015f\u0131 ile farkl\u0131 ihtiya\u00e7lara cevap verir. Kolay kurulumu sayesinde herkesin rahatl\u0131kla monte edebilece\u011fi bu ba\u015fl\u0131k, sa\u011flam yap\u0131s\u0131 ve zarif tasar\u0131m\u0131yla mutfak ve banyonuzun vazge\u00e7ilmezi olacak. D\u00f6n\u00fc\u015f \u00f6zelli\u011fi ve kolay ge\u00e7i\u015f mekanizmas\u0131 ile suyu diledi\u011finiz gibi y\u00f6netin.&nbsp;&nbsp;<\/p>\n","protected":false},"excerpt":{"rendered":"<p>Suyu sadece ak\u0131tmak de\u011fil, ak\u0131ll\u0131ca y\u00f6nlendirmek isteyenler i\u00e7in geli\u015ftirilen bu 4\u2019\u00fc 1 arada musluk ba\u015fl\u0131\u011f\u0131; g\u00fcnl\u00fck kullan\u0131mda hem hijyenik hem de tasarruflu \u00e7\u00f6z\u00fcmler sunar. \u015eelale gibi g\u00fc\u00e7l\u00fc ak\u0131\u015ftan hassas kabarc\u0131k moduna kadar d\u00f6rt farkl\u0131 su ak\u0131\u015f\u0131 ile farkl\u0131 ihtiya\u00e7lara cevap verir. Kolay kurulumu sayesinde herkesin rahatl\u0131kla monte edebilece\u011fi bu ba\u015fl\u0131k, sa\u011flam yap\u0131s\u0131 ve zarif tasar\u0131m\u0131yla&#8230;<\/p>\n","protected":false},"featured_media":117312,"comment_status":"open","ping_status":"closed","template":"","meta":{"_kad_post_transparent":"","_kad_post_title":"","_kad_post_layout":"","_kad_post_sidebar_id":"","_kad_post_content_style":"","_kad_post_vertical_padding":"","_kad_post_feature":"","_kad_post_feature_position":"","_kad_post_header":false,"_kad_post_footer":false,"_kad_post_classname":""},"product_brand":[],"product_cat":[15068],"product_tag":[],"class_list":{"0":"post-117313","1":"product","2":"type-product","3":"status-publish","4":"has-post-thumbnail","6":"product_cat-pratik-mutfak-gerecleri-pratik-mutfak-gerecleri-2","8":"first","9":"instock","10":"purchasable","11":"product-type-simple","12":"entry","13":"content-bg","14":"loop-entry"},"_links":{"self":[{"href":"https:\/\/www.hediyepazar.com\/index.php?rest_route=\/wp\/v2\/product\/117313","targetHints":{"allow":["GET"]}}],"collection":[{"href":"https:\/\/www.hediyepazar.com\/index.php?rest_route=\/wp\/v2\/product"}],"about":[{"href":"https:\/\/www.hediyepazar.com\/index.php?rest_route=\/wp\/v2\/types\/product"}],"replies":[{"embeddable":true,"href":"https:\/\/www.hediyepazar.com\/index.php?rest_route=%2Fwp%2Fv2%2Fcomments&post=117313"}],"wp:featuredmedia":[{"embeddable":true,"href":"https:\/\/www.hediyepazar.com\/index.php?rest_route=\/wp\/v2\/media\/117312"}],"wp:attachment":[{"href":"https:\/\/www.hediyepazar.com\/index.php?rest_route=%2Fwp%2Fv2%2Fmedia&parent=117313"}],"wp:term":[{"taxonomy":"product_brand","embeddable":true,"href":"https:\/\/www.hediyepazar.com\/index.php?rest_route=%2Fwp%2Fv2%2Fproduct_brand&post=117313"},{"taxonomy":"product_cat","embeddable":true,"href":"https:\/\/www.hediyepazar.com\/index.php?rest_route=%2Fwp%2Fv2%2Fproduct_cat&post=117313"},{"taxonomy":"product_tag","embeddable":true,"href":"https:\/\/www.hediyepazar.com\/index.php?rest_route=%2Fwp%2Fv2%2Fproduct_tag&post=117313"}],"curies":[{"name":"wp","href":"https:\/\/api.w.org\/{rel}","templated":true}]}}