{"id":117385,"date":"2026-05-05T19:45:19","date_gmt":"2026-05-05T22:45:19","guid":{"rendered":"https:\/\/www.hediyepazar.com\/?product=220-gr-gaz-tupuyle-4-saat-yanabilen-verimli-kamp-ocagi"},"modified":"2026-05-05T19:45:19","modified_gmt":"2026-05-05T22:45:19","slug":"220-gr-gaz-tupuyle-4-saat-yanabilen-verimli-kamp-ocagi","status":"publish","type":"product","link":"https:\/\/www.hediyepazar.com\/?product=220-gr-gaz-tupuyle-4-saat-yanabilen-verimli-kamp-ocagi","title":{"rendered":"220 gr Gaz T\u00fcp\u00fcyle 4 Saat Yanabilen Verimli Kamp Oca\u011f\u0131"},"content":{"rendered":"<p>220 gram kapasiteli \u00e7akmak gaz\u0131 t\u00fcp\u00fc ile \u00e7al\u0131\u015fan ocak, 2,5 ila 4 saat aras\u0131nda kesintisiz yanma s\u00fcresi sa\u011flar. Bu verimli yak\u0131t kullan\u0131m\u0131 sayesinde uzun do\u011fa maceralar\u0131nda enerji kayna\u011f\u0131n\u0131z olur. Doldurma i\u015flemi basit ve pratik oldu\u011fundan, farkl\u0131 markalardan gaz t\u00fcp\u00fc temin etmek ve kullanmak kolayd\u0131r. Ekonomik yak\u0131t t\u00fcketimi, b\u00fct\u00e7enizi zorlamadan do\u011fada ihtiya\u00e7 duydu\u011funuz s\u0131cakl\u0131\u011f\u0131 sa\u011flar.<\/p>\n","protected":false},"excerpt":{"rendered":"<p>220 gram kapasiteli \u00e7akmak gaz\u0131 t\u00fcp\u00fc ile \u00e7al\u0131\u015fan ocak, 2,5 ila 4 saat aras\u0131nda kesintisiz yanma s\u00fcresi sa\u011flar. Bu verimli yak\u0131t kullan\u0131m\u0131 sayesinde uzun do\u011fa maceralar\u0131nda enerji kayna\u011f\u0131n\u0131z olur. Doldurma i\u015flemi basit ve pratik oldu\u011fundan, farkl\u0131 markalardan gaz t\u00fcp\u00fc temin etmek ve kullanmak kolayd\u0131r. Ekonomik yak\u0131t t\u00fcketimi, b\u00fct\u00e7enizi zorlamadan do\u011fada ihtiya\u00e7 duydu\u011funuz s\u0131cakl\u0131\u011f\u0131 sa\u011flar.<\/p>\n","protected":false},"featured_media":117384,"comment_status":"open","ping_status":"closed","template":"","meta":{"_kad_post_transparent":"","_kad_post_title":"","_kad_post_layout":"","_kad_post_sidebar_id":"","_kad_post_content_style":"","_kad_post_vertical_padding":"","_kad_post_feature":"","_kad_post_feature_position":"","_kad_post_header":false,"_kad_post_footer":false,"_kad_post_classname":""},"product_brand":[],"product_cat":[15076],"product_tag":[],"class_list":{"0":"post-117385","1":"product","2":"type-product","3":"status-publish","4":"has-post-thumbnail","6":"product_cat-kamp-seti-kamp-seti","8":"first","9":"instock","10":"purchasable","11":"product-type-simple","12":"entry","13":"content-bg","14":"loop-entry"},"_links":{"self":[{"href":"https:\/\/www.hediyepazar.com\/index.php?rest_route=\/wp\/v2\/product\/117385","targetHints":{"allow":["GET"]}}],"collection":[{"href":"https:\/\/www.hediyepazar.com\/index.php?rest_route=\/wp\/v2\/product"}],"about":[{"href":"https:\/\/www.hediyepazar.com\/index.php?rest_route=\/wp\/v2\/types\/product"}],"replies":[{"embeddable":true,"href":"https:\/\/www.hediyepazar.com\/index.php?rest_route=%2Fwp%2Fv2%2Fcomments&post=117385"}],"wp:featuredmedia":[{"embeddable":true,"href":"https:\/\/www.hediyepazar.com\/index.php?rest_route=\/wp\/v2\/media\/117384"}],"wp:attachment":[{"href":"https:\/\/www.hediyepazar.com\/index.php?rest_route=%2Fwp%2Fv2%2Fmedia&parent=117385"}],"wp:term":[{"taxonomy":"product_brand","embeddable":true,"href":"https:\/\/www.hediyepazar.com\/index.php?rest_route=%2Fwp%2Fv2%2Fproduct_brand&post=117385"},{"taxonomy":"product_cat","embeddable":true,"href":"https:\/\/www.hediyepazar.com\/index.php?rest_route=%2Fwp%2Fv2%2Fproduct_cat&post=117385"},{"taxonomy":"product_tag","embeddable":true,"href":"https:\/\/www.hediyepazar.com\/index.php?rest_route=%2Fwp%2Fv2%2Fproduct_tag&post=117385"}],"curies":[{"name":"wp","href":"https:\/\/api.w.org\/{rel}","templated":true}]}}