{"id":117399,"date":"2026-05-05T19:47:58","date_gmt":"2026-05-05T22:47:58","guid":{"rendered":"https:\/\/www.hediyepazar.com\/?product=muzik-ritmine-uyumlu-7-modlu-renkli-disko-topu-isigi"},"modified":"2026-05-05T19:47:58","modified_gmt":"2026-05-05T22:47:58","slug":"muzik-ritmine-uyumlu-7-modlu-renkli-disko-topu-isigi","status":"publish","type":"product","link":"https:\/\/www.hediyepazar.com\/?product=muzik-ritmine-uyumlu-7-modlu-renkli-disko-topu-isigi","title":{"rendered":"M\u00fczik Ritmine Uyumlu 7 Modlu Renkli Disko Topu I\u015f\u0131\u011f\u0131"},"content":{"rendered":"<p>Bu \u015f\u0131k ve modern disko topu, her t\u00fcrl\u00fc parti, do\u011fum g\u00fcn\u00fc kutlamas\u0131, d\u00fc\u011f\u00fcn, karaoke gecesi, kul\u00fcp etkinli\u011fi veya sahne g\u00f6sterisi i\u00e7in m\u00fckemmel bir \u0131\u015f\u0131kland\u0131rma se\u00e7ene\u011fidir. 7 farkl\u0131 renk modu sayesinde k\u0131rm\u0131z\u0131, ye\u015fil, mavi gibi temel renklerin yan\u0131 s\u0131ra bu renklerin kar\u0131\u015f\u0131m\u0131yla olu\u015fan b\u00fcy\u00fcleyici \u0131\u015f\u0131k g\u00f6sterileri sunar. M\u00fczik ritmine duyarl\u0131 olan entegre ses sens\u00f6r\u00fc sayesinde \u0131\u015f\u0131klar m\u00fczi\u011fin temposuna g\u00f6re yan\u0131p s\u00f6ner ve hareket eder, b\u00f6ylece ortam\u0131n enerjisi ve canl\u0131l\u0131\u011f\u0131 maksimuma \u00e7\u0131kar. Bu \u00f6zellik sayesinde parti mekanlar\u0131nda veya ev ortamlar\u0131nda unutulmaz bir atmosfer yarat\u0131r.<\/p>\n","protected":false},"excerpt":{"rendered":"<p>Bu \u015f\u0131k ve modern disko topu, her t\u00fcrl\u00fc parti, do\u011fum g\u00fcn\u00fc kutlamas\u0131, d\u00fc\u011f\u00fcn, karaoke gecesi, kul\u00fcp etkinli\u011fi veya sahne g\u00f6sterisi i\u00e7in m\u00fckemmel bir \u0131\u015f\u0131kland\u0131rma se\u00e7ene\u011fidir. 7 farkl\u0131 renk modu sayesinde k\u0131rm\u0131z\u0131, ye\u015fil, mavi gibi temel renklerin yan\u0131 s\u0131ra bu renklerin kar\u0131\u015f\u0131m\u0131yla olu\u015fan b\u00fcy\u00fcleyici \u0131\u015f\u0131k g\u00f6sterileri sunar. M\u00fczik ritmine duyarl\u0131 olan entegre ses sens\u00f6r\u00fc sayesinde \u0131\u015f\u0131klar&#8230;<\/p>\n","protected":false},"featured_media":117398,"comment_status":"open","ping_status":"closed","template":"","meta":{"_kad_post_transparent":"","_kad_post_title":"","_kad_post_layout":"","_kad_post_sidebar_id":"","_kad_post_content_style":"","_kad_post_vertical_padding":"","_kad_post_feature":"","_kad_post_feature_position":"","_kad_post_header":false,"_kad_post_footer":false,"_kad_post_classname":""},"product_brand":[],"product_cat":[14967],"product_tag":[],"class_list":{"0":"post-117399","1":"product","2":"type-product","3":"status-publish","4":"has-post-thumbnail","6":"product_cat-gece-lambasi-gece-lambasi","8":"first","9":"instock","10":"purchasable","11":"product-type-simple","12":"entry","13":"content-bg","14":"loop-entry"},"_links":{"self":[{"href":"https:\/\/www.hediyepazar.com\/index.php?rest_route=\/wp\/v2\/product\/117399","targetHints":{"allow":["GET"]}}],"collection":[{"href":"https:\/\/www.hediyepazar.com\/index.php?rest_route=\/wp\/v2\/product"}],"about":[{"href":"https:\/\/www.hediyepazar.com\/index.php?rest_route=\/wp\/v2\/types\/product"}],"replies":[{"embeddable":true,"href":"https:\/\/www.hediyepazar.com\/index.php?rest_route=%2Fwp%2Fv2%2Fcomments&post=117399"}],"wp:featuredmedia":[{"embeddable":true,"href":"https:\/\/www.hediyepazar.com\/index.php?rest_route=\/wp\/v2\/media\/117398"}],"wp:attachment":[{"href":"https:\/\/www.hediyepazar.com\/index.php?rest_route=%2Fwp%2Fv2%2Fmedia&parent=117399"}],"wp:term":[{"taxonomy":"product_brand","embeddable":true,"href":"https:\/\/www.hediyepazar.com\/index.php?rest_route=%2Fwp%2Fv2%2Fproduct_brand&post=117399"},{"taxonomy":"product_cat","embeddable":true,"href":"https:\/\/www.hediyepazar.com\/index.php?rest_route=%2Fwp%2Fv2%2Fproduct_cat&post=117399"},{"taxonomy":"product_tag","embeddable":true,"href":"https:\/\/www.hediyepazar.com\/index.php?rest_route=%2Fwp%2Fv2%2Fproduct_tag&post=117399"}],"curies":[{"name":"wp","href":"https:\/\/api.w.org\/{rel}","templated":true}]}}