{"id":117403,"date":"2026-05-05T19:48:08","date_gmt":"2026-05-05T22:48:08","guid":{"rendered":"https:\/\/www.hediyepazar.com\/?product=saglikli-ve-dayanikli-gida-sinifi-paslanmaz-celik-ogutucu"},"modified":"2026-05-05T19:48:08","modified_gmt":"2026-05-05T22:48:08","slug":"saglikli-ve-dayanikli-gida-sinifi-paslanmaz-celik-ogutucu","status":"publish","type":"product","link":"https:\/\/www.hediyepazar.com\/?product=saglikli-ve-dayanikli-gida-sinifi-paslanmaz-celik-ogutucu","title":{"rendered":"Sa\u011fl\u0131kl\u0131 ve Dayan\u0131kl\u0131 G\u0131da S\u0131n\u0131f\u0131 Paslanmaz \u00c7elik \u00d6\u011f\u00fct\u00fcc\u00fc"},"content":{"rendered":"<p>Mutfaklarda baharatlar\u0131n en \u00f6nemli sorunlar\u0131ndan biri nemdir. Bu \u00fcr\u00fcn, \u00f6zel olarak tasarlanm\u0131\u015f nem ge\u00e7irmez kapa\u011f\u0131 sayesinde i\u00e7erideki baharatlar\u0131n rutubetten etkilenmesini engeller. B\u00f6ylece baharatlar\u0131n\u0131z tazeli\u011fini uzun s\u00fcre korur ve \u00f6\u011f\u00fctme kalitesi daima y\u00fcksek olur. Ayr\u0131ca \u00f6\u011f\u00fctme mekanizmas\u0131, sadece kullan\u0131ld\u0131\u011f\u0131 zaman aktif oldu\u011fundan, \u00f6\u011f\u00fct\u00fcc\u00fcy\u00fc kapatt\u0131\u011f\u0131n\u0131zda baharatlar\u0131n etrafa d\u00f6k\u00fclmesini veya da\u011f\u0131lmas\u0131n\u0131 \u00f6nler. Temiz ve d\u00fczenli mutfak isteyenler i\u00e7in m\u00fckemmel bir \u00e7\u00f6z\u00fcmd\u00fcr.<\/p>\n","protected":false},"excerpt":{"rendered":"<p>Mutfaklarda baharatlar\u0131n en \u00f6nemli sorunlar\u0131ndan biri nemdir. Bu \u00fcr\u00fcn, \u00f6zel olarak tasarlanm\u0131\u015f nem ge\u00e7irmez kapa\u011f\u0131 sayesinde i\u00e7erideki baharatlar\u0131n rutubetten etkilenmesini engeller. B\u00f6ylece baharatlar\u0131n\u0131z tazeli\u011fini uzun s\u00fcre korur ve \u00f6\u011f\u00fctme kalitesi daima y\u00fcksek olur. Ayr\u0131ca \u00f6\u011f\u00fctme mekanizmas\u0131, sadece kullan\u0131ld\u0131\u011f\u0131 zaman aktif oldu\u011fundan, \u00f6\u011f\u00fct\u00fcc\u00fcy\u00fc kapatt\u0131\u011f\u0131n\u0131zda baharatlar\u0131n etrafa d\u00f6k\u00fclmesini veya da\u011f\u0131lmas\u0131n\u0131 \u00f6nler. Temiz ve d\u00fczenli mutfak isteyenler i\u00e7in&#8230;<\/p>\n","protected":false},"featured_media":117402,"comment_status":"open","ping_status":"closed","template":"","meta":{"_kad_post_transparent":"","_kad_post_title":"","_kad_post_layout":"","_kad_post_sidebar_id":"","_kad_post_content_style":"","_kad_post_vertical_padding":"","_kad_post_feature":"","_kad_post_feature_position":"","_kad_post_header":false,"_kad_post_footer":false,"_kad_post_classname":""},"product_brand":[],"product_cat":[15016],"product_tag":[],"class_list":{"0":"post-117403","1":"product","2":"type-product","3":"status-publish","4":"has-post-thumbnail","6":"product_cat-baharat-ogutucu-baharat-ogutucu-2","8":"first","9":"instock","10":"purchasable","11":"product-type-simple","12":"entry","13":"content-bg","14":"loop-entry"},"_links":{"self":[{"href":"https:\/\/www.hediyepazar.com\/index.php?rest_route=\/wp\/v2\/product\/117403","targetHints":{"allow":["GET"]}}],"collection":[{"href":"https:\/\/www.hediyepazar.com\/index.php?rest_route=\/wp\/v2\/product"}],"about":[{"href":"https:\/\/www.hediyepazar.com\/index.php?rest_route=\/wp\/v2\/types\/product"}],"replies":[{"embeddable":true,"href":"https:\/\/www.hediyepazar.com\/index.php?rest_route=%2Fwp%2Fv2%2Fcomments&post=117403"}],"wp:featuredmedia":[{"embeddable":true,"href":"https:\/\/www.hediyepazar.com\/index.php?rest_route=\/wp\/v2\/media\/117402"}],"wp:attachment":[{"href":"https:\/\/www.hediyepazar.com\/index.php?rest_route=%2Fwp%2Fv2%2Fmedia&parent=117403"}],"wp:term":[{"taxonomy":"product_brand","embeddable":true,"href":"https:\/\/www.hediyepazar.com\/index.php?rest_route=%2Fwp%2Fv2%2Fproduct_brand&post=117403"},{"taxonomy":"product_cat","embeddable":true,"href":"https:\/\/www.hediyepazar.com\/index.php?rest_route=%2Fwp%2Fv2%2Fproduct_cat&post=117403"},{"taxonomy":"product_tag","embeddable":true,"href":"https:\/\/www.hediyepazar.com\/index.php?rest_route=%2Fwp%2Fv2%2Fproduct_tag&post=117403"}],"curies":[{"name":"wp","href":"https:\/\/api.w.org\/{rel}","templated":true}]}}