{"id":117415,"date":"2026-05-05T19:50:08","date_gmt":"2026-05-05T22:50:08","guid":{"rendered":"https:\/\/www.hediyepazar.com\/?product=kompakt-ve-guvenli-kisisel-bakim-duzeltici"},"modified":"2026-05-05T19:50:08","modified_gmt":"2026-05-05T22:50:08","slug":"kompakt-ve-guvenli-kisisel-bakim-duzeltici","status":"publish","type":"product","link":"https:\/\/www.hediyepazar.com\/?product=kompakt-ve-guvenli-kisisel-bakim-duzeltici","title":{"rendered":"Kompakt ve G\u00fcvenli Ki\u015fisel Bak\u0131m D\u00fczeltici"},"content":{"rendered":"<p>&nbsp;Y\u00fcksek performansl\u0131 ve g\u00fcvenli kulak, burun ve ka\u015f d\u00fczeltici, ki\u015fisel bak\u0131m rutininde \u00f6nemli bir yard\u0131mc\u0131d\u0131r. 3D kemerli b\u0131\u00e7ak sistemi, burun t\u00fcylerini keserken cilde zarar vermeyi \u00f6nler. Ergonomik tasar\u0131m\u0131 ve hafif yap\u0131s\u0131yla konforlu kullan\u0131m sa\u011flar. Pratik yap\u0131s\u0131 sayesinde kolayca temizlenir. Seyahat dostu kompakt yap\u0131s\u0131 ile yan\u0131n\u0131zda ta\u015f\u0131yabilir, her zaman bak\u0131ml\u0131 g\u00f6r\u00fcnmenizi sa\u011flar. AA pil ile \u00e7al\u0131\u015fmakta olup, pil kutuya dahil de\u011fildir.&nbsp;&nbsp;<\/p>\n","protected":false},"excerpt":{"rendered":"<p>&nbsp;Y\u00fcksek performansl\u0131 ve g\u00fcvenli kulak, burun ve ka\u015f d\u00fczeltici, ki\u015fisel bak\u0131m rutininde \u00f6nemli bir yard\u0131mc\u0131d\u0131r. 3D kemerli b\u0131\u00e7ak sistemi, burun t\u00fcylerini keserken cilde zarar vermeyi \u00f6nler. Ergonomik tasar\u0131m\u0131 ve hafif yap\u0131s\u0131yla konforlu kullan\u0131m sa\u011flar. Pratik yap\u0131s\u0131 sayesinde kolayca temizlenir. Seyahat dostu kompakt yap\u0131s\u0131 ile yan\u0131n\u0131zda ta\u015f\u0131yabilir, her zaman bak\u0131ml\u0131 g\u00f6r\u00fcnmenizi sa\u011flar. AA pil ile \u00e7al\u0131\u015fmakta&#8230;<\/p>\n","protected":false},"featured_media":117414,"comment_status":"open","ping_status":"closed","template":"","meta":{"_kad_post_transparent":"","_kad_post_title":"","_kad_post_layout":"","_kad_post_sidebar_id":"","_kad_post_content_style":"","_kad_post_vertical_padding":"","_kad_post_feature":"","_kad_post_feature_position":"","_kad_post_header":false,"_kad_post_footer":false,"_kad_post_classname":""},"product_brand":[],"product_cat":[14925],"product_tag":[],"class_list":{"0":"post-117415","1":"product","2":"type-product","3":"status-publish","4":"has-post-thumbnail","6":"product_cat-tiras-makinesi-tiras-makinesi","8":"first","9":"instock","10":"purchasable","11":"product-type-simple","12":"entry","13":"content-bg","14":"loop-entry"},"_links":{"self":[{"href":"https:\/\/www.hediyepazar.com\/index.php?rest_route=\/wp\/v2\/product\/117415","targetHints":{"allow":["GET"]}}],"collection":[{"href":"https:\/\/www.hediyepazar.com\/index.php?rest_route=\/wp\/v2\/product"}],"about":[{"href":"https:\/\/www.hediyepazar.com\/index.php?rest_route=\/wp\/v2\/types\/product"}],"replies":[{"embeddable":true,"href":"https:\/\/www.hediyepazar.com\/index.php?rest_route=%2Fwp%2Fv2%2Fcomments&post=117415"}],"wp:featuredmedia":[{"embeddable":true,"href":"https:\/\/www.hediyepazar.com\/index.php?rest_route=\/wp\/v2\/media\/117414"}],"wp:attachment":[{"href":"https:\/\/www.hediyepazar.com\/index.php?rest_route=%2Fwp%2Fv2%2Fmedia&parent=117415"}],"wp:term":[{"taxonomy":"product_brand","embeddable":true,"href":"https:\/\/www.hediyepazar.com\/index.php?rest_route=%2Fwp%2Fv2%2Fproduct_brand&post=117415"},{"taxonomy":"product_cat","embeddable":true,"href":"https:\/\/www.hediyepazar.com\/index.php?rest_route=%2Fwp%2Fv2%2Fproduct_cat&post=117415"},{"taxonomy":"product_tag","embeddable":true,"href":"https:\/\/www.hediyepazar.com\/index.php?rest_route=%2Fwp%2Fv2%2Fproduct_tag&post=117415"}],"curies":[{"name":"wp","href":"https:\/\/api.w.org\/{rel}","templated":true}]}}