{"id":117434,"date":"2026-05-05T19:52:16","date_gmt":"2026-05-05T22:52:16","guid":{"rendered":"https:\/\/www.hediyepazar.com\/?product=iki-mikrofonlu-renkli-led-isikli-karaoke-cihazi"},"modified":"2026-05-05T19:52:16","modified_gmt":"2026-05-05T22:52:16","slug":"iki-mikrofonlu-renkli-led-isikli-karaoke-cihazi","status":"publish","type":"product","link":"https:\/\/www.hediyepazar.com\/?product=iki-mikrofonlu-renkli-led-isikli-karaoke-cihazi","title":{"rendered":"\u0130ki Mikrofonlu Renkli LED I\u015f\u0131kl\u0131 Karaoke Cihaz\u0131"},"content":{"rendered":"<p>Bu mini karaoke hoparl\u00f6r, e\u011flenceyi ta\u015f\u0131nabilir hale getiriyor. Kompakt boyutlar\u0131, sapl\u0131 yap\u0131s\u0131 ve hafifli\u011fi sayesinde d\u0131\u015f mekanlarda da rahatl\u0131kla kullan\u0131labilir. Plajda, parkta, piknikte veya tatilde m\u00fczi\u011fin keyfini \u00e7\u0131karabilirsiniz. \u00dcr\u00fcnde iki adet kablosuz mikrofon bulunur. Mikrofonlardan birinde 5 farkl\u0131 ses efekti vard\u0131r. Bu efektler \u00e7ocuklar i\u00e7in olduk\u00e7a e\u011flencelidir. Cihazda Bluetooth 5.0 ba\u011flant\u0131 sistemi bulunur ve t\u00fcm ak\u0131ll\u0131 cihazlarla kolayca uyum sa\u011flar. USB ve AUX giri\u015fleri sayesinde farkl\u0131 m\u00fczik kaynaklar\u0131ndan ses al\u0131nabilir. Type-C portu sayesinde h\u0131zl\u0131 \u015farj olur. Ritimle uyumlu LED \u0131\u015f\u0131klar ortama canl\u0131l\u0131k katar. \u00d6zellikle \u00e7ocuklar, gen\u00e7ler ve aileler i\u00e7in hem e\u011flenceli hem de pratik bir \u00e7\u00f6z\u00fcmd\u00fcr.<\/p>\n","protected":false},"excerpt":{"rendered":"<p>Bu mini karaoke hoparl\u00f6r, e\u011flenceyi ta\u015f\u0131nabilir hale getiriyor. Kompakt boyutlar\u0131, sapl\u0131 yap\u0131s\u0131 ve hafifli\u011fi sayesinde d\u0131\u015f mekanlarda da rahatl\u0131kla kullan\u0131labilir. Plajda, parkta, piknikte veya tatilde m\u00fczi\u011fin keyfini \u00e7\u0131karabilirsiniz. \u00dcr\u00fcnde iki adet kablosuz mikrofon bulunur. Mikrofonlardan birinde 5 farkl\u0131 ses efekti vard\u0131r. Bu efektler \u00e7ocuklar i\u00e7in olduk\u00e7a e\u011flencelidir. Cihazda Bluetooth 5.0 ba\u011flant\u0131 sistemi bulunur ve t\u00fcm&#8230;<\/p>\n","protected":false},"featured_media":117433,"comment_status":"open","ping_status":"closed","template":"","meta":{"_kad_post_transparent":"","_kad_post_title":"","_kad_post_layout":"","_kad_post_sidebar_id":"","_kad_post_content_style":"","_kad_post_vertical_padding":"","_kad_post_feature":"","_kad_post_feature_position":"","_kad_post_header":false,"_kad_post_footer":false,"_kad_post_classname":""},"product_brand":[],"product_cat":[14911],"product_tag":[],"class_list":{"0":"post-117434","1":"product","2":"type-product","3":"status-publish","4":"has-post-thumbnail","6":"product_cat-kablosuz-hoparlor-kablosuz-hoparlor","8":"first","9":"instock","10":"purchasable","11":"product-type-simple","12":"entry","13":"content-bg","14":"loop-entry"},"_links":{"self":[{"href":"https:\/\/www.hediyepazar.com\/index.php?rest_route=\/wp\/v2\/product\/117434","targetHints":{"allow":["GET"]}}],"collection":[{"href":"https:\/\/www.hediyepazar.com\/index.php?rest_route=\/wp\/v2\/product"}],"about":[{"href":"https:\/\/www.hediyepazar.com\/index.php?rest_route=\/wp\/v2\/types\/product"}],"replies":[{"embeddable":true,"href":"https:\/\/www.hediyepazar.com\/index.php?rest_route=%2Fwp%2Fv2%2Fcomments&post=117434"}],"wp:featuredmedia":[{"embeddable":true,"href":"https:\/\/www.hediyepazar.com\/index.php?rest_route=\/wp\/v2\/media\/117433"}],"wp:attachment":[{"href":"https:\/\/www.hediyepazar.com\/index.php?rest_route=%2Fwp%2Fv2%2Fmedia&parent=117434"}],"wp:term":[{"taxonomy":"product_brand","embeddable":true,"href":"https:\/\/www.hediyepazar.com\/index.php?rest_route=%2Fwp%2Fv2%2Fproduct_brand&post=117434"},{"taxonomy":"product_cat","embeddable":true,"href":"https:\/\/www.hediyepazar.com\/index.php?rest_route=%2Fwp%2Fv2%2Fproduct_cat&post=117434"},{"taxonomy":"product_tag","embeddable":true,"href":"https:\/\/www.hediyepazar.com\/index.php?rest_route=%2Fwp%2Fv2%2Fproduct_tag&post=117434"}],"curies":[{"name":"wp","href":"https:\/\/api.w.org\/{rel}","templated":true}]}}