{"id":117458,"date":"2026-05-05T19:55:26","date_gmt":"2026-05-05T22:55:26","guid":{"rendered":"https:\/\/www.hediyepazar.com\/?product=p5-tasinabilir-retro-konsol-520-oyun-ergonomik-tasarim-nostaljik-eglence"},"modified":"2026-05-05T19:55:26","modified_gmt":"2026-05-05T22:55:26","slug":"p5-tasinabilir-retro-konsol-520-oyun-ergonomik-tasarim-nostaljik-eglence","status":"publish","type":"product","link":"https:\/\/www.hediyepazar.com\/?product=p5-tasinabilir-retro-konsol-520-oyun-ergonomik-tasarim-nostaljik-eglence","title":{"rendered":"P5 Ta\u015f\u0131nabilir Retro Konsol \u2013 520 Oyun Ergonomik Tasar\u0131m Nostaljik E\u011flence"},"content":{"rendered":"<p>P5 Retro GamePad, sizi ge\u00e7mi\u015fin en unutulmaz oyunlar\u0131yla tekrar bulu\u015fturuyor. \u0130\u00e7erisinde yer alan 520 klasik oyunla \u00e7ocuklu\u011funuzun en keyifli anlar\u0131n\u0131 yeniden ya\u015fay\u0131n. Kurulumu son derece kolay olan cihaz, tak-\u00e7al\u0131\u015ft\u0131r prensibiyle hemen kullan\u0131ma haz\u0131rd\u0131r. Ergonomik tasar\u0131m\u0131 sayesinde uzun s\u00fcreli kullan\u0131mda bile rahats\u0131zl\u0131k vermez. Kompakt yap\u0131s\u0131, kolay ta\u015f\u0131nabilirlik sa\u011flar. Retro oyun yaz\u0131l\u0131m\u0131 sayesinde ak\u0131c\u0131 ve sorunsuz bir oyun deneyimi sunar. \u0130ster evde ister d\u0131\u015far\u0131da nostaljik bir oyun seans\u0131 i\u00e7in ideal bir se\u00e7imdir. E\u011flenceyi yan\u0131n\u0131zda ta\u015f\u0131mak isteyenler i\u00e7in m\u00fckemmel bir alternatif.&nbsp;<\/p>\n","protected":false},"excerpt":{"rendered":"<p>P5 Retro GamePad, sizi ge\u00e7mi\u015fin en unutulmaz oyunlar\u0131yla tekrar bulu\u015fturuyor. \u0130\u00e7erisinde yer alan 520 klasik oyunla \u00e7ocuklu\u011funuzun en keyifli anlar\u0131n\u0131 yeniden ya\u015fay\u0131n. Kurulumu son derece kolay olan cihaz, tak-\u00e7al\u0131\u015ft\u0131r prensibiyle hemen kullan\u0131ma haz\u0131rd\u0131r. Ergonomik tasar\u0131m\u0131 sayesinde uzun s\u00fcreli kullan\u0131mda bile rahats\u0131zl\u0131k vermez. Kompakt yap\u0131s\u0131, kolay ta\u015f\u0131nabilirlik sa\u011flar. Retro oyun yaz\u0131l\u0131m\u0131 sayesinde ak\u0131c\u0131 ve sorunsuz bir&#8230;<\/p>\n","protected":false},"featured_media":117457,"comment_status":"open","ping_status":"closed","template":"","meta":{"_kad_post_transparent":"","_kad_post_title":"","_kad_post_layout":"","_kad_post_sidebar_id":"","_kad_post_content_style":"","_kad_post_vertical_padding":"","_kad_post_feature":"","_kad_post_feature_position":"","_kad_post_header":false,"_kad_post_footer":false,"_kad_post_classname":""},"product_brand":[],"product_cat":[14961],"product_tag":[],"class_list":{"0":"post-117458","1":"product","2":"type-product","3":"status-publish","4":"has-post-thumbnail","6":"product_cat-oyun-konsolu-oyun-konsolu","8":"first","9":"instock","10":"purchasable","11":"product-type-simple","12":"entry","13":"content-bg","14":"loop-entry"},"_links":{"self":[{"href":"https:\/\/www.hediyepazar.com\/index.php?rest_route=\/wp\/v2\/product\/117458","targetHints":{"allow":["GET"]}}],"collection":[{"href":"https:\/\/www.hediyepazar.com\/index.php?rest_route=\/wp\/v2\/product"}],"about":[{"href":"https:\/\/www.hediyepazar.com\/index.php?rest_route=\/wp\/v2\/types\/product"}],"replies":[{"embeddable":true,"href":"https:\/\/www.hediyepazar.com\/index.php?rest_route=%2Fwp%2Fv2%2Fcomments&post=117458"}],"wp:featuredmedia":[{"embeddable":true,"href":"https:\/\/www.hediyepazar.com\/index.php?rest_route=\/wp\/v2\/media\/117457"}],"wp:attachment":[{"href":"https:\/\/www.hediyepazar.com\/index.php?rest_route=%2Fwp%2Fv2%2Fmedia&parent=117458"}],"wp:term":[{"taxonomy":"product_brand","embeddable":true,"href":"https:\/\/www.hediyepazar.com\/index.php?rest_route=%2Fwp%2Fv2%2Fproduct_brand&post=117458"},{"taxonomy":"product_cat","embeddable":true,"href":"https:\/\/www.hediyepazar.com\/index.php?rest_route=%2Fwp%2Fv2%2Fproduct_cat&post=117458"},{"taxonomy":"product_tag","embeddable":true,"href":"https:\/\/www.hediyepazar.com\/index.php?rest_route=%2Fwp%2Fv2%2Fproduct_tag&post=117458"}],"curies":[{"name":"wp","href":"https:\/\/api.w.org\/{rel}","templated":true}]}}