{"id":117504,"date":"2026-05-05T20:03:20","date_gmt":"2026-05-05T23:03:20","guid":{"rendered":"https:\/\/www.hediyepazar.com\/?product=cift-modlu-fare-usb-alicili-ve-bluetooth-baglantili"},"modified":"2026-05-05T20:03:20","modified_gmt":"2026-05-05T23:03:20","slug":"cift-modlu-fare-usb-alicili-ve-bluetooth-baglantili","status":"publish","type":"product","link":"https:\/\/www.hediyepazar.com\/?product=cift-modlu-fare-usb-alicili-ve-bluetooth-baglantili","title":{"rendered":"\u00c7ift Modlu Fare \u2013 USB Al\u0131c\u0131l\u0131 ve Bluetooth Ba\u011flant\u0131l\u0131"},"content":{"rendered":"<p>Bu fare, birden fazla cihaz\u0131 kontrol etmek isteyen kullan\u0131c\u0131lar i\u00e7in birebirdir. Bluetooth 5.0 ve 2.4GHz \u00e7ift ba\u011flant\u0131 se\u00e7ene\u011fi sunan yap\u0131s\u0131yla, diz\u00fcst\u00fc, masa\u00fcst\u00fc, tablet ve TV kutular\u0131 gibi farkl\u0131 cihazlara ba\u011flanabilir. Ge\u00e7i\u015f d\u00fc\u011fmesi sayesinde h\u0131zl\u0131 cihaz de\u011fi\u015fimi m\u00fcmk\u00fcnd\u00fcr.\u015eeffaf tasar\u0131m\u0131 ile estetik g\u00f6r\u00fcn\u00fcm sunarken, kompakt ve hafif yap\u0131s\u0131yla kolayca ta\u015f\u0131nabilir. 43 gram a\u011f\u0131rl\u0131\u011f\u0131nda olan cihaz (pilsiz) \u00f6zellikle mobil \u00e7al\u0131\u015fan kullan\u0131c\u0131lar i\u00e7in idealdir. Sessiz tu\u015flar %90 daha az ses \u00fcretir.Dahili batarya uzun \u00f6m\u00fcrl\u00fcd\u00fcr ve 40 dakikada tam \u015farj olur. Otomatik uyku modu, kullan\u0131lmad\u0131\u011f\u0131 zaman devreye girerek enerji tasarrufu sa\u011flar. DPI ayar\u0131 manuel olarak 1000 ile 5000 aras\u0131nda de\u011fi\u015ftirilebilir. Bu sayede her kullan\u0131c\u0131n\u0131n hassasiyet tercihine uygun kontrol sa\u011flan\u0131r.<\/p>\n","protected":false},"excerpt":{"rendered":"<p>Bu fare, birden fazla cihaz\u0131 kontrol etmek isteyen kullan\u0131c\u0131lar i\u00e7in birebirdir. Bluetooth 5.0 ve 2.4GHz \u00e7ift ba\u011flant\u0131 se\u00e7ene\u011fi sunan yap\u0131s\u0131yla, diz\u00fcst\u00fc, masa\u00fcst\u00fc, tablet ve TV kutular\u0131 gibi farkl\u0131 cihazlara ba\u011flanabilir. Ge\u00e7i\u015f d\u00fc\u011fmesi sayesinde h\u0131zl\u0131 cihaz de\u011fi\u015fimi m\u00fcmk\u00fcnd\u00fcr.\u015eeffaf tasar\u0131m\u0131 ile estetik g\u00f6r\u00fcn\u00fcm sunarken, kompakt ve hafif yap\u0131s\u0131yla kolayca ta\u015f\u0131nabilir. 43 gram a\u011f\u0131rl\u0131\u011f\u0131nda olan cihaz (pilsiz) \u00f6zellikle&#8230;<\/p>\n","protected":false},"featured_media":117503,"comment_status":"open","ping_status":"closed","template":"","meta":{"_kad_post_transparent":"","_kad_post_title":"","_kad_post_layout":"","_kad_post_sidebar_id":"","_kad_post_content_style":"","_kad_post_vertical_padding":"","_kad_post_feature":"","_kad_post_feature_position":"","_kad_post_header":false,"_kad_post_footer":false,"_kad_post_classname":""},"product_brand":[],"product_cat":[14973],"product_tag":[],"class_list":{"0":"post-117504","1":"product","2":"type-product","3":"status-publish","4":"has-post-thumbnail","6":"product_cat-mouse-mouse","8":"first","9":"instock","10":"purchasable","11":"product-type-simple","12":"entry","13":"content-bg","14":"loop-entry"},"_links":{"self":[{"href":"https:\/\/www.hediyepazar.com\/index.php?rest_route=\/wp\/v2\/product\/117504","targetHints":{"allow":["GET"]}}],"collection":[{"href":"https:\/\/www.hediyepazar.com\/index.php?rest_route=\/wp\/v2\/product"}],"about":[{"href":"https:\/\/www.hediyepazar.com\/index.php?rest_route=\/wp\/v2\/types\/product"}],"replies":[{"embeddable":true,"href":"https:\/\/www.hediyepazar.com\/index.php?rest_route=%2Fwp%2Fv2%2Fcomments&post=117504"}],"wp:featuredmedia":[{"embeddable":true,"href":"https:\/\/www.hediyepazar.com\/index.php?rest_route=\/wp\/v2\/media\/117503"}],"wp:attachment":[{"href":"https:\/\/www.hediyepazar.com\/index.php?rest_route=%2Fwp%2Fv2%2Fmedia&parent=117504"}],"wp:term":[{"taxonomy":"product_brand","embeddable":true,"href":"https:\/\/www.hediyepazar.com\/index.php?rest_route=%2Fwp%2Fv2%2Fproduct_brand&post=117504"},{"taxonomy":"product_cat","embeddable":true,"href":"https:\/\/www.hediyepazar.com\/index.php?rest_route=%2Fwp%2Fv2%2Fproduct_cat&post=117504"},{"taxonomy":"product_tag","embeddable":true,"href":"https:\/\/www.hediyepazar.com\/index.php?rest_route=%2Fwp%2Fv2%2Fproduct_tag&post=117504"}],"curies":[{"name":"wp","href":"https:\/\/api.w.org\/{rel}","templated":true}]}}