{"id":117544,"date":"2026-05-05T20:11:23","date_gmt":"2026-05-05T23:11:23","guid":{"rendered":"https:\/\/www.hediyepazar.com\/?product=5-farkli-kesim-taragiyla-gelen-cok-amacli-tiras-cihazi"},"modified":"2026-05-05T20:11:23","modified_gmt":"2026-05-05T23:11:23","slug":"5-farkli-kesim-taragiyla-gelen-cok-amacli-tiras-cihazi","status":"publish","type":"product","link":"https:\/\/www.hediyepazar.com\/?product=5-farkli-kesim-taragiyla-gelen-cok-amacli-tiras-cihazi","title":{"rendered":"5 Farkl\u0131 Kesim Tara\u011f\u0131yla Gelen \u00c7ok Ama\u00e7l\u0131 T\u0131ra\u015f Cihaz\u0131"},"content":{"rendered":"<p>Bu t\u0131ra\u015f makinesi, uzun \u00f6m\u00fcrl\u00fc ve keskinli\u011fi y\u00fcksek paslanmaz \u00e7elik b\u0131\u00e7aklar\u0131 sayesinde en zorlu t\u0131ra\u015flarda bile etkili sonu\u00e7lar verir. B\u0131\u00e7aklar, hem k\u0131sa hem uzun sa\u00e7 ve sakal tiplerinde ba\u015far\u0131l\u0131 kesimler sunmak \u00fczere \u00f6zel olarak tasarlanm\u0131\u015ft\u0131r. Y\u00fcksek kaliteli metal yap\u0131s\u0131 sayesinde zamanla k\u00f6relmez, paslanmaz ve ciltte tahri\u015fe yol a\u00e7maz.Cihaz\u0131n i\u00e7eri\u011finde yer alan temizleme f\u0131r\u00e7as\u0131 ve bak\u0131m ya\u011f\u0131, b\u0131\u00e7aklar\u0131n performans\u0131n\u0131 koruman\u0131za yard\u0131mc\u0131 olur. B\u0131\u00e7aklar\u0131 d\u00fczenli olarak temizleyip ya\u011flad\u0131\u011f\u0131n\u0131zda, cihaz\u0131n ilk g\u00fcnk\u00fc gibi \u00e7al\u0131\u015fmaya devam etti\u011fini g\u00f6receksiniz.Paslanmaz \u00e7elik b\u0131\u00e7aklar yaln\u0131zca dayan\u0131kl\u0131l\u0131k sa\u011flamakla kalmaz, ayn\u0131 zamanda daha h\u0131zl\u0131 ve daha net kesim yapman\u0131za imk\u00e2n tan\u0131r. Bu \u00f6zellik, zamandan tasarruf etmek isteyen kullan\u0131c\u0131lar i\u00e7in b\u00fcy\u00fck avantaj sa\u011flar. Kalabal\u0131k sakal yap\u0131s\u0131na sahip erkeklerde bile b\u0131\u00e7aklar t\u0131kanmaz ve yava\u015flamaz.T\u0131ra\u015f s\u0131ras\u0131nda ciltle uyumlu \u00e7al\u0131\u015fan b\u0131\u00e7aklar, y\u00fcz hatlar\u0131n\u0131 takip ederek konforlu ve hassas bir t\u0131ra\u015f deneyimi sunar. \u00d6zellikle y\u00fcz \u00e7evresinde ve \u00e7ene alt\u0131 gibi zor b\u00f6lgelerde bile p\u00fcr\u00fczs\u00fcz sonu\u00e7lar elde edebilirsiniz. Bu y\u00f6n\u00fcyle cihaz, hassas cilt yap\u0131s\u0131na sahip kullan\u0131c\u0131lar i\u00e7in de uygundur.\u015earjl\u0131 ve kablosuz kullan\u0131m \u00f6zelli\u011fiyle birlikte, bu paslanmaz \u00e7elik b\u0131\u00e7akl\u0131 t\u0131ra\u015f makinesi hem evde hem de seyahatlerde yan\u0131n\u0131zda ta\u015f\u0131yabilece\u011finiz kompakt bir bak\u0131m \u00fcr\u00fcn\u00fcd\u00fcr. Ergonomik yap\u0131s\u0131 sayesinde elde kayma yapmaz ve uzun s\u00fcreli kullan\u0131mda bile rahats\u0131zl\u0131k vermez.Sonu\u00e7 olarak paslanmaz \u00e7elik b\u0131\u00e7aklar, t\u0131ra\u015f makinesinin temel performans\u0131n\u0131 belirleyen en \u00f6nemli unsurdur ve bu \u00fcr\u00fcn bu konuda olduk\u00e7a iddial\u0131d\u0131r. Uzun s\u00fcre sorunsuz kullan\u0131m, kaliteli kesim deneyimi ve bak\u0131m kolayl\u0131\u011f\u0131 arayanlar i\u00e7in g\u00fcvenilir bir tercihtir.<\/p>\n","protected":false},"excerpt":{"rendered":"<p>Bu t\u0131ra\u015f makinesi, uzun \u00f6m\u00fcrl\u00fc ve keskinli\u011fi y\u00fcksek paslanmaz \u00e7elik b\u0131\u00e7aklar\u0131 sayesinde en zorlu t\u0131ra\u015flarda bile etkili sonu\u00e7lar verir. B\u0131\u00e7aklar, hem k\u0131sa hem uzun sa\u00e7 ve sakal tiplerinde ba\u015far\u0131l\u0131 kesimler sunmak \u00fczere \u00f6zel olarak tasarlanm\u0131\u015ft\u0131r. Y\u00fcksek kaliteli metal yap\u0131s\u0131 sayesinde zamanla k\u00f6relmez, paslanmaz ve ciltte tahri\u015fe yol a\u00e7maz.Cihaz\u0131n i\u00e7eri\u011finde yer alan temizleme f\u0131r\u00e7as\u0131 ve bak\u0131m&#8230;<\/p>\n","protected":false},"featured_media":117543,"comment_status":"open","ping_status":"closed","template":"","meta":{"_kad_post_transparent":"","_kad_post_title":"","_kad_post_layout":"","_kad_post_sidebar_id":"","_kad_post_content_style":"","_kad_post_vertical_padding":"","_kad_post_feature":"","_kad_post_feature_position":"","_kad_post_header":false,"_kad_post_footer":false,"_kad_post_classname":""},"product_brand":[],"product_cat":[14925],"product_tag":[],"class_list":{"0":"post-117544","1":"product","2":"type-product","3":"status-publish","4":"has-post-thumbnail","6":"product_cat-tiras-makinesi-tiras-makinesi","8":"first","9":"instock","10":"purchasable","11":"product-type-simple","12":"entry","13":"content-bg","14":"loop-entry"},"_links":{"self":[{"href":"https:\/\/www.hediyepazar.com\/index.php?rest_route=\/wp\/v2\/product\/117544","targetHints":{"allow":["GET"]}}],"collection":[{"href":"https:\/\/www.hediyepazar.com\/index.php?rest_route=\/wp\/v2\/product"}],"about":[{"href":"https:\/\/www.hediyepazar.com\/index.php?rest_route=\/wp\/v2\/types\/product"}],"replies":[{"embeddable":true,"href":"https:\/\/www.hediyepazar.com\/index.php?rest_route=%2Fwp%2Fv2%2Fcomments&post=117544"}],"wp:featuredmedia":[{"embeddable":true,"href":"https:\/\/www.hediyepazar.com\/index.php?rest_route=\/wp\/v2\/media\/117543"}],"wp:attachment":[{"href":"https:\/\/www.hediyepazar.com\/index.php?rest_route=%2Fwp%2Fv2%2Fmedia&parent=117544"}],"wp:term":[{"taxonomy":"product_brand","embeddable":true,"href":"https:\/\/www.hediyepazar.com\/index.php?rest_route=%2Fwp%2Fv2%2Fproduct_brand&post=117544"},{"taxonomy":"product_cat","embeddable":true,"href":"https:\/\/www.hediyepazar.com\/index.php?rest_route=%2Fwp%2Fv2%2Fproduct_cat&post=117544"},{"taxonomy":"product_tag","embeddable":true,"href":"https:\/\/www.hediyepazar.com\/index.php?rest_route=%2Fwp%2Fv2%2Fproduct_tag&post=117544"}],"curies":[{"name":"wp","href":"https:\/\/api.w.org\/{rel}","templated":true}]}}