{"id":117571,"date":"2026-05-05T20:15:20","date_gmt":"2026-05-05T23:15:20","guid":{"rendered":"https:\/\/www.hediyepazar.com\/?product=kompakt-ve-tasinabilir-kurutucu-ev-ve-seyahat-kullanimina-uygun"},"modified":"2026-05-05T20:15:20","modified_gmt":"2026-05-05T23:15:20","slug":"kompakt-ve-tasinabilir-kurutucu-ev-ve-seyahat-kullanimina-uygun","status":"publish","type":"product","link":"https:\/\/www.hediyepazar.com\/?product=kompakt-ve-tasinabilir-kurutucu-ev-ve-seyahat-kullanimina-uygun","title":{"rendered":"Kompakt ve Ta\u015f\u0131nabilir Kurutucu \u2013 Ev ve Seyahat Kullan\u0131m\u0131na Uygun"},"content":{"rendered":"<p>Bu mini t\u0131rnak kurutucu, kompakt tasar\u0131m\u0131 sayesinde hem evde hem de seyahatte kolayl\u0131kla kullan\u0131labilir. Hafif yap\u0131s\u0131 sayesinde makyaj \u00e7antas\u0131na bile s\u0131\u011far ve ihtiya\u00e7 duydu\u011funuz her an h\u0131zl\u0131 kurutma imk\u00e2n\u0131 sunar.USB ba\u011flant\u0131l\u0131 yap\u0131s\u0131, cihaz\u0131 farkl\u0131 kaynaklardan besleyebilmenizi sa\u011flar. Bilgisayar, powerbank ya da \u015farj adapt\u00f6r\u00fcyle pratik bir kullan\u0131m sunar. Elektrik kablosu ta\u015f\u0131maya gerek kalmaz.\u0130\u00e7erisinde yer alan 3 adet g\u00fc\u00e7l\u00fc UVLED \u0131\u015f\u0131k t\u0131rna\u011f\u0131n tamam\u0131na e\u015fit \u015fekilde yay\u0131l\u0131r ve ojeyi 30 saniye gibi k\u0131sa s\u00fcrede kurutur. UV jel, LED jel ve yap\u0131land\u0131rma jelleriyle uyumlu olan bu cihaz, t\u0131rnak bak\u0131m rutininizin vazge\u00e7ilmez par\u00e7as\u0131 olmaya adayd\u0131r.Cilt ve g\u00f6z sa\u011fl\u0131\u011f\u0131n\u0131 koruyan \u0131\u015f\u0131k sistemi, \u0131\u015f\u0131k yan\u0131\u011f\u0131 ya da rahats\u0131zl\u0131k hissi olmadan kullan\u0131m sunar. \u00d6zellikle h\u0131zl\u0131 sonu\u00e7 isteyen kullan\u0131c\u0131lar i\u00e7in birebir \u00e7\u00f6z\u00fcm sunar.K\u00fc\u00e7\u00fck boyutuna ra\u011fmen b\u00fcy\u00fck performans g\u00f6steren bu \u00fcr\u00fcn, g\u00fcnl\u00fck kullan\u0131m i\u00e7in oldu\u011fu kadar profesyonel sonu\u00e7 isteyenler i\u00e7in de uygundur.<\/p>\n","protected":false},"excerpt":{"rendered":"<p>Bu mini t\u0131rnak kurutucu, kompakt tasar\u0131m\u0131 sayesinde hem evde hem de seyahatte kolayl\u0131kla kullan\u0131labilir. Hafif yap\u0131s\u0131 sayesinde makyaj \u00e7antas\u0131na bile s\u0131\u011far ve ihtiya\u00e7 duydu\u011funuz her an h\u0131zl\u0131 kurutma imk\u00e2n\u0131 sunar.USB ba\u011flant\u0131l\u0131 yap\u0131s\u0131, cihaz\u0131 farkl\u0131 kaynaklardan besleyebilmenizi sa\u011flar. Bilgisayar, powerbank ya da \u015farj adapt\u00f6r\u00fcyle pratik bir kullan\u0131m sunar. Elektrik kablosu ta\u015f\u0131maya gerek kalmaz.\u0130\u00e7erisinde yer alan 3&#8230;<\/p>\n","protected":false},"featured_media":117570,"comment_status":"open","ping_status":"closed","template":"","meta":{"_kad_post_transparent":"","_kad_post_title":"","_kad_post_layout":"","_kad_post_sidebar_id":"","_kad_post_content_style":"","_kad_post_vertical_padding":"","_kad_post_feature":"","_kad_post_feature_position":"","_kad_post_header":false,"_kad_post_footer":false,"_kad_post_classname":""},"product_brand":[],"product_cat":[15044],"product_tag":[],"class_list":{"0":"post-117571","1":"product","2":"type-product","3":"status-publish","4":"has-post-thumbnail","6":"product_cat-oje-kurutucu-oje-kurutucu","8":"first","9":"instock","10":"purchasable","11":"product-type-simple","12":"entry","13":"content-bg","14":"loop-entry"},"_links":{"self":[{"href":"https:\/\/www.hediyepazar.com\/index.php?rest_route=\/wp\/v2\/product\/117571","targetHints":{"allow":["GET"]}}],"collection":[{"href":"https:\/\/www.hediyepazar.com\/index.php?rest_route=\/wp\/v2\/product"}],"about":[{"href":"https:\/\/www.hediyepazar.com\/index.php?rest_route=\/wp\/v2\/types\/product"}],"replies":[{"embeddable":true,"href":"https:\/\/www.hediyepazar.com\/index.php?rest_route=%2Fwp%2Fv2%2Fcomments&post=117571"}],"wp:featuredmedia":[{"embeddable":true,"href":"https:\/\/www.hediyepazar.com\/index.php?rest_route=\/wp\/v2\/media\/117570"}],"wp:attachment":[{"href":"https:\/\/www.hediyepazar.com\/index.php?rest_route=%2Fwp%2Fv2%2Fmedia&parent=117571"}],"wp:term":[{"taxonomy":"product_brand","embeddable":true,"href":"https:\/\/www.hediyepazar.com\/index.php?rest_route=%2Fwp%2Fv2%2Fproduct_brand&post=117571"},{"taxonomy":"product_cat","embeddable":true,"href":"https:\/\/www.hediyepazar.com\/index.php?rest_route=%2Fwp%2Fv2%2Fproduct_cat&post=117571"},{"taxonomy":"product_tag","embeddable":true,"href":"https:\/\/www.hediyepazar.com\/index.php?rest_route=%2Fwp%2Fv2%2Fproduct_tag&post=117571"}],"curies":[{"name":"wp","href":"https:\/\/api.w.org\/{rel}","templated":true}]}}