{"id":117575,"date":"2026-05-05T20:17:00","date_gmt":"2026-05-05T23:17:00","guid":{"rendered":"https:\/\/www.hediyepazar.com\/?product=3-boncuklu-hizli-kurutucu-30-saniyede-etkili-sabitleme"},"modified":"2026-05-05T20:17:00","modified_gmt":"2026-05-05T23:17:00","slug":"3-boncuklu-hizli-kurutucu-30-saniyede-etkili-sabitleme","status":"publish","type":"product","link":"https:\/\/www.hediyepazar.com\/?product=3-boncuklu-hizli-kurutucu-30-saniyede-etkili-sabitleme","title":{"rendered":"3 Boncuklu H\u0131zl\u0131 Kurutucu \u2013 30 Saniyede Etkili Sabitleme"},"content":{"rendered":"<p>Bu mini t\u0131rnak kurutucu, sahip oldu\u011fu 3 adet g\u00fc\u00e7l\u00fc UVLED boncuk sayesinde ojeyi sadece 30 saniyede kurutarak bak\u0131m s\u00fcrecinizi b\u00fcy\u00fck \u00f6l\u00e7\u00fcde k\u0131salt\u0131r. Profesyonel manik\u00fcr salonlar\u0131nda oldu\u011fu kadar evde kullan\u0131m i\u00e7in de uygundur.Boncuklar, 45 derece a\u00e7\u0131yla yerle\u015ftirilmi\u015f olup t\u0131rna\u011f\u0131n t\u00fcm y\u00fczeyini kapsayacak \u015fekilde \u0131\u015f\u0131k yayar. Bu sayede ojede dalgalanma, ge\u00e7 kuruma ya da kabarma gibi problemlerle kar\u015f\u0131la\u015fmazs\u0131n\u0131z. UV jel, uzatma jeli ve LED jel \u00fcr\u00fcnleriyle tam uyumludur.Cihaz\u0131n boyutu k\u00fc\u00e7\u00fck ama etkisi b\u00fcy\u00fckt\u00fcr. Rahatl\u0131kla \u00e7antaya veya makyaj \u00e7antas\u0131na s\u0131\u011far. Seyahatlerde kolayl\u0131kla ta\u015f\u0131nabilir. Kablolu yap\u0131s\u0131yla \u015farj etme derdi olmadan USB portu olan her yerden g\u00fc\u00e7 alabilir.Estetik a\u00e7\u0131dan da sade ve modern bir tasar\u0131ma sahip olan \u00fcr\u00fcn, sadece performans de\u011fil, g\u00f6r\u00fcn\u00fcm olarak da tatmin edicidir. Ayn\u0131 zamanda g\u00fcvenli \u0131\u015f\u0131k teknolojisi ile cilde zarar vermez, rahats\u0131z edici UV \u0131\u015f\u0131\u011f\u0131 hissi yaratmaz.H\u0131zl\u0131 ve etkili kurutma sa\u011flayan, portatif ve g\u00fc\u00e7l\u00fc bir \u00e7\u00f6z\u00fcm arayanlar i\u00e7in bu \u00fcr\u00fcn olduk\u00e7a i\u015flevseldir.<\/p>\n","protected":false},"excerpt":{"rendered":"<p>Bu mini t\u0131rnak kurutucu, sahip oldu\u011fu 3 adet g\u00fc\u00e7l\u00fc UVLED boncuk sayesinde ojeyi sadece 30 saniyede kurutarak bak\u0131m s\u00fcrecinizi b\u00fcy\u00fck \u00f6l\u00e7\u00fcde k\u0131salt\u0131r. Profesyonel manik\u00fcr salonlar\u0131nda oldu\u011fu kadar evde kullan\u0131m i\u00e7in de uygundur.Boncuklar, 45 derece a\u00e7\u0131yla yerle\u015ftirilmi\u015f olup t\u0131rna\u011f\u0131n t\u00fcm y\u00fczeyini kapsayacak \u015fekilde \u0131\u015f\u0131k yayar. Bu sayede ojede dalgalanma, ge\u00e7 kuruma ya da kabarma gibi problemlerle&#8230;<\/p>\n","protected":false},"featured_media":117574,"comment_status":"open","ping_status":"closed","template":"","meta":{"_kad_post_transparent":"","_kad_post_title":"","_kad_post_layout":"","_kad_post_sidebar_id":"","_kad_post_content_style":"","_kad_post_vertical_padding":"","_kad_post_feature":"","_kad_post_feature_position":"","_kad_post_header":false,"_kad_post_footer":false,"_kad_post_classname":""},"product_brand":[],"product_cat":[15044],"product_tag":[],"class_list":{"0":"post-117575","1":"product","2":"type-product","3":"status-publish","4":"has-post-thumbnail","6":"product_cat-oje-kurutucu-oje-kurutucu","8":"first","9":"instock","10":"purchasable","11":"product-type-simple","12":"entry","13":"content-bg","14":"loop-entry"},"_links":{"self":[{"href":"https:\/\/www.hediyepazar.com\/index.php?rest_route=\/wp\/v2\/product\/117575","targetHints":{"allow":["GET"]}}],"collection":[{"href":"https:\/\/www.hediyepazar.com\/index.php?rest_route=\/wp\/v2\/product"}],"about":[{"href":"https:\/\/www.hediyepazar.com\/index.php?rest_route=\/wp\/v2\/types\/product"}],"replies":[{"embeddable":true,"href":"https:\/\/www.hediyepazar.com\/index.php?rest_route=%2Fwp%2Fv2%2Fcomments&post=117575"}],"wp:featuredmedia":[{"embeddable":true,"href":"https:\/\/www.hediyepazar.com\/index.php?rest_route=\/wp\/v2\/media\/117574"}],"wp:attachment":[{"href":"https:\/\/www.hediyepazar.com\/index.php?rest_route=%2Fwp%2Fv2%2Fmedia&parent=117575"}],"wp:term":[{"taxonomy":"product_brand","embeddable":true,"href":"https:\/\/www.hediyepazar.com\/index.php?rest_route=%2Fwp%2Fv2%2Fproduct_brand&post=117575"},{"taxonomy":"product_cat","embeddable":true,"href":"https:\/\/www.hediyepazar.com\/index.php?rest_route=%2Fwp%2Fv2%2Fproduct_cat&post=117575"},{"taxonomy":"product_tag","embeddable":true,"href":"https:\/\/www.hediyepazar.com\/index.php?rest_route=%2Fwp%2Fv2%2Fproduct_tag&post=117575"}],"curies":[{"name":"wp","href":"https:\/\/api.w.org\/{rel}","templated":true}]}}