{"id":117591,"date":"2026-05-05T20:18:18","date_gmt":"2026-05-05T23:18:18","guid":{"rendered":"https:\/\/www.hediyepazar.com\/?product=hizli-sarjli-yuksek-performansli-sakal-sac-kesme-cihazi"},"modified":"2026-05-05T20:18:18","modified_gmt":"2026-05-05T23:18:18","slug":"hizli-sarjli-yuksek-performansli-sakal-sac-kesme-cihazi","status":"publish","type":"product","link":"https:\/\/www.hediyepazar.com\/?product=hizli-sarjli-yuksek-performansli-sakal-sac-kesme-cihazi","title":{"rendered":"H\u0131zl\u0131 \u015earjl\u0131 Y\u00fcksek Performansl\u0131 Sakal &#038; Sa\u00e7 Kesme Cihaz\u0131"},"content":{"rendered":"<p>G\u00fcn\u00fcm\u00fczde ki\u015fisel bak\u0131m \u00fcr\u00fcnlerinden beklenen en \u00f6nemli \u00f6zelliklerden biri \u00e7ok y\u00f6nl\u00fcl\u00fck. Bu \u015farjl\u0131 sa\u00e7 ve sakal kesme makinesi, hem i\u015flevselli\u011fi hem de ta\u015f\u0131nabilirli\u011fi ile t\u00fcm ihtiya\u00e7lar\u0131n\u0131za cevap verir. Sa\u00e7 kesimi, sakal d\u00fczeltme, ense ve favori \u015fekillendirme gibi bir\u00e7ok bak\u0131m uygulamas\u0131n\u0131 tek cihazda sunar. Ayarlanabilir ba\u015fl\u0131klar\u0131 sayesinde her uzunluk ve stil i\u00e7in ki\u015fisel bir \u00e7\u00f6z\u00fcm sa\u011flar.Hassas d\u00fczeltmeler yapmak isteyenler i\u00e7in ideal olan bu cihaz, \u00f6zellikle detayl\u0131 \u015fekillendirme isteyen kullan\u0131c\u0131lar\u0131n vazge\u00e7ilmezi olur. Sa\u00e7 ve sakal\u0131n yan\u0131 s\u0131ra v\u00fccut k\u0131llar\u0131 i\u00e7in de kullan\u0131labilir. Yani tek cihazla tam kapsaml\u0131 bir bak\u0131m m\u00fcmk\u00fcn.Kompakt yap\u0131s\u0131 ve USB ile \u015farj edilebilir olmas\u0131 sayesinde cihaz\u0131n\u0131z\u0131 seyahatlerde de yan\u0131n\u0131za alabilirsiniz. Bavulda \u00e7ok yer kaplamayan ergonomik tasar\u0131m\u0131, otelde, i\u015f seyahatinde ya da tatilde bak\u0131m rutininizi aksatmadan devam ettirmenizi sa\u011flar. H\u0131zl\u0131 \u015farj \u00f6zelli\u011fi ile zamandan da tasarruf ettirir.Temizlik ve bak\u0131m konusunda da kullan\u0131c\u0131y\u0131 yormaz. Paslanmaz \u00e7elik b\u0131\u00e7aklar\u0131 \u00e7\u0131kar\u0131l\u0131p y\u0131kanabilir. Bu, hem hijyenik bir kullan\u0131m sunar hem de cihaz\u0131n uzun \u00f6m\u00fcrl\u00fc olmas\u0131n\u0131 destekler. \u00dcr\u00fcn\u00fc kulland\u0131ktan sonra sadece birka\u00e7 dakikada temizleyebilir, bir sonraki kullan\u0131ma haz\u0131r hale getirebilirsiniz.Sessiz motor teknolojisi ile gece ya da sabah erken saatlerde dahi rahat\u00e7a kullanabilirsiniz. G\u00fcr\u00fclt\u00fcs\u00fcz \u00e7al\u0131\u015fan yap\u0131s\u0131, aile bireylerini ya da ev arkada\u015flar\u0131n\u0131 rahats\u0131z etmeden ki\u015fisel bak\u0131m yapman\u0131za imkan tan\u0131r.E\u011fer hem pratik, hem g\u00fc\u00e7l\u00fc hem de \u015f\u0131k bir ki\u015fisel bak\u0131m cihaz\u0131 ar\u0131yorsan\u0131z, bu \u00e7ok ama\u00e7l\u0131 sa\u00e7 ve sakal kesme makinesi tam size g\u00f6re. Hem zamandan kazand\u0131r\u0131r hem de g\u00f6r\u00fcn\u00fcm\u00fcn\u00fcze profesyonel bir dokunu\u015f katar.<\/p>\n","protected":false},"excerpt":{"rendered":"<p>G\u00fcn\u00fcm\u00fczde ki\u015fisel bak\u0131m \u00fcr\u00fcnlerinden beklenen en \u00f6nemli \u00f6zelliklerden biri \u00e7ok y\u00f6nl\u00fcl\u00fck. Bu \u015farjl\u0131 sa\u00e7 ve sakal kesme makinesi, hem i\u015flevselli\u011fi hem de ta\u015f\u0131nabilirli\u011fi ile t\u00fcm ihtiya\u00e7lar\u0131n\u0131za cevap verir. Sa\u00e7 kesimi, sakal d\u00fczeltme, ense ve favori \u015fekillendirme gibi bir\u00e7ok bak\u0131m uygulamas\u0131n\u0131 tek cihazda sunar. Ayarlanabilir ba\u015fl\u0131klar\u0131 sayesinde her uzunluk ve stil i\u00e7in ki\u015fisel bir \u00e7\u00f6z\u00fcm sa\u011flar.Hassas&#8230;<\/p>\n","protected":false},"featured_media":117590,"comment_status":"open","ping_status":"closed","template":"","meta":{"_kad_post_transparent":"","_kad_post_title":"","_kad_post_layout":"","_kad_post_sidebar_id":"","_kad_post_content_style":"","_kad_post_vertical_padding":"","_kad_post_feature":"","_kad_post_feature_position":"","_kad_post_header":false,"_kad_post_footer":false,"_kad_post_classname":""},"product_brand":[],"product_cat":[14925],"product_tag":[],"class_list":{"0":"post-117591","1":"product","2":"type-product","3":"status-publish","4":"has-post-thumbnail","6":"product_cat-tiras-makinesi-tiras-makinesi","8":"first","9":"instock","10":"purchasable","11":"product-type-simple","12":"entry","13":"content-bg","14":"loop-entry"},"_links":{"self":[{"href":"https:\/\/www.hediyepazar.com\/index.php?rest_route=\/wp\/v2\/product\/117591","targetHints":{"allow":["GET"]}}],"collection":[{"href":"https:\/\/www.hediyepazar.com\/index.php?rest_route=\/wp\/v2\/product"}],"about":[{"href":"https:\/\/www.hediyepazar.com\/index.php?rest_route=\/wp\/v2\/types\/product"}],"replies":[{"embeddable":true,"href":"https:\/\/www.hediyepazar.com\/index.php?rest_route=%2Fwp%2Fv2%2Fcomments&post=117591"}],"wp:featuredmedia":[{"embeddable":true,"href":"https:\/\/www.hediyepazar.com\/index.php?rest_route=\/wp\/v2\/media\/117590"}],"wp:attachment":[{"href":"https:\/\/www.hediyepazar.com\/index.php?rest_route=%2Fwp%2Fv2%2Fmedia&parent=117591"}],"wp:term":[{"taxonomy":"product_brand","embeddable":true,"href":"https:\/\/www.hediyepazar.com\/index.php?rest_route=%2Fwp%2Fv2%2Fproduct_brand&post=117591"},{"taxonomy":"product_cat","embeddable":true,"href":"https:\/\/www.hediyepazar.com\/index.php?rest_route=%2Fwp%2Fv2%2Fproduct_cat&post=117591"},{"taxonomy":"product_tag","embeddable":true,"href":"https:\/\/www.hediyepazar.com\/index.php?rest_route=%2Fwp%2Fv2%2Fproduct_tag&post=117591"}],"curies":[{"name":"wp","href":"https:\/\/api.w.org\/{rel}","templated":true}]}}