{"id":117605,"date":"2026-05-05T20:19:05","date_gmt":"2026-05-05T23:19:05","guid":{"rendered":"https:\/\/www.hediyepazar.com\/?product=usb-sarjli-yikanabilir-baslikli-kisisel-bakim-cihazi-tiras-makinesi"},"modified":"2026-05-05T20:19:05","modified_gmt":"2026-05-05T23:19:05","slug":"usb-sarjli-yikanabilir-baslikli-kisisel-bakim-cihazi-tiras-makinesi","status":"publish","type":"product","link":"https:\/\/www.hediyepazar.com\/?product=usb-sarjli-yikanabilir-baslikli-kisisel-bakim-cihazi-tiras-makinesi","title":{"rendered":"USB \u015farjl\u0131 y\u0131kanabilir ba\u015fl\u0131kl\u0131 ki\u015fisel bak\u0131m cihaz\u0131-T\u0131ra\u015f Makinesi"},"content":{"rendered":"<p>Burun ve kulak t\u00fcylerini ac\u0131 vermeden almak isteyenler i\u00e7in bu \u015farjl\u0131 cihaz pratik bir \u00e7\u00f6z\u00fcmd\u00fcr. K\u00fc\u00e7\u00fck yap\u0131s\u0131 sayesinde rahat ta\u015f\u0131n\u0131r ve saklan\u0131r. G\u00fcnl\u00fck kullan\u0131mda zamandan tasarruf sa\u011flar.Ba\u015fl\u0131k yap\u0131s\u0131, t\u00fcyleri cilde zarar vermeden keser. T\u0131ra\u015f i\u015flemi sessiz ve p\u00fcr\u00fczs\u00fczd\u00fcr. Ayr\u0131ca cihaz\u0131n motoru olduk\u00e7a g\u00fc\u00e7l\u00fcd\u00fcr, bu da daha k\u0131sa s\u00fcrede etkili sonu\u00e7 verir.USB kablosu ile \u015farj edilir. Elektrik prizine gerek kalmadan ta\u015f\u0131nabilir \u015farj cihazlar\u0131yla da kullan\u0131labilir. Ergonomik tasar\u0131m\u0131, her el yap\u0131s\u0131na uygundur.Temizli\u011fi \u00e7ok kolayd\u0131r. Ba\u015fl\u0131klar \u00e7\u0131kar\u0131l\u0131p su alt\u0131nda y\u0131kanabilir. Bu \u00f6zellik, \u00fcr\u00fcn\u00fc hijyen a\u00e7\u0131s\u0131ndan avantajl\u0131 k\u0131lar. Ayr\u0131ca \u00fcr\u00fcn\u00fcn kutusunda yedek ba\u015fl\u0131klar ve temizlik f\u0131r\u00e7as\u0131 da bulunur.G\u00fcnl\u00fck ki\u015fisel bak\u0131m\u0131n\u0131 \u00f6nemseyen herkes i\u00e7in kullan\u0131\u015fl\u0131d\u0131r.<\/p>\n","protected":false},"excerpt":{"rendered":"<p>Burun ve kulak t\u00fcylerini ac\u0131 vermeden almak isteyenler i\u00e7in bu \u015farjl\u0131 cihaz pratik bir \u00e7\u00f6z\u00fcmd\u00fcr. K\u00fc\u00e7\u00fck yap\u0131s\u0131 sayesinde rahat ta\u015f\u0131n\u0131r ve saklan\u0131r. G\u00fcnl\u00fck kullan\u0131mda zamandan tasarruf sa\u011flar.Ba\u015fl\u0131k yap\u0131s\u0131, t\u00fcyleri cilde zarar vermeden keser. T\u0131ra\u015f i\u015flemi sessiz ve p\u00fcr\u00fczs\u00fczd\u00fcr. Ayr\u0131ca cihaz\u0131n motoru olduk\u00e7a g\u00fc\u00e7l\u00fcd\u00fcr, bu da daha k\u0131sa s\u00fcrede etkili sonu\u00e7 verir.USB kablosu ile \u015farj edilir&#8230;.<\/p>\n","protected":false},"featured_media":117604,"comment_status":"open","ping_status":"closed","template":"","meta":{"_kad_post_transparent":"","_kad_post_title":"","_kad_post_layout":"","_kad_post_sidebar_id":"","_kad_post_content_style":"","_kad_post_vertical_padding":"","_kad_post_feature":"","_kad_post_feature_position":"","_kad_post_header":false,"_kad_post_footer":false,"_kad_post_classname":""},"product_brand":[],"product_cat":[14925],"product_tag":[],"class_list":{"0":"post-117605","1":"product","2":"type-product","3":"status-publish","4":"has-post-thumbnail","6":"product_cat-tiras-makinesi-tiras-makinesi","8":"first","9":"instock","10":"purchasable","11":"product-type-simple","12":"entry","13":"content-bg","14":"loop-entry"},"_links":{"self":[{"href":"https:\/\/www.hediyepazar.com\/index.php?rest_route=\/wp\/v2\/product\/117605","targetHints":{"allow":["GET"]}}],"collection":[{"href":"https:\/\/www.hediyepazar.com\/index.php?rest_route=\/wp\/v2\/product"}],"about":[{"href":"https:\/\/www.hediyepazar.com\/index.php?rest_route=\/wp\/v2\/types\/product"}],"replies":[{"embeddable":true,"href":"https:\/\/www.hediyepazar.com\/index.php?rest_route=%2Fwp%2Fv2%2Fcomments&post=117605"}],"wp:featuredmedia":[{"embeddable":true,"href":"https:\/\/www.hediyepazar.com\/index.php?rest_route=\/wp\/v2\/media\/117604"}],"wp:attachment":[{"href":"https:\/\/www.hediyepazar.com\/index.php?rest_route=%2Fwp%2Fv2%2Fmedia&parent=117605"}],"wp:term":[{"taxonomy":"product_brand","embeddable":true,"href":"https:\/\/www.hediyepazar.com\/index.php?rest_route=%2Fwp%2Fv2%2Fproduct_brand&post=117605"},{"taxonomy":"product_cat","embeddable":true,"href":"https:\/\/www.hediyepazar.com\/index.php?rest_route=%2Fwp%2Fv2%2Fproduct_cat&post=117605"},{"taxonomy":"product_tag","embeddable":true,"href":"https:\/\/www.hediyepazar.com\/index.php?rest_route=%2Fwp%2Fv2%2Fproduct_tag&post=117605"}],"curies":[{"name":"wp","href":"https:\/\/api.w.org\/{rel}","templated":true}]}}