{"id":117619,"date":"2026-05-05T20:20:20","date_gmt":"2026-05-05T23:20:20","guid":{"rendered":"https:\/\/www.hediyepazar.com\/?product=komple-vucut-icin-tasinabilir-elektrikli-tiras-cihazi"},"modified":"2026-05-05T20:20:20","modified_gmt":"2026-05-05T23:20:20","slug":"komple-vucut-icin-tasinabilir-elektrikli-tiras-cihazi","status":"publish","type":"product","link":"https:\/\/www.hediyepazar.com\/?product=komple-vucut-icin-tasinabilir-elektrikli-tiras-cihazi","title":{"rendered":"Komple V\u00fccut \u0130\u00e7in Ta\u015f\u0131nabilir Elektrikli T\u0131ra\u015f Cihaz\u0131"},"content":{"rendered":"<p>Bu cihaz, y\u00fcz, bacak, koltuk alt\u0131, g\u00f6\u011f\u00fcs ve g\u00f6vde gibi t\u00fcm b\u00f6lgelerde g\u00fcvenle kullan\u0131labilen ta\u015f\u0131nabilir bir elektrikli t\u0131ra\u015f makinesidir. Al\u00fcminyum ala\u015f\u0131ml\u0131 g\u00f6vdesi, dayan\u0131kl\u0131l\u0131\u011f\u0131 ve hafifli\u011fi bir arada sunar. Ayr\u0131ca kaymaz d\u0131\u015f y\u00fczey sayesinde hem \u0131slak hem kuru kullan\u0131mda rahat bir tutu\u015f sa\u011flar. Elde kayma riski minimuma indirilmi\u015ftir; bu sayede kullan\u0131m s\u0131ras\u0131nda kazaya kar\u015f\u0131 ekstra bir g\u00fcven sunar.\u0130\u00e7erisindeki g\u00fc\u00e7l\u00fc motor, dakikada 6600 devir yaparak yo\u011fun sa\u00e7 ve sakal b\u00f6lgelerinde bile etkin t\u0131ra\u015f sa\u011flar. Normal elektrikli t\u0131ra\u015f makinelerine g\u00f6re iki kat daha g\u00fc\u00e7l\u00fc performans sunan bu cihaz, t\u0131ra\u015f s\u00fcresini \u00f6nemli oranda k\u0131salt\u0131r. Daha da \u00f6nemlisi, d\u00fc\u015f\u00fck pil seviyelerinde dahi motor h\u0131z\u0131nda hi\u00e7bir d\u00fc\u015f\u00fc\u015f ya\u015famaz. Bu da, batma veya tahri\u015f gibi rahats\u0131z edici durumlar\u0131n \u00f6n\u00fcne ge\u00e7erek sorunsuz bir deneyim vadeder.Suya kar\u015f\u0131 tam koruma sa\u011flayan IPX7 sertifikas\u0131 bulunan bu cihaz, du\u015fta kullan\u0131m i\u00e7in uygundur. Kullan\u0131m sonras\u0131 do\u011frudan su alt\u0131nda y\u0131kanabilir ve hijyenli bir temizlik m\u00fcmk\u00fcn hale gelir. Ayr\u0131ca su ge\u00e7irmez tasar\u0131m\u0131 sayesinde bakterilerin \u00fcrmesine f\u0131rsat tan\u0131maz; bu sayede sa\u011fl\u0131kl\u0131 kullan\u0131m imkan\u0131 sunar.G\u00fcr\u00fclt\u00fc seviyesini minimum frekanslarda tutan mikro titre\u015fimli motor, sabah erken saatlerde veya payla\u015f\u0131lan ortamlarda bile sessiz kullan\u0131m sa\u011flar. Y\u00fcksek performansl\u0131 ancak d\u00fc\u015f\u00fck g\u00fcr\u00fclt\u00fcl\u00fc yap\u0131s\u0131, kullan\u0131c\u0131ya hem konfor hem de \u00e7evresine zarar vermeme a\u00e7\u0131s\u0131ndan rahatl\u0131k sunar.Boyunun k\u00fc\u00e7\u00fck olmas\u0131, onu seyahatler, i\u015f gezileri, kamp d\u00f6nemleri veya arac\u0131n\u0131zda dahi cazip hale getirir. Pantolon cebine veya k\u00fc\u00e7\u00fck \u00e7antalara s\u0131\u011fabilen kompakt tasar\u0131m\u0131yla her zaman yan\u0131n\u0131zda ta\u015f\u0131yabilece\u011finiz bir bak\u0131m arkada\u015f\u0131d\u0131r.Hem erkek hem kad\u0131n kullan\u0131c\u0131lar i\u00e7in uygun olan bu cihaz, ki\u015fisel bak\u0131mda \u201cher yerde, her zaman\u201d ilkesi ile hareket edenler i\u00e7in ideal bir \u00fcr\u00fcnd\u00fcr. Bir taraftan v\u00fccut t\u0131ra\u015f\u0131nda \u00e7ok y\u00f6nl\u00fc kullan\u0131m sa\u011flarken di\u011fer taraftan zaman kazand\u0131r\u0131r.Son olarak, kompakt boyut ve estetik g\u00f6r\u00fcn\u00fcm kombinasyonu; kullan\u0131c\u0131lar\u0131n kendileri i\u00e7in alaca\u011f\u0131 gibi, sevdiklerine \u00f6zel g\u00fcnlerde hediye olarak d\u00fc\u015f\u00fcnebilece\u011fi pratik bir \u00e7\u00f6z\u00fcm sunar. Yarat\u0131c\u0131 ve daima i\u015flevsel bir hediye aray\u0131\u015f\u0131ndaysan\u0131z, bu cihaz olduk\u00e7a uygun bir tercihtir.<\/p>\n","protected":false},"excerpt":{"rendered":"<p>Bu cihaz, y\u00fcz, bacak, koltuk alt\u0131, g\u00f6\u011f\u00fcs ve g\u00f6vde gibi t\u00fcm b\u00f6lgelerde g\u00fcvenle kullan\u0131labilen ta\u015f\u0131nabilir bir elektrikli t\u0131ra\u015f makinesidir. Al\u00fcminyum ala\u015f\u0131ml\u0131 g\u00f6vdesi, dayan\u0131kl\u0131l\u0131\u011f\u0131 ve hafifli\u011fi bir arada sunar. Ayr\u0131ca kaymaz d\u0131\u015f y\u00fczey sayesinde hem \u0131slak hem kuru kullan\u0131mda rahat bir tutu\u015f sa\u011flar. Elde kayma riski minimuma indirilmi\u015ftir; bu sayede kullan\u0131m s\u0131ras\u0131nda kazaya kar\u015f\u0131 ekstra bir&#8230;<\/p>\n","protected":false},"featured_media":117618,"comment_status":"open","ping_status":"closed","template":"","meta":{"_kad_post_transparent":"","_kad_post_title":"","_kad_post_layout":"","_kad_post_sidebar_id":"","_kad_post_content_style":"","_kad_post_vertical_padding":"","_kad_post_feature":"","_kad_post_feature_position":"","_kad_post_header":false,"_kad_post_footer":false,"_kad_post_classname":""},"product_brand":[],"product_cat":[14925],"product_tag":[],"class_list":{"0":"post-117619","1":"product","2":"type-product","3":"status-publish","4":"has-post-thumbnail","6":"product_cat-tiras-makinesi-tiras-makinesi","8":"first","9":"instock","10":"purchasable","11":"product-type-simple","12":"entry","13":"content-bg","14":"loop-entry"},"_links":{"self":[{"href":"https:\/\/www.hediyepazar.com\/index.php?rest_route=\/wp\/v2\/product\/117619","targetHints":{"allow":["GET"]}}],"collection":[{"href":"https:\/\/www.hediyepazar.com\/index.php?rest_route=\/wp\/v2\/product"}],"about":[{"href":"https:\/\/www.hediyepazar.com\/index.php?rest_route=\/wp\/v2\/types\/product"}],"replies":[{"embeddable":true,"href":"https:\/\/www.hediyepazar.com\/index.php?rest_route=%2Fwp%2Fv2%2Fcomments&post=117619"}],"wp:featuredmedia":[{"embeddable":true,"href":"https:\/\/www.hediyepazar.com\/index.php?rest_route=\/wp\/v2\/media\/117618"}],"wp:attachment":[{"href":"https:\/\/www.hediyepazar.com\/index.php?rest_route=%2Fwp%2Fv2%2Fmedia&parent=117619"}],"wp:term":[{"taxonomy":"product_brand","embeddable":true,"href":"https:\/\/www.hediyepazar.com\/index.php?rest_route=%2Fwp%2Fv2%2Fproduct_brand&post=117619"},{"taxonomy":"product_cat","embeddable":true,"href":"https:\/\/www.hediyepazar.com\/index.php?rest_route=%2Fwp%2Fv2%2Fproduct_cat&post=117619"},{"taxonomy":"product_tag","embeddable":true,"href":"https:\/\/www.hediyepazar.com\/index.php?rest_route=%2Fwp%2Fv2%2Fproduct_tag&post=117619"}],"curies":[{"name":"wp","href":"https:\/\/api.w.org\/{rel}","templated":true}]}}