{"id":117763,"date":"2026-05-05T20:36:17","date_gmt":"2026-05-05T23:36:17","guid":{"rendered":"https:\/\/www.hediyepazar.com\/?product=yuksek-devirde-etkili-temizlik-saglayan-matkap-ucu-firca-seti"},"modified":"2026-05-05T20:36:17","modified_gmt":"2026-05-05T23:36:17","slug":"yuksek-devirde-etkili-temizlik-saglayan-matkap-ucu-firca-seti","status":"publish","type":"product","link":"https:\/\/www.hediyepazar.com\/?product=yuksek-devirde-etkili-temizlik-saglayan-matkap-ucu-firca-seti","title":{"rendered":"Y\u00fcksek Devirde Etkili Temizlik Sa\u011flayan Matkap Ucu F\u0131r\u00e7a Seti"},"content":{"rendered":"<p>Temizlik ekipmanlar\u0131nda dayan\u0131kl\u0131l\u0131k en \u00f6nemli kriterlerden biridir. Bu temizlik ba\u015fl\u0131\u011f\u0131, hem d\u0131\u015f g\u00f6vdesinde hem de f\u0131r\u00e7a k\u0131llar\u0131nda uzun \u00f6m\u00fcrl\u00fc malzemeler kullan\u0131larak \u00fcretilmi\u015ftir. K\u0131llar, y\u00fcksek devirli kullan\u0131mda bile kolay kolay y\u0131pranmaz. Plastikler UV \u0131\u015f\u0131nlar\u0131na ve neme kar\u015f\u0131 dayan\u0131kl\u0131d\u0131r, b\u00f6ylece d\u0131\u015f mek\u00e2n kullan\u0131m\u0131 i\u00e7in de uygundur. A\u011f\u0131r kimyasallarla kullan\u0131ld\u0131\u011f\u0131nda bile deformasyon riski minimumdur. Bu nedenle hem ev kullan\u0131c\u0131lar\u0131 hem de profesyonel temizlik personelleri i\u00e7in ideal bir tercihtir. Uzun s\u00fcreli temizlik i\u015fleri i\u00e7in ekonomik ve g\u00fcvenilir bir alternatiftir.&nbsp;&nbsp;<\/p>\n","protected":false},"excerpt":{"rendered":"<p>Temizlik ekipmanlar\u0131nda dayan\u0131kl\u0131l\u0131k en \u00f6nemli kriterlerden biridir. Bu temizlik ba\u015fl\u0131\u011f\u0131, hem d\u0131\u015f g\u00f6vdesinde hem de f\u0131r\u00e7a k\u0131llar\u0131nda uzun \u00f6m\u00fcrl\u00fc malzemeler kullan\u0131larak \u00fcretilmi\u015ftir. K\u0131llar, y\u00fcksek devirli kullan\u0131mda bile kolay kolay y\u0131pranmaz. Plastikler UV \u0131\u015f\u0131nlar\u0131na ve neme kar\u015f\u0131 dayan\u0131kl\u0131d\u0131r, b\u00f6ylece d\u0131\u015f mek\u00e2n kullan\u0131m\u0131 i\u00e7in de uygundur. A\u011f\u0131r kimyasallarla kullan\u0131ld\u0131\u011f\u0131nda bile deformasyon riski minimumdur. Bu nedenle hem ev&#8230;<\/p>\n","protected":false},"featured_media":117762,"comment_status":"open","ping_status":"closed","template":"","meta":{"_kad_post_transparent":"","_kad_post_title":"","_kad_post_layout":"","_kad_post_sidebar_id":"","_kad_post_content_style":"","_kad_post_vertical_padding":"","_kad_post_feature":"","_kad_post_feature_position":"","_kad_post_header":false,"_kad_post_footer":false,"_kad_post_classname":""},"product_brand":[],"product_cat":[15053],"product_tag":[],"class_list":{"0":"post-117763","1":"product","2":"type-product","3":"status-publish","4":"has-post-thumbnail","6":"product_cat-oto-bakim-seti-oto-bakim-seti-2","8":"first","9":"instock","10":"purchasable","11":"product-type-simple","12":"entry","13":"content-bg","14":"loop-entry"},"_links":{"self":[{"href":"https:\/\/www.hediyepazar.com\/index.php?rest_route=\/wp\/v2\/product\/117763","targetHints":{"allow":["GET"]}}],"collection":[{"href":"https:\/\/www.hediyepazar.com\/index.php?rest_route=\/wp\/v2\/product"}],"about":[{"href":"https:\/\/www.hediyepazar.com\/index.php?rest_route=\/wp\/v2\/types\/product"}],"replies":[{"embeddable":true,"href":"https:\/\/www.hediyepazar.com\/index.php?rest_route=%2Fwp%2Fv2%2Fcomments&post=117763"}],"wp:featuredmedia":[{"embeddable":true,"href":"https:\/\/www.hediyepazar.com\/index.php?rest_route=\/wp\/v2\/media\/117762"}],"wp:attachment":[{"href":"https:\/\/www.hediyepazar.com\/index.php?rest_route=%2Fwp%2Fv2%2Fmedia&parent=117763"}],"wp:term":[{"taxonomy":"product_brand","embeddable":true,"href":"https:\/\/www.hediyepazar.com\/index.php?rest_route=%2Fwp%2Fv2%2Fproduct_brand&post=117763"},{"taxonomy":"product_cat","embeddable":true,"href":"https:\/\/www.hediyepazar.com\/index.php?rest_route=%2Fwp%2Fv2%2Fproduct_cat&post=117763"},{"taxonomy":"product_tag","embeddable":true,"href":"https:\/\/www.hediyepazar.com\/index.php?rest_route=%2Fwp%2Fv2%2Fproduct_tag&post=117763"}],"curies":[{"name":"wp","href":"https:\/\/api.w.org\/{rel}","templated":true}]}}