{"id":117779,"date":"2026-05-05T20:37:20","date_gmt":"2026-05-05T23:37:20","guid":{"rendered":"https:\/\/www.hediyepazar.com\/?product=katlanabilir-araba-gunesligi-uv-ve-isi-korumasi-kolay-kurulum-gerektirmez"},"modified":"2026-05-05T20:37:20","modified_gmt":"2026-05-05T23:37:20","slug":"katlanabilir-araba-gunesligi-uv-ve-isi-korumasi-kolay-kurulum-gerektirmez","status":"publish","type":"product","link":"https:\/\/www.hediyepazar.com\/?product=katlanabilir-araba-gunesligi-uv-ve-isi-korumasi-kolay-kurulum-gerektirmez","title":{"rendered":"Katlanabilir Araba G\u00fcne\u015fli\u011fi \u2013 UV ve Is\u0131 Korumas\u0131 Kolay Kurulum Gerektirmez"},"content":{"rendered":"<p>Araban\u0131z\u0131 yaz s\u0131ca\u011f\u0131ndan ve zararl\u0131 UV \u0131\u015f\u0131nlar\u0131ndan korumak i\u00e7in ideal bir \u00e7\u00f6z\u00fcm sunan bu \u00f6n cam g\u00fcne\u015fli\u011fi, hem estetik hem de fonksiyonel tasar\u0131m\u0131yla fark yarat\u0131r. Kal\u0131nla\u015ft\u0131r\u0131lm\u0131\u015f kuma\u015f yap\u0131s\u0131 ve \u00f6zel kaplamas\u0131 sayesinde arac\u0131n\u0131z\u0131n i\u00e7ini serin tutar, koltuklar\u0131n ve torpidonun g\u00fcne\u015ften solmas\u0131n\u0131 \u00f6nler.Kurulum gerekmez. Tek yapman\u0131z gereken, g\u00fcne\u015fli\u011fi cam boyunca \u00e7ekmek ve yerine sabitlemek. Kullanmad\u0131\u011f\u0131n\u0131zda ise kolayca katlanarak arac\u0131n\u0131z\u0131n kap\u0131 cebi, torpido g\u00f6z\u00fc veya koltuk alt\u0131na s\u0131\u011far. Cam elyaf iskelet, \u00fcr\u00fcn\u00fcn formunu korumas\u0131n\u0131 sa\u011flar; k\u0131r\u0131lmaz, deforme olmaz. Bu da onu uzun \u00f6m\u00fcrl\u00fc ve g\u00fcvenilir bir \u00fcr\u00fcn haline getirir.Ayr\u0131ca 360\u00b0 d\u00f6nebilen sap\u0131, farkl\u0131 a\u00e7\u0131lara uyum sa\u011flar. Her ara\u00e7 tipi i\u00e7in uygundur: sedan, SUV, hafif ticari. \u00dcstelik siyah rengi hem \u015f\u0131k g\u00f6r\u00fcn\u00fcr hem de maksimum \u0131\u015f\u0131k emilimi sunar. Arac\u0131n\u0131z\u0131 d\u0131\u015f etkenlerden korumak i\u00e7in vazge\u00e7ilmez bir \u00fcr\u00fcnd\u00fcr.<\/p>\n","protected":false},"excerpt":{"rendered":"<p>Araban\u0131z\u0131 yaz s\u0131ca\u011f\u0131ndan ve zararl\u0131 UV \u0131\u015f\u0131nlar\u0131ndan korumak i\u00e7in ideal bir \u00e7\u00f6z\u00fcm sunan bu \u00f6n cam g\u00fcne\u015fli\u011fi, hem estetik hem de fonksiyonel tasar\u0131m\u0131yla fark yarat\u0131r. Kal\u0131nla\u015ft\u0131r\u0131lm\u0131\u015f kuma\u015f yap\u0131s\u0131 ve \u00f6zel kaplamas\u0131 sayesinde arac\u0131n\u0131z\u0131n i\u00e7ini serin tutar, koltuklar\u0131n ve torpidonun g\u00fcne\u015ften solmas\u0131n\u0131 \u00f6nler.Kurulum gerekmez. Tek yapman\u0131z gereken, g\u00fcne\u015fli\u011fi cam boyunca \u00e7ekmek ve yerine sabitlemek. Kullanmad\u0131\u011f\u0131n\u0131zda ise&#8230;<\/p>\n","protected":false},"featured_media":117778,"comment_status":"open","ping_status":"closed","template":"","meta":{"_kad_post_transparent":"","_kad_post_title":"","_kad_post_layout":"","_kad_post_sidebar_id":"","_kad_post_content_style":"","_kad_post_vertical_padding":"","_kad_post_feature":"","_kad_post_feature_position":"","_kad_post_header":false,"_kad_post_footer":false,"_kad_post_classname":""},"product_brand":[],"product_cat":[14921],"product_tag":[],"class_list":{"0":"post-117779","1":"product","2":"type-product","3":"status-publish","4":"has-post-thumbnail","6":"product_cat-oto-guneslik-perde-oto-guneslik-perde-2","8":"first","9":"instock","10":"purchasable","11":"product-type-simple","12":"entry","13":"content-bg","14":"loop-entry"},"_links":{"self":[{"href":"https:\/\/www.hediyepazar.com\/index.php?rest_route=\/wp\/v2\/product\/117779","targetHints":{"allow":["GET"]}}],"collection":[{"href":"https:\/\/www.hediyepazar.com\/index.php?rest_route=\/wp\/v2\/product"}],"about":[{"href":"https:\/\/www.hediyepazar.com\/index.php?rest_route=\/wp\/v2\/types\/product"}],"replies":[{"embeddable":true,"href":"https:\/\/www.hediyepazar.com\/index.php?rest_route=%2Fwp%2Fv2%2Fcomments&post=117779"}],"wp:featuredmedia":[{"embeddable":true,"href":"https:\/\/www.hediyepazar.com\/index.php?rest_route=\/wp\/v2\/media\/117778"}],"wp:attachment":[{"href":"https:\/\/www.hediyepazar.com\/index.php?rest_route=%2Fwp%2Fv2%2Fmedia&parent=117779"}],"wp:term":[{"taxonomy":"product_brand","embeddable":true,"href":"https:\/\/www.hediyepazar.com\/index.php?rest_route=%2Fwp%2Fv2%2Fproduct_brand&post=117779"},{"taxonomy":"product_cat","embeddable":true,"href":"https:\/\/www.hediyepazar.com\/index.php?rest_route=%2Fwp%2Fv2%2Fproduct_cat&post=117779"},{"taxonomy":"product_tag","embeddable":true,"href":"https:\/\/www.hediyepazar.com\/index.php?rest_route=%2Fwp%2Fv2%2Fproduct_tag&post=117779"}],"curies":[{"name":"wp","href":"https:\/\/api.w.org\/{rel}","templated":true}]}}