{"id":117784,"date":"2026-05-05T20:40:08","date_gmt":"2026-05-05T23:40:08","guid":{"rendered":"https:\/\/www.hediyepazar.com\/?product=plazma-ark-teknolojili-elektrikli-cakmak-dokunmatik-led-gostergeli-sarj-edilebilir"},"modified":"2026-05-05T20:40:08","modified_gmt":"2026-05-05T23:40:08","slug":"plazma-ark-teknolojili-elektrikli-cakmak-dokunmatik-led-gostergeli-sarj-edilebilir","status":"publish","type":"product","link":"https:\/\/www.hediyepazar.com\/?product=plazma-ark-teknolojili-elektrikli-cakmak-dokunmatik-led-gostergeli-sarj-edilebilir","title":{"rendered":"Plazma Ark Teknolojili Elektrikli \u00c7akmak \u2013 Dokunmatik LED G\u00f6stergeli \u015earj Edilebilir"},"content":{"rendered":"<p>G\u00fcn\u00fcm\u00fcz teknolojisinin sundu\u011fu imkanlardan biri olan elektronik \u00e7akmak, ate\u015fi plazma ark\u0131yla olu\u015fturur. Bu y\u00f6ntem sayesinde r\u00fczgardan etkilenmeyen, g\u00fcvenli, \u00e7evre dostu ve ekonomik bir kullan\u0131m deneyimi sunar. Yak\u0131t dolumu gerekmedi\u011fi i\u00e7in ekstra masraf \u00e7\u0131karmaz, tekrar tekrar kullan\u0131labilir.USB ile kolayca \u015farj edilir ve k\u0131sa s\u00fcrede tam doluluk seviyesine ula\u015f\u0131r. Kompakt boyutu, metalik d\u0131\u015f y\u00fczeyi ve modern tasar\u0131m\u0131 ile hem g\u00fcnl\u00fck kullan\u0131m i\u00e7in uygundur hem de \u015f\u0131k bir hediye alternatifi olarak tercih edilir. Arac\u0131n\u0131zda, ofis \u00e7ekmecenizde ya da seyahatte her an elinizin alt\u0131nda bulundurabilirsiniz.&nbsp;<\/p>\n","protected":false},"excerpt":{"rendered":"<p>G\u00fcn\u00fcm\u00fcz teknolojisinin sundu\u011fu imkanlardan biri olan elektronik \u00e7akmak, ate\u015fi plazma ark\u0131yla olu\u015fturur. Bu y\u00f6ntem sayesinde r\u00fczgardan etkilenmeyen, g\u00fcvenli, \u00e7evre dostu ve ekonomik bir kullan\u0131m deneyimi sunar. Yak\u0131t dolumu gerekmedi\u011fi i\u00e7in ekstra masraf \u00e7\u0131karmaz, tekrar tekrar kullan\u0131labilir.USB ile kolayca \u015farj edilir ve k\u0131sa s\u00fcrede tam doluluk seviyesine ula\u015f\u0131r. Kompakt boyutu, metalik d\u0131\u015f y\u00fczeyi ve modern tasar\u0131m\u0131&#8230;<\/p>\n","protected":false},"featured_media":117783,"comment_status":"open","ping_status":"closed","template":"","meta":{"_kad_post_transparent":"","_kad_post_title":"","_kad_post_layout":"","_kad_post_sidebar_id":"","_kad_post_content_style":"","_kad_post_vertical_padding":"","_kad_post_feature":"","_kad_post_feature_position":"","_kad_post_header":false,"_kad_post_footer":false,"_kad_post_classname":""},"product_brand":[],"product_cat":[15046],"product_tag":[],"class_list":{"0":"post-117784","1":"product","2":"type-product","3":"status-publish","4":"has-post-thumbnail","6":"product_cat-elektronik-cakmak-elektronik-cakmak","8":"first","9":"instock","10":"purchasable","11":"product-type-simple","12":"entry","13":"content-bg","14":"loop-entry"},"_links":{"self":[{"href":"https:\/\/www.hediyepazar.com\/index.php?rest_route=\/wp\/v2\/product\/117784","targetHints":{"allow":["GET"]}}],"collection":[{"href":"https:\/\/www.hediyepazar.com\/index.php?rest_route=\/wp\/v2\/product"}],"about":[{"href":"https:\/\/www.hediyepazar.com\/index.php?rest_route=\/wp\/v2\/types\/product"}],"replies":[{"embeddable":true,"href":"https:\/\/www.hediyepazar.com\/index.php?rest_route=%2Fwp%2Fv2%2Fcomments&post=117784"}],"wp:featuredmedia":[{"embeddable":true,"href":"https:\/\/www.hediyepazar.com\/index.php?rest_route=\/wp\/v2\/media\/117783"}],"wp:attachment":[{"href":"https:\/\/www.hediyepazar.com\/index.php?rest_route=%2Fwp%2Fv2%2Fmedia&parent=117784"}],"wp:term":[{"taxonomy":"product_brand","embeddable":true,"href":"https:\/\/www.hediyepazar.com\/index.php?rest_route=%2Fwp%2Fv2%2Fproduct_brand&post=117784"},{"taxonomy":"product_cat","embeddable":true,"href":"https:\/\/www.hediyepazar.com\/index.php?rest_route=%2Fwp%2Fv2%2Fproduct_cat&post=117784"},{"taxonomy":"product_tag","embeddable":true,"href":"https:\/\/www.hediyepazar.com\/index.php?rest_route=%2Fwp%2Fv2%2Fproduct_tag&post=117784"}],"curies":[{"name":"wp","href":"https:\/\/api.w.org\/{rel}","templated":true}]}}