{"id":117964,"date":"2026-05-05T21:05:08","date_gmt":"2026-05-06T00:05:08","guid":{"rendered":"https:\/\/www.hediyepazar.com\/?product=oyunlar-icin-telefon-sogutucu-65-85-mm-uyumlu-dijital-ekranli"},"modified":"2026-05-05T21:05:08","modified_gmt":"2026-05-06T00:05:08","slug":"oyunlar-icin-telefon-sogutucu-65-85-mm-uyumlu-dijital-ekranli","status":"publish","type":"product","link":"https:\/\/www.hediyepazar.com\/?product=oyunlar-icin-telefon-sogutucu-65-85-mm-uyumlu-dijital-ekranli","title":{"rendered":"Oyunlar \u0130\u00e7in Telefon So\u011futucu \u2013 65-85 mm Uyumlu Dijital Ekranl\u0131"},"content":{"rendered":"<p>Cep Telefonu Radyat\u00f6r\u00fc, telefonunuzun performans\u0131n\u0131 art\u0131rmak i\u00e7in tasarland\u0131. Yar\u0131 iletken so\u011futma teknolojisiyle donat\u0131lan bu cihaz, sadece y\u00fczeysel serinlik de\u011fil, derinlemesine so\u011futma sa\u011flar. Bu da i\u015flemcinin daha verimli \u00e7al\u0131\u015fmas\u0131n\u0131 ve uygulamalar\u0131n ak\u0131c\u0131 bir \u015fekilde i\u015flemesini m\u00fcmk\u00fcn k\u0131lar.Titre\u015fim yapmayan tasar\u0131m\u0131 ile oyun oynarken dikkat da\u011f\u0131n\u0131kl\u0131\u011f\u0131n\u0131 \u00f6nler. Metal + ABS yap\u0131 hem sa\u011flam hem de \u015f\u0131k bir g\u00f6r\u00fcn\u00fcm sunar. \u00d6zellikle PUBG, Mobile Legends, Call of Duty gibi y\u00fcksek grafik isteyen oyunlar oynuyorsan\u0131z bu cihaz sizin i\u00e7in olmazsa olmaz!2 vitesli ayarlanabilir fan h\u0131z\u0131 sayesinde ortam s\u0131cakl\u0131\u011f\u0131na g\u00f6re ayar yapabilir, dijital ekran \u00fczerinden mevcut durumu g\u00f6rebilirsiniz. 65 graml\u0131k hafifli\u011fi ve ta\u015f\u0131mas\u0131 kolay tasar\u0131m\u0131yla her zaman yan\u0131n\u0131zda!&nbsp;<\/p>\n","protected":false},"excerpt":{"rendered":"<p>Cep Telefonu Radyat\u00f6r\u00fc, telefonunuzun performans\u0131n\u0131 art\u0131rmak i\u00e7in tasarland\u0131. Yar\u0131 iletken so\u011futma teknolojisiyle donat\u0131lan bu cihaz, sadece y\u00fczeysel serinlik de\u011fil, derinlemesine so\u011futma sa\u011flar. Bu da i\u015flemcinin daha verimli \u00e7al\u0131\u015fmas\u0131n\u0131 ve uygulamalar\u0131n ak\u0131c\u0131 bir \u015fekilde i\u015flemesini m\u00fcmk\u00fcn k\u0131lar.Titre\u015fim yapmayan tasar\u0131m\u0131 ile oyun oynarken dikkat da\u011f\u0131n\u0131kl\u0131\u011f\u0131n\u0131 \u00f6nler. Metal + ABS yap\u0131 hem sa\u011flam hem de \u015f\u0131k bir g\u00f6r\u00fcn\u00fcm&#8230;<\/p>\n","protected":false},"featured_media":117963,"comment_status":"open","ping_status":"closed","template":"","meta":{"_kad_post_transparent":"","_kad_post_title":"","_kad_post_layout":"","_kad_post_sidebar_id":"","_kad_post_content_style":"","_kad_post_vertical_padding":"","_kad_post_feature":"","_kad_post_feature_position":"","_kad_post_header":false,"_kad_post_footer":false,"_kad_post_classname":""},"product_brand":[],"product_cat":[14991],"product_tag":[],"class_list":{"0":"post-117964","1":"product","2":"type-product","3":"status-publish","4":"has-post-thumbnail","6":"product_cat-mobil-oyun-aksesuar-mobil-oyun-aksesuar","8":"first","9":"instock","10":"purchasable","11":"product-type-simple","12":"entry","13":"content-bg","14":"loop-entry"},"_links":{"self":[{"href":"https:\/\/www.hediyepazar.com\/index.php?rest_route=\/wp\/v2\/product\/117964","targetHints":{"allow":["GET"]}}],"collection":[{"href":"https:\/\/www.hediyepazar.com\/index.php?rest_route=\/wp\/v2\/product"}],"about":[{"href":"https:\/\/www.hediyepazar.com\/index.php?rest_route=\/wp\/v2\/types\/product"}],"replies":[{"embeddable":true,"href":"https:\/\/www.hediyepazar.com\/index.php?rest_route=%2Fwp%2Fv2%2Fcomments&post=117964"}],"wp:featuredmedia":[{"embeddable":true,"href":"https:\/\/www.hediyepazar.com\/index.php?rest_route=\/wp\/v2\/media\/117963"}],"wp:attachment":[{"href":"https:\/\/www.hediyepazar.com\/index.php?rest_route=%2Fwp%2Fv2%2Fmedia&parent=117964"}],"wp:term":[{"taxonomy":"product_brand","embeddable":true,"href":"https:\/\/www.hediyepazar.com\/index.php?rest_route=%2Fwp%2Fv2%2Fproduct_brand&post=117964"},{"taxonomy":"product_cat","embeddable":true,"href":"https:\/\/www.hediyepazar.com\/index.php?rest_route=%2Fwp%2Fv2%2Fproduct_cat&post=117964"},{"taxonomy":"product_tag","embeddable":true,"href":"https:\/\/www.hediyepazar.com\/index.php?rest_route=%2Fwp%2Fv2%2Fproduct_tag&post=117964"}],"curies":[{"name":"wp","href":"https:\/\/api.w.org\/{rel}","templated":true}]}}