{"id":118000,"date":"2026-05-05T21:10:19","date_gmt":"2026-05-06T00:10:19","guid":{"rendered":"https:\/\/www.hediyepazar.com\/?product=kendini-temizleyen-hava-yastikli-sac-taragi-dugumsuz-tarama"},"modified":"2026-05-05T21:10:19","modified_gmt":"2026-05-06T00:10:19","slug":"kendini-temizleyen-hava-yastikli-sac-taragi-dugumsuz-tarama","status":"publish","type":"product","link":"https:\/\/www.hediyepazar.com\/?product=kendini-temizleyen-hava-yastikli-sac-taragi-dugumsuz-tarama","title":{"rendered":"Kendini Temizleyen Hava Yast\u0131kl\u0131 Sa\u00e7 Tara\u011f\u0131 \u2013 D\u00fc\u011f\u00fcms\u00fcz Tarama"},"content":{"rendered":"<p>Her ya\u015ftan kullan\u0131c\u0131 i\u00e7in uygun olan bu tarak, g\u00fcnl\u00fck sa\u00e7 bak\u0131m rutinlerinde g\u00fcvenle kullan\u0131labilir. Kendini temizleme mekanizmas\u0131 sayesinde hijyen standartlar\u0131n\u0131 y\u00fckseltir ve uzun \u00f6m\u00fcrl\u00fc kullan\u0131m sunar. H\u0131zl\u0131, etkili ve konforlu bir sa\u00e7 tarama deneyimi arayanlar i\u00e7in idealdir.<\/p>\n","protected":false},"excerpt":{"rendered":"<p>Her ya\u015ftan kullan\u0131c\u0131 i\u00e7in uygun olan bu tarak, g\u00fcnl\u00fck sa\u00e7 bak\u0131m rutinlerinde g\u00fcvenle kullan\u0131labilir. Kendini temizleme mekanizmas\u0131 sayesinde hijyen standartlar\u0131n\u0131 y\u00fckseltir ve uzun \u00f6m\u00fcrl\u00fc kullan\u0131m sunar. H\u0131zl\u0131, etkili ve konforlu bir sa\u00e7 tarama deneyimi arayanlar i\u00e7in idealdir.<\/p>\n","protected":false},"featured_media":117999,"comment_status":"open","ping_status":"closed","template":"","meta":{"_kad_post_transparent":"","_kad_post_title":"","_kad_post_layout":"","_kad_post_sidebar_id":"","_kad_post_content_style":"","_kad_post_vertical_padding":"","_kad_post_feature":"","_kad_post_feature_position":"","_kad_post_header":false,"_kad_post_footer":false,"_kad_post_classname":""},"product_brand":[],"product_cat":[14955],"product_tag":[],"class_list":{"0":"post-118000","1":"product","2":"type-product","3":"status-publish","4":"has-post-thumbnail","6":"product_cat-sac-fircasi-tarak-sac-fircasi-tarak","8":"first","9":"instock","10":"purchasable","11":"product-type-simple","12":"entry","13":"content-bg","14":"loop-entry"},"_links":{"self":[{"href":"https:\/\/www.hediyepazar.com\/index.php?rest_route=\/wp\/v2\/product\/118000","targetHints":{"allow":["GET"]}}],"collection":[{"href":"https:\/\/www.hediyepazar.com\/index.php?rest_route=\/wp\/v2\/product"}],"about":[{"href":"https:\/\/www.hediyepazar.com\/index.php?rest_route=\/wp\/v2\/types\/product"}],"replies":[{"embeddable":true,"href":"https:\/\/www.hediyepazar.com\/index.php?rest_route=%2Fwp%2Fv2%2Fcomments&post=118000"}],"wp:featuredmedia":[{"embeddable":true,"href":"https:\/\/www.hediyepazar.com\/index.php?rest_route=\/wp\/v2\/media\/117999"}],"wp:attachment":[{"href":"https:\/\/www.hediyepazar.com\/index.php?rest_route=%2Fwp%2Fv2%2Fmedia&parent=118000"}],"wp:term":[{"taxonomy":"product_brand","embeddable":true,"href":"https:\/\/www.hediyepazar.com\/index.php?rest_route=%2Fwp%2Fv2%2Fproduct_brand&post=118000"},{"taxonomy":"product_cat","embeddable":true,"href":"https:\/\/www.hediyepazar.com\/index.php?rest_route=%2Fwp%2Fv2%2Fproduct_cat&post=118000"},{"taxonomy":"product_tag","embeddable":true,"href":"https:\/\/www.hediyepazar.com\/index.php?rest_route=%2Fwp%2Fv2%2Fproduct_tag&post=118000"}],"curies":[{"name":"wp","href":"https:\/\/api.w.org\/{rel}","templated":true}]}}