{"id":118020,"date":"2026-05-05T21:16:05","date_gmt":"2026-05-06T00:16:05","guid":{"rendered":"https:\/\/www.hediyepazar.com\/?product=rado-rd-446-hizli-isinan-profesyonel-duzlestirici-2"},"modified":"2026-05-05T21:16:05","modified_gmt":"2026-05-06T00:16:05","slug":"rado-rd-446-hizli-isinan-profesyonel-duzlestirici-2","status":"publish","type":"product","link":"https:\/\/www.hediyepazar.com\/?product=rado-rd-446-hizli-isinan-profesyonel-duzlestirici-2","title":{"rendered":"Rado RD-446 H\u0131zl\u0131 Is\u0131nan Profesyonel D\u00fczle\u015ftirici"},"content":{"rendered":"<p>Sa\u00e7\u0131n\u0131za hak etti\u011fi \u00f6zeni g\u00f6stermek istiyorsan\u0131z, Rado RD-446 tam size g\u00f6re. Geli\u015fmi\u015f d\u00fczle\u015ftirme teknolojisi sayesinde sa\u00e7lar\u0131n\u0131z\u0131 h\u0131zl\u0131ca d\u00fczle\u015ftirirken, parlak ve sa\u011fl\u0131kl\u0131 bir g\u00f6r\u00fcn\u00fcm kazand\u0131r\u0131r. Titanyum seramik plakalar, \u0131s\u0131y\u0131 sa\u00e7 telinde e\u015fit da\u011f\u0131tarak \u015fekillendirme s\u00fcresini k\u0131salt\u0131r. Nem sens\u00f6r\u00fc ile donat\u0131lan cihaz, sa\u00e7taki do\u011fal nemi korur, kurulu\u011fu ve k\u0131r\u0131lmay\u0131 \u00f6nler. S\u0131cakl\u0131k ayarlar\u0131 dijital ekran \u00fczerinden hassas \u015fekilde yap\u0131labilir. \u0130nce yap\u0131s\u0131 sayesinde sa\u00e7 k\u00f6klerine yak\u0131n b\u00f6lgelerde bile etkili sonu\u00e7 verir. Kullan\u0131c\u0131 dostu tasar\u0131m\u0131 ve y\u00fcksek \u0131s\u0131 performans\u0131yla sa\u00e7 bak\u0131m rutininizi bir \u00fcst seviyeye ta\u015f\u0131y\u0131n.<\/p>\n","protected":false},"excerpt":{"rendered":"<p>Sa\u00e7\u0131n\u0131za hak etti\u011fi \u00f6zeni g\u00f6stermek istiyorsan\u0131z, Rado RD-446 tam size g\u00f6re. Geli\u015fmi\u015f d\u00fczle\u015ftirme teknolojisi sayesinde sa\u00e7lar\u0131n\u0131z\u0131 h\u0131zl\u0131ca d\u00fczle\u015ftirirken, parlak ve sa\u011fl\u0131kl\u0131 bir g\u00f6r\u00fcn\u00fcm kazand\u0131r\u0131r. Titanyum seramik plakalar, \u0131s\u0131y\u0131 sa\u00e7 telinde e\u015fit da\u011f\u0131tarak \u015fekillendirme s\u00fcresini k\u0131salt\u0131r. Nem sens\u00f6r\u00fc ile donat\u0131lan cihaz, sa\u00e7taki do\u011fal nemi korur, kurulu\u011fu ve k\u0131r\u0131lmay\u0131 \u00f6nler. S\u0131cakl\u0131k ayarlar\u0131 dijital ekran \u00fczerinden hassas \u015fekilde&#8230;<\/p>\n","protected":false},"featured_media":118019,"comment_status":"open","ping_status":"closed","template":"","meta":{"_kad_post_transparent":"","_kad_post_title":"","_kad_post_layout":"","_kad_post_sidebar_id":"","_kad_post_content_style":"","_kad_post_vertical_padding":"","_kad_post_feature":"","_kad_post_feature_position":"","_kad_post_header":false,"_kad_post_footer":false,"_kad_post_classname":""},"product_brand":[],"product_cat":[14907],"product_tag":[],"class_list":{"0":"post-118020","1":"product","2":"type-product","3":"status-publish","4":"has-post-thumbnail","6":"product_cat-sac-masasi-sac-masasi","8":"first","9":"instock","10":"purchasable","11":"product-type-simple","12":"entry","13":"content-bg","14":"loop-entry"},"_links":{"self":[{"href":"https:\/\/www.hediyepazar.com\/index.php?rest_route=\/wp\/v2\/product\/118020","targetHints":{"allow":["GET"]}}],"collection":[{"href":"https:\/\/www.hediyepazar.com\/index.php?rest_route=\/wp\/v2\/product"}],"about":[{"href":"https:\/\/www.hediyepazar.com\/index.php?rest_route=\/wp\/v2\/types\/product"}],"replies":[{"embeddable":true,"href":"https:\/\/www.hediyepazar.com\/index.php?rest_route=%2Fwp%2Fv2%2Fcomments&post=118020"}],"wp:featuredmedia":[{"embeddable":true,"href":"https:\/\/www.hediyepazar.com\/index.php?rest_route=\/wp\/v2\/media\/118019"}],"wp:attachment":[{"href":"https:\/\/www.hediyepazar.com\/index.php?rest_route=%2Fwp%2Fv2%2Fmedia&parent=118020"}],"wp:term":[{"taxonomy":"product_brand","embeddable":true,"href":"https:\/\/www.hediyepazar.com\/index.php?rest_route=%2Fwp%2Fv2%2Fproduct_brand&post=118020"},{"taxonomy":"product_cat","embeddable":true,"href":"https:\/\/www.hediyepazar.com\/index.php?rest_route=%2Fwp%2Fv2%2Fproduct_cat&post=118020"},{"taxonomy":"product_tag","embeddable":true,"href":"https:\/\/www.hediyepazar.com\/index.php?rest_route=%2Fwp%2Fv2%2Fproduct_tag&post=118020"}],"curies":[{"name":"wp","href":"https:\/\/api.w.org\/{rel}","templated":true}]}}