{"id":118086,"date":"2026-05-05T21:28:59","date_gmt":"2026-05-06T00:28:59","guid":{"rendered":"https:\/\/www.hediyepazar.com\/?product=se-one-bluetooth-kulaklik-2"},"modified":"2026-05-05T21:28:59","modified_gmt":"2026-05-06T00:28:59","slug":"se-one-bluetooth-kulaklik-2","status":"publish","type":"product","link":"https:\/\/www.hediyepazar.com\/?product=se-one-bluetooth-kulaklik-2","title":{"rendered":"Se One Bluetooth Kulakl\u0131k"},"content":{"rendered":"<p>Yeni nesil Bluetooth 5.4 teknolojisiyle donat\u0131lm\u0131\u015f bu ak\u0131ll\u0131 ekranl\u0131 kablosuz kulakl\u0131k, \u00fcst\u00fcn ba\u011flant\u0131 h\u0131z\u0131, d\u00fc\u015f\u00fck gecikme ve enerji verimlili\u011fi sunar. G\u00fcnl\u00fck kullan\u0131mda hem m\u00fczik hem oyun i\u00e7in kararl\u0131 bir performans sa\u011flar.\u015earj kutusunda yer alan ak\u0131ll\u0131 LED ekran, pil durumunu g\u00f6sterir; saat, tarih ve iste\u011fe ba\u011fl\u0131 ekran temalar\u0131yla ki\u015fiselle\u015ftirilebilir. Hatta baz\u0131 modellerde kendi foto\u011fraf\u0131n\u0131z\u0131 y\u00fckleyerek kutuyu tamamen size \u00f6zel hale getirebilirsiniz.Dokunmatik kontrol \u00f6zelli\u011fi, m\u00fczik ge\u00e7i\u015fi, \u00e7a\u011fr\u0131 yan\u0131tlama ve mod de\u011fi\u015ftirme i\u015flemlerini sadece parmak hareketinizle yapman\u0131za olanak tan\u0131r. Fiziksel tu\u015flara gerek kalmadan h\u0131zl\u0131 ve sezgisel bir kullan\u0131m deneyimi sunar.\u0130ki farkl\u0131 kullan\u0131m modu sayesinde, m\u00fczik modunda zengin ses detaylar\u0131, oyun modunda ise ultra d\u00fc\u015f\u00fck gecikme ile kesintisiz bir deneyim elde edersiniz. Dahili ENC teknolojisi, \u00e7evresel g\u00fcr\u00fclt\u00fcy\u00fc azaltarak telefon g\u00f6r\u00fc\u015fmelerinde daha net ses kalitesi sa\u011flar.Ergonomik ve hafif tasar\u0131m\u0131, uzun s\u00fcreli kullan\u0131mda bile kulakta konfor sa\u011flar. Geli\u015fmi\u015f \u00f6zellikleri, \u015f\u0131k g\u00f6r\u00fcn\u00fcm\u00fc ve ki\u015fiselle\u015ftirilebilir detaylar\u0131yla bu kulakl\u0131k, teknolojiyi stil ile bulu\u015fturan modern kullan\u0131c\u0131lar i\u00e7in m\u00fckemmel bir se\u00e7imdir.<\/p>\n","protected":false},"excerpt":{"rendered":"<p>Yeni nesil Bluetooth 5.4 teknolojisiyle donat\u0131lm\u0131\u015f bu ak\u0131ll\u0131 ekranl\u0131 kablosuz kulakl\u0131k, \u00fcst\u00fcn ba\u011flant\u0131 h\u0131z\u0131, d\u00fc\u015f\u00fck gecikme ve enerji verimlili\u011fi sunar. G\u00fcnl\u00fck kullan\u0131mda hem m\u00fczik hem oyun i\u00e7in kararl\u0131 bir performans sa\u011flar.\u015earj kutusunda yer alan ak\u0131ll\u0131 LED ekran, pil durumunu g\u00f6sterir; saat, tarih ve iste\u011fe ba\u011fl\u0131 ekran temalar\u0131yla ki\u015fiselle\u015ftirilebilir. Hatta baz\u0131 modellerde kendi foto\u011fraf\u0131n\u0131z\u0131 y\u00fckleyerek kutuyu&#8230;<\/p>\n","protected":false},"featured_media":118085,"comment_status":"open","ping_status":"closed","template":"","meta":{"_kad_post_transparent":"","_kad_post_title":"","_kad_post_layout":"","_kad_post_sidebar_id":"","_kad_post_content_style":"","_kad_post_vertical_padding":"","_kad_post_feature":"","_kad_post_feature_position":"","_kad_post_header":false,"_kad_post_footer":false,"_kad_post_classname":""},"product_brand":[],"product_cat":[14957],"product_tag":[],"class_list":{"0":"post-118086","1":"product","2":"type-product","3":"status-publish","4":"has-post-thumbnail","6":"product_cat-kablosuz-kulaklik-kablosuz-kulaklik","8":"first","9":"instock","10":"purchasable","11":"product-type-simple","12":"entry","13":"content-bg","14":"loop-entry"},"_links":{"self":[{"href":"https:\/\/www.hediyepazar.com\/index.php?rest_route=\/wp\/v2\/product\/118086","targetHints":{"allow":["GET"]}}],"collection":[{"href":"https:\/\/www.hediyepazar.com\/index.php?rest_route=\/wp\/v2\/product"}],"about":[{"href":"https:\/\/www.hediyepazar.com\/index.php?rest_route=\/wp\/v2\/types\/product"}],"replies":[{"embeddable":true,"href":"https:\/\/www.hediyepazar.com\/index.php?rest_route=%2Fwp%2Fv2%2Fcomments&post=118086"}],"wp:featuredmedia":[{"embeddable":true,"href":"https:\/\/www.hediyepazar.com\/index.php?rest_route=\/wp\/v2\/media\/118085"}],"wp:attachment":[{"href":"https:\/\/www.hediyepazar.com\/index.php?rest_route=%2Fwp%2Fv2%2Fmedia&parent=118086"}],"wp:term":[{"taxonomy":"product_brand","embeddable":true,"href":"https:\/\/www.hediyepazar.com\/index.php?rest_route=%2Fwp%2Fv2%2Fproduct_brand&post=118086"},{"taxonomy":"product_cat","embeddable":true,"href":"https:\/\/www.hediyepazar.com\/index.php?rest_route=%2Fwp%2Fv2%2Fproduct_cat&post=118086"},{"taxonomy":"product_tag","embeddable":true,"href":"https:\/\/www.hediyepazar.com\/index.php?rest_route=%2Fwp%2Fv2%2Fproduct_tag&post=118086"}],"curies":[{"name":"wp","href":"https:\/\/api.w.org\/{rel}","templated":true}]}}