{"id":118149,"date":"2026-05-05T21:42:37","date_gmt":"2026-05-06T00:42:37","guid":{"rendered":"https:\/\/www.hediyepazar.com\/?product=hk-7600-epilator"},"modified":"2026-05-05T21:42:37","modified_gmt":"2026-05-06T00:42:37","slug":"hk-7600-epilator","status":"publish","type":"product","link":"https:\/\/www.hediyepazar.com\/?product=hk-7600-epilator","title":{"rendered":"HK-7600 EP\u0130LAT\u00d6R"},"content":{"rendered":"<p>Bu \u015farjl\u0131 epilasyon makinesi, t\u00fcylerden ar\u0131nman\u0131z\u0131 sa\u011flayan epilasyon ba\u015fl\u0131\u011f\u0131ndan, t\u0131rnak ve ayak bak\u0131m\u0131na kadar geni\u015f bir kullan\u0131m yelpazesi sunan d\u00f6rt de\u011fi\u015ftirilebilir ba\u015fl\u0131kla birlikte gelir. Epilasyon ba\u015fl\u0131\u011f\u0131 sayesinde istenmeyen t\u00fcylerden k\u00f6k\u00fcnden kurtulabilir, t\u0131ra\u015f ba\u015fl\u0131\u011f\u0131 ile h\u0131zl\u0131 bir \u015fekilde y\u00fczeysel temizlik yapabilirsiniz. Ayak t\u00f6rp\u00fcs\u00fc ba\u015fl\u0131\u011f\u0131, sertle\u015fmi\u015f topuklar\u0131 ve kuru cildi nazik\u00e7e temizlerken, ince t\u00f6rp\u00fc ba\u015fl\u0131\u011f\u0131 ise t\u0131rnaklar\u0131n\u0131z\u0131 \u015fekillendirmenize yard\u0131mc\u0131 olur.Cihaz, 8 saatlik \u015farj s\u00fcresiyle tam dolum sa\u011flar ve tek \u015farjla yakla\u015f\u0131k 45 dakika boyunca kesintisiz \u00e7al\u0131\u015f\u0131r. Kablosuz kullan\u0131m \u00f6zelli\u011fi, kullan\u0131m kolayl\u0131\u011f\u0131 ve ta\u015f\u0131nabilirlik sa\u011flar, b\u00f6ylece g\u00fcnl\u00fck bak\u0131m\u0131n\u0131z\u0131 evde veya seyahatlerde rahatl\u0131kla ger\u00e7ekle\u015ftirebilirsiniz. Ergonomik ve hafif yap\u0131s\u0131, cihaz\u0131n elinize rahat\u00e7a oturmas\u0131n\u0131 ve uzun s\u00fcre kullan\u0131mda bile konforlu bir deneyim sunar.Paket i\u00e7eri\u011finde; 1 adet epilasyon cihaz\u0131, 4 farkl\u0131 ba\u015fl\u0131k, 1 adet \u015farj adapt\u00f6r\u00fc ve 1 adet temizlik f\u0131r\u00e7as\u0131 bulunur. Temizlik f\u0131r\u00e7as\u0131, ba\u015fl\u0131klar\u0131 hijyenik \u015fekilde kullanman\u0131za olanak tan\u0131r ve cihaz\u0131n \u00f6mr\u00fcn\u00fc uzat\u0131r. Bu \u015farjl\u0131 epilasyon makinesi, i\u015flevselli\u011fi ve kolay ta\u015f\u0131nabilirli\u011fi ile ki\u015fisel bak\u0131m\u0131n\u0131 kolayla\u015ft\u0131rmak isteyen herkes i\u00e7in m\u00fckemmel bir tercihtir.<\/p>\n","protected":false},"excerpt":{"rendered":"<p>Bu \u015farjl\u0131 epilasyon makinesi, t\u00fcylerden ar\u0131nman\u0131z\u0131 sa\u011flayan epilasyon ba\u015fl\u0131\u011f\u0131ndan, t\u0131rnak ve ayak bak\u0131m\u0131na kadar geni\u015f bir kullan\u0131m yelpazesi sunan d\u00f6rt de\u011fi\u015ftirilebilir ba\u015fl\u0131kla birlikte gelir. Epilasyon ba\u015fl\u0131\u011f\u0131 sayesinde istenmeyen t\u00fcylerden k\u00f6k\u00fcnden kurtulabilir, t\u0131ra\u015f ba\u015fl\u0131\u011f\u0131 ile h\u0131zl\u0131 bir \u015fekilde y\u00fczeysel temizlik yapabilirsiniz. Ayak t\u00f6rp\u00fcs\u00fc ba\u015fl\u0131\u011f\u0131, sertle\u015fmi\u015f topuklar\u0131 ve kuru cildi nazik\u00e7e temizlerken, ince t\u00f6rp\u00fc ba\u015fl\u0131\u011f\u0131 ise t\u0131rnaklar\u0131n\u0131z\u0131&#8230;<\/p>\n","protected":false},"featured_media":118148,"comment_status":"open","ping_status":"closed","template":"","meta":{"_kad_post_transparent":"","_kad_post_title":"","_kad_post_layout":"","_kad_post_sidebar_id":"","_kad_post_content_style":"","_kad_post_vertical_padding":"","_kad_post_feature":"","_kad_post_feature_position":"","_kad_post_header":false,"_kad_post_footer":false,"_kad_post_classname":""},"product_brand":[],"product_cat":[14919],"product_tag":[],"class_list":{"0":"post-118149","1":"product","2":"type-product","3":"status-publish","4":"has-post-thumbnail","6":"product_cat-epilator-epilator","8":"first","9":"instock","10":"purchasable","11":"product-type-simple","12":"entry","13":"content-bg","14":"loop-entry"},"_links":{"self":[{"href":"https:\/\/www.hediyepazar.com\/index.php?rest_route=\/wp\/v2\/product\/118149","targetHints":{"allow":["GET"]}}],"collection":[{"href":"https:\/\/www.hediyepazar.com\/index.php?rest_route=\/wp\/v2\/product"}],"about":[{"href":"https:\/\/www.hediyepazar.com\/index.php?rest_route=\/wp\/v2\/types\/product"}],"replies":[{"embeddable":true,"href":"https:\/\/www.hediyepazar.com\/index.php?rest_route=%2Fwp%2Fv2%2Fcomments&post=118149"}],"wp:featuredmedia":[{"embeddable":true,"href":"https:\/\/www.hediyepazar.com\/index.php?rest_route=\/wp\/v2\/media\/118148"}],"wp:attachment":[{"href":"https:\/\/www.hediyepazar.com\/index.php?rest_route=%2Fwp%2Fv2%2Fmedia&parent=118149"}],"wp:term":[{"taxonomy":"product_brand","embeddable":true,"href":"https:\/\/www.hediyepazar.com\/index.php?rest_route=%2Fwp%2Fv2%2Fproduct_brand&post=118149"},{"taxonomy":"product_cat","embeddable":true,"href":"https:\/\/www.hediyepazar.com\/index.php?rest_route=%2Fwp%2Fv2%2Fproduct_cat&post=118149"},{"taxonomy":"product_tag","embeddable":true,"href":"https:\/\/www.hediyepazar.com\/index.php?rest_route=%2Fwp%2Fv2%2Fproduct_tag&post=118149"}],"curies":[{"name":"wp","href":"https:\/\/api.w.org\/{rel}","templated":true}]}}