{"id":118186,"date":"2026-05-05T21:47:14","date_gmt":"2026-05-06T00:47:14","guid":{"rendered":"https:\/\/www.hediyepazar.com\/?product=carplay-fotograf-ve-video-kaydedici-arac-ici-kamera-ekranli"},"modified":"2026-05-05T21:47:14","modified_gmt":"2026-05-06T00:47:14","slug":"carplay-fotograf-ve-video-kaydedici-arac-ici-kamera-ekranli","status":"publish","type":"product","link":"https:\/\/www.hediyepazar.com\/?product=carplay-fotograf-ve-video-kaydedici-arac-ici-kamera-ekranli","title":{"rendered":"CarPlay Foto\u011fraf ve Video Kaydedici Ara\u00e7 \u0130\u00e7i Kamera Ekranl\u0131"},"content":{"rendered":"<p>Yeni nesil bu 3 kameral\u0131 ara\u00e7 i\u00e7i kay\u0131t sistemi, s\u00fcr\u00fc\u015f g\u00fcvenli\u011finizi art\u0131rmak ve her an\u0131 ayr\u0131nt\u0131l\u0131 bir \u015fekilde kay\u0131t alt\u0131na almak i\u00e7in \u00f6zel olarak tasarlanm\u0131\u015ft\u0131r. Full HD 1080P \u00f6n kameras\u0131 sayesinde net ve canl\u0131 g\u00f6r\u00fcnt\u00fcler sunarken, 720P \u00e7\u00f6z\u00fcn\u00fcrl\u00fc\u011fe sahip arka kamera ve 120\u00b0 geni\u015f a\u00e7\u0131l\u0131 i\u00e7 kamera, arac\u0131n tamam\u0131n\u0131 ayn\u0131 anda izleme ve kay\u0131t alma imkan\u0131 sa\u011flar. Bu \u00f6zellikler sayesinde, sadece trafikte de\u011fil, park halindeyken bile arac\u0131n\u0131z\u0131n \u00e7evresi s\u00fcrekli olarak kontrol alt\u0131nda tutulur.Cihaz\u0131n en dikkat \u00e7ekici \u00f6zelliklerinden biri olan G-sens\u00f6r teknolojisi, arac\u0131n \u00e7al\u0131\u015f\u0131p \u00e7al\u0131\u015fmad\u0131\u011f\u0131na bakmaks\u0131z\u0131n ani hareket, sars\u0131nt\u0131 ya da \u00e7arpma gibi durumlar\u0131 alg\u0131layarak otomatik kay\u0131t ba\u015flat\u0131r. B\u00f6ylece park halinde bile ya\u015fanabilecek olas\u0131 darbelere veya kazalara kar\u015f\u0131 kan\u0131t niteli\u011finde g\u00f6r\u00fcnt\u00fcler elinizde olur. Ayr\u0131ca G-sens\u00f6r taraf\u0131ndan alg\u0131lanan \u00f6nemli kay\u0131tlar, otomatik olarak korunur ve \u00fczerine yeni kay\u0131t al\u0131nmaz.Gece g\u00f6r\u00fc\u015f\u00fc \u00f6zelli\u011fi sayesinde d\u00fc\u015f\u00fck \u0131\u015f\u0131kta bile net g\u00f6r\u00fcnt\u00fcler kaydeden kamera, H.264 s\u0131k\u0131\u015ft\u0131rma teknolojisi ile y\u00fcksek kalitedeki videolar\u0131 haf\u0131zada daha az yer kaplayacak \u015fekilde depolar. 2 in\u00e7lik IPS ekran, anl\u0131k olarak g\u00f6r\u00fcnt\u00fcleri izleme ve ge\u00e7mi\u015f kay\u0131tlar\u0131 kontrol etme imkan\u0131 sunar. \u00d6n kamera 170\u00b0, i\u00e7 kamera ise 120\u00b0 g\u00f6r\u00fc\u015f a\u00e7\u0131s\u0131yla geni\u015f bir alan\u0131 kapsar, b\u00f6ylece hi\u00e7bir detay g\u00f6zden ka\u00e7maz.\u015earj edilebilir dahili 350 mAh bataryas\u0131 ile k\u0131sa s\u00fcreli elektrik kesintilerinde bile kay\u0131t yapmaya devam edebilir. 256 GB\u2019a kadar destekledi\u011fi haf\u0131za kart\u0131 kapasitesi ile uzun s\u00fcreli kay\u0131t yapman\u0131za olanak tan\u0131rken, otomatik d\u00f6ng\u00fc sistemi ile eski kay\u0131tlar\u0131n \u00fczerine yenileri yaz\u0131l\u0131r. Ergonomik yap\u0131s\u0131 sayesinde \u00f6n g\u00f6r\u00fc\u015f\u00fc engellemez ve arac\u0131n estetik b\u00fct\u00fcnl\u00fc\u011f\u00fcn\u00fc bozmaz. Bu \u00e7ok y\u00f6nl\u00fc ara\u00e7 i\u00e7i kamera sistemi, hem g\u00fcndelik kullan\u0131m hem de profesyonel s\u00fcr\u00fcc\u00fcler i\u00e7in ideal ve g\u00fcvenilir bir \u00e7\u00f6z\u00fcmd\u00fcr.<\/p>\n","protected":false},"excerpt":{"rendered":"<p>Yeni nesil bu 3 kameral\u0131 ara\u00e7 i\u00e7i kay\u0131t sistemi, s\u00fcr\u00fc\u015f g\u00fcvenli\u011finizi art\u0131rmak ve her an\u0131 ayr\u0131nt\u0131l\u0131 bir \u015fekilde kay\u0131t alt\u0131na almak i\u00e7in \u00f6zel olarak tasarlanm\u0131\u015ft\u0131r. Full HD 1080P \u00f6n kameras\u0131 sayesinde net ve canl\u0131 g\u00f6r\u00fcnt\u00fcler sunarken, 720P \u00e7\u00f6z\u00fcn\u00fcrl\u00fc\u011fe sahip arka kamera ve 120\u00b0 geni\u015f a\u00e7\u0131l\u0131 i\u00e7 kamera, arac\u0131n tamam\u0131n\u0131 ayn\u0131 anda izleme ve kay\u0131t alma&#8230;<\/p>\n","protected":false},"featured_media":118185,"comment_status":"open","ping_status":"closed","template":"","meta":{"_kad_post_transparent":"","_kad_post_title":"","_kad_post_layout":"","_kad_post_sidebar_id":"","_kad_post_content_style":"","_kad_post_vertical_padding":"","_kad_post_feature":"","_kad_post_feature_position":"","_kad_post_header":false,"_kad_post_footer":false,"_kad_post_classname":""},"product_brand":[],"product_cat":[15062],"product_tag":[],"class_list":{"0":"post-118186","1":"product","2":"type-product","3":"status-publish","4":"has-post-thumbnail","6":"product_cat-arac-ici-kamera-arac-ici-kamera","8":"first","9":"instock","10":"purchasable","11":"product-type-simple","12":"entry","13":"content-bg","14":"loop-entry"},"_links":{"self":[{"href":"https:\/\/www.hediyepazar.com\/index.php?rest_route=\/wp\/v2\/product\/118186","targetHints":{"allow":["GET"]}}],"collection":[{"href":"https:\/\/www.hediyepazar.com\/index.php?rest_route=\/wp\/v2\/product"}],"about":[{"href":"https:\/\/www.hediyepazar.com\/index.php?rest_route=\/wp\/v2\/types\/product"}],"replies":[{"embeddable":true,"href":"https:\/\/www.hediyepazar.com\/index.php?rest_route=%2Fwp%2Fv2%2Fcomments&post=118186"}],"wp:featuredmedia":[{"embeddable":true,"href":"https:\/\/www.hediyepazar.com\/index.php?rest_route=\/wp\/v2\/media\/118185"}],"wp:attachment":[{"href":"https:\/\/www.hediyepazar.com\/index.php?rest_route=%2Fwp%2Fv2%2Fmedia&parent=118186"}],"wp:term":[{"taxonomy":"product_brand","embeddable":true,"href":"https:\/\/www.hediyepazar.com\/index.php?rest_route=%2Fwp%2Fv2%2Fproduct_brand&post=118186"},{"taxonomy":"product_cat","embeddable":true,"href":"https:\/\/www.hediyepazar.com\/index.php?rest_route=%2Fwp%2Fv2%2Fproduct_cat&post=118186"},{"taxonomy":"product_tag","embeddable":true,"href":"https:\/\/www.hediyepazar.com\/index.php?rest_route=%2Fwp%2Fv2%2Fproduct_tag&post=118186"}],"curies":[{"name":"wp","href":"https:\/\/api.w.org\/{rel}","templated":true}]}}