{"id":118188,"date":"2026-05-05T21:47:18","date_gmt":"2026-05-06T00:47:18","guid":{"rendered":"https:\/\/www.hediyepazar.com\/?product=arac-ici-dikiz-kamerasi-surus-kaydedici-3-lensli-dvr-kamera"},"modified":"2026-05-05T21:47:18","modified_gmt":"2026-05-06T00:47:18","slug":"arac-ici-dikiz-kamerasi-surus-kaydedici-3-lensli-dvr-kamera","status":"publish","type":"product","link":"https:\/\/www.hediyepazar.com\/?product=arac-ici-dikiz-kamerasi-surus-kaydedici-3-lensli-dvr-kamera","title":{"rendered":"Ara\u00e7 \u0130\u00e7i Dikiz Kameras\u0131 S\u00fcr\u00fc\u015f Kaydedici 3 Lensli DVR Kamera"},"content":{"rendered":"<p>\u00dc\u00e7 y\u00f6nl\u00fc kay\u0131t \u00f6zelli\u011fine sahip bu geli\u015fmi\u015f ara\u00e7 i\u00e7i kamera sistemi, s\u00fcr\u00fc\u015f g\u00fcvenli\u011fini maksimum seviyeye \u00e7\u0131karmak i\u00e7in tasarlanm\u0131\u015ft\u0131r. 1080P Full HD \u00f6n kamera, 720P \u00e7\u00f6z\u00fcn\u00fcrl\u00fckl\u00fc arka kamera ve 120\u00b0 geni\u015f a\u00e7\u0131ya sahip VGA i\u00e7 kamera sayesinde yolculuk boyunca arac\u0131n \u00f6n, arka ve i\u00e7 mekan\u0131ndaki her detay\u0131 net bir \u015fekilde kaydeder. Bu \u00fc\u00e7l\u00fc kay\u0131t sistemi, \u00f6zellikle uzun yolculuklarda, yo\u011fun trafikte veya park halindeyken olu\u015fabilecek t\u00fcm olaylar\u0131n belgelenmesi a\u00e7\u0131s\u0131ndan b\u00fcy\u00fck avantaj sa\u011flar.G-Sens\u00f6r teknolojisi, \u00e7arp\u0131\u015fma veya ani hareketleri alg\u0131layarak sistemin otomatik olarak kay\u0131t yapmas\u0131n\u0131 sa\u011flar. B\u00f6ylece ara\u00e7 \u00e7al\u0131\u015fm\u0131yorken bile ya\u015fanabilecek herhangi bir darbe, sars\u0131nt\u0131 ya da h\u0131rs\u0131zl\u0131k giri\u015fimi gibi olaylar an\u0131nda kay\u0131t alt\u0131na al\u0131n\u0131r ve g\u00fcvenli bir \u015fekilde saklan\u0131r. G-Sens\u00f6r taraf\u0131ndan kaydedilen \u00f6nemli kay\u0131tlar, \u00fczerine yaz\u0131lmadan korunur, b\u00f6ylece kritik anlar her zaman elinizin alt\u0131nda olur.Geli\u015fmi\u015f gece g\u00f6r\u00fc\u015f \u00f6zelli\u011fi sayesinde d\u00fc\u015f\u00fck \u0131\u015f\u0131kl\u0131 ortamlarda bile net g\u00f6r\u00fcnt\u00fcler elde edebilirsiniz. H.264 s\u0131k\u0131\u015ft\u0131rma teknolojisi, kay\u0131tlar\u0131n y\u00fcksek kalitede saklanmas\u0131n\u0131 sa\u011flarken haf\u0131za kullan\u0131m\u0131n\u0131 optimize eder. 2 in\u00e7lik HD IPS ekran\u0131, anl\u0131k g\u00f6r\u00fcnt\u00fcleri izleyebilmenize olanak tan\u0131r. Ayr\u0131ca 256 GB\u2019a kadar micro SD kart deste\u011fi sayesinde uzun s\u00fcreli kay\u0131tlar yapabilir, eski verilerin \u00fczerine otomatik kay\u0131t d\u00f6ng\u00fcs\u00fc ile yeni kay\u0131tlar olu\u015fturabilirsiniz.\u015earj edilebilir bataryas\u0131, ergonomik tasar\u0131m\u0131 ve kolay montaj sa\u011flayan yap\u0131s\u0131yla bu ara\u00e7 i\u00e7i kamera sistemi; hem profesyonel hem de g\u00fcnl\u00fck kullan\u0131m i\u00e7in idealdir. Park destek sistemi, gece g\u00f6r\u00fc\u015f\u00fc, hareket alg\u0131lama ve \u00fc\u00e7 y\u00f6nl\u00fc kay\u0131t gibi fonksiyonlarla donat\u0131lm\u0131\u015f bu \u00fcr\u00fcn, arac\u0131n\u0131z\u0131n g\u00fcvenli\u011fi i\u00e7in kapsaml\u0131 ve etkili bir \u00e7\u00f6z\u00fcmd\u00fcr.<\/p>\n","protected":false},"excerpt":{"rendered":"<p>\u00dc\u00e7 y\u00f6nl\u00fc kay\u0131t \u00f6zelli\u011fine sahip bu geli\u015fmi\u015f ara\u00e7 i\u00e7i kamera sistemi, s\u00fcr\u00fc\u015f g\u00fcvenli\u011fini maksimum seviyeye \u00e7\u0131karmak i\u00e7in tasarlanm\u0131\u015ft\u0131r. 1080P Full HD \u00f6n kamera, 720P \u00e7\u00f6z\u00fcn\u00fcrl\u00fckl\u00fc arka kamera ve 120\u00b0 geni\u015f a\u00e7\u0131ya sahip VGA i\u00e7 kamera sayesinde yolculuk boyunca arac\u0131n \u00f6n, arka ve i\u00e7 mekan\u0131ndaki her detay\u0131 net bir \u015fekilde kaydeder. Bu \u00fc\u00e7l\u00fc kay\u0131t sistemi, \u00f6zellikle&#8230;<\/p>\n","protected":false},"featured_media":118187,"comment_status":"open","ping_status":"closed","template":"","meta":{"_kad_post_transparent":"","_kad_post_title":"","_kad_post_layout":"","_kad_post_sidebar_id":"","_kad_post_content_style":"","_kad_post_vertical_padding":"","_kad_post_feature":"","_kad_post_feature_position":"","_kad_post_header":false,"_kad_post_footer":false,"_kad_post_classname":""},"product_brand":[],"product_cat":[15062],"product_tag":[],"class_list":{"0":"post-118188","1":"product","2":"type-product","3":"status-publish","4":"has-post-thumbnail","6":"product_cat-arac-ici-kamera-arac-ici-kamera","8":"first","9":"instock","10":"purchasable","11":"product-type-simple","12":"entry","13":"content-bg","14":"loop-entry"},"_links":{"self":[{"href":"https:\/\/www.hediyepazar.com\/index.php?rest_route=\/wp\/v2\/product\/118188","targetHints":{"allow":["GET"]}}],"collection":[{"href":"https:\/\/www.hediyepazar.com\/index.php?rest_route=\/wp\/v2\/product"}],"about":[{"href":"https:\/\/www.hediyepazar.com\/index.php?rest_route=\/wp\/v2\/types\/product"}],"replies":[{"embeddable":true,"href":"https:\/\/www.hediyepazar.com\/index.php?rest_route=%2Fwp%2Fv2%2Fcomments&post=118188"}],"wp:featuredmedia":[{"embeddable":true,"href":"https:\/\/www.hediyepazar.com\/index.php?rest_route=\/wp\/v2\/media\/118187"}],"wp:attachment":[{"href":"https:\/\/www.hediyepazar.com\/index.php?rest_route=%2Fwp%2Fv2%2Fmedia&parent=118188"}],"wp:term":[{"taxonomy":"product_brand","embeddable":true,"href":"https:\/\/www.hediyepazar.com\/index.php?rest_route=%2Fwp%2Fv2%2Fproduct_brand&post=118188"},{"taxonomy":"product_cat","embeddable":true,"href":"https:\/\/www.hediyepazar.com\/index.php?rest_route=%2Fwp%2Fv2%2Fproduct_cat&post=118188"},{"taxonomy":"product_tag","embeddable":true,"href":"https:\/\/www.hediyepazar.com\/index.php?rest_route=%2Fwp%2Fv2%2Fproduct_tag&post=118188"}],"curies":[{"name":"wp","href":"https:\/\/api.w.org\/{rel}","templated":true}]}}