{"id":118204,"date":"2026-05-05T21:50:18","date_gmt":"2026-05-06T00:50:18","guid":{"rendered":"https:\/\/www.hediyepazar.com\/?product=cift-kamerali-arac-kamerasi-on-ve-arka-kamerali"},"modified":"2026-05-05T21:50:18","modified_gmt":"2026-05-06T00:50:18","slug":"cift-kamerali-arac-kamerasi-on-ve-arka-kamerali","status":"publish","type":"product","link":"https:\/\/www.hediyepazar.com\/?product=cift-kamerali-arac-kamerasi-on-ve-arka-kamerali","title":{"rendered":"\u00c7ift Kameral\u0131 Ara\u00e7 Kameras\u0131 \u00d6n ve Arka Kameral\u0131"},"content":{"rendered":"<p>Black Box Traffic Recorder ara\u00e7 i\u00e7i kamera, g\u00fcvenli s\u00fcr\u00fc\u015f deneyimini bir \u00fcst seviyeye ta\u015f\u0131mak isteyen kullan\u0131c\u0131lar i\u00e7in geli\u015fmi\u015f \u00f6zelliklerle donat\u0131lm\u0131\u015ft\u0131r. 360 derece d\u00f6nebilen i\u00e7 y\u00fcz kameras\u0131, ara\u00e7 i\u00e7erisindeki t\u00fcm hareketleri geni\u015f bir a\u00e7\u0131yla kay\u0131t alt\u0131na al\u0131rken, G sens\u00f6r\u00fc ve hareket alg\u0131lay\u0131c\u0131 sens\u00f6r sayesinde park halinde bile \u00e7evresel de\u011fi\u015fimleri alg\u0131layarak otomatik kay\u0131t ba\u015flat\u0131r. Bu \u00f6zellikler, olas\u0131 darbe ya da h\u0131rs\u0131zl\u0131k gibi durumlarda kritik anlar\u0131n ka\u00e7\u0131r\u0131lmadan kaydedilmesini sa\u011flar.Full HD 1296P \u00e7\u00f6z\u00fcn\u00fcrl\u00fckte video ve foto\u011fraf \u00e7ekimi yapabilen bu cihaz, y\u00fcksek g\u00f6r\u00fcnt\u00fc kalitesi sunarak her detay\u0131 net bi\u00e7imde kaydeder. Gece g\u00f6r\u00fc\u015f\u00fc \u00f6zelli\u011fi sayesinde d\u00fc\u015f\u00fck \u0131\u015f\u0131kl\u0131 ortamlarda bile etkin performans sergilerken, kay\u0131tlar\u0131 an\u0131nda izleyebilme fonksiyonu sayesinde kullan\u0131c\u0131ya olaylar\u0131 hemen g\u00f6zden ge\u00e7irme kolayl\u0131\u011f\u0131 sunar.256 GB\u2019a kadar microSD kart deste\u011fi bulunan bu model, uzun s\u00fcreli kay\u0131tlar i\u00e7in geni\u015f bir haf\u0131za alan\u0131 sa\u011flar. Dahili bataryas\u0131yla \u015farj edilebilir yap\u0131s\u0131, ta\u015f\u0131nabilirlik a\u00e7\u0131s\u0131ndan b\u00fcy\u00fck avantaj sunar. Kolay kurulum i\u00e7in kutu i\u00e7eri\u011finde yer alan sabitleyici yap\u0131\u015fkanl\u0131 aparat ve \u00e7akmakl\u0131k \u015farj cihaz\u0131 ile h\u0131zl\u0131ca kullan\u0131ma haz\u0131r hale gelir. Modern tasar\u0131m\u0131, y\u00fcksek teknolojisi ve kapsaml\u0131 kutu i\u00e7eri\u011fiyle bu ara\u00e7 kameras\u0131, s\u00fcr\u00fc\u015f g\u00fcvenli\u011finizi art\u0131rmak ve olas\u0131 durumlar\u0131 belgelemek i\u00e7in ideal bir \u00e7\u00f6z\u00fcmd\u00fcr.<\/p>\n","protected":false},"excerpt":{"rendered":"<p>Black Box Traffic Recorder ara\u00e7 i\u00e7i kamera, g\u00fcvenli s\u00fcr\u00fc\u015f deneyimini bir \u00fcst seviyeye ta\u015f\u0131mak isteyen kullan\u0131c\u0131lar i\u00e7in geli\u015fmi\u015f \u00f6zelliklerle donat\u0131lm\u0131\u015ft\u0131r. 360 derece d\u00f6nebilen i\u00e7 y\u00fcz kameras\u0131, ara\u00e7 i\u00e7erisindeki t\u00fcm hareketleri geni\u015f bir a\u00e7\u0131yla kay\u0131t alt\u0131na al\u0131rken, G sens\u00f6r\u00fc ve hareket alg\u0131lay\u0131c\u0131 sens\u00f6r sayesinde park halinde bile \u00e7evresel de\u011fi\u015fimleri alg\u0131layarak otomatik kay\u0131t ba\u015flat\u0131r. Bu \u00f6zellikler, olas\u0131&#8230;<\/p>\n","protected":false},"featured_media":118203,"comment_status":"open","ping_status":"closed","template":"","meta":{"_kad_post_transparent":"","_kad_post_title":"","_kad_post_layout":"","_kad_post_sidebar_id":"","_kad_post_content_style":"","_kad_post_vertical_padding":"","_kad_post_feature":"","_kad_post_feature_position":"","_kad_post_header":false,"_kad_post_footer":false,"_kad_post_classname":""},"product_brand":[],"product_cat":[15062],"product_tag":[],"class_list":{"0":"post-118204","1":"product","2":"type-product","3":"status-publish","4":"has-post-thumbnail","6":"product_cat-arac-ici-kamera-arac-ici-kamera","8":"first","9":"instock","10":"purchasable","11":"product-type-simple","12":"entry","13":"content-bg","14":"loop-entry"},"_links":{"self":[{"href":"https:\/\/www.hediyepazar.com\/index.php?rest_route=\/wp\/v2\/product\/118204","targetHints":{"allow":["GET"]}}],"collection":[{"href":"https:\/\/www.hediyepazar.com\/index.php?rest_route=\/wp\/v2\/product"}],"about":[{"href":"https:\/\/www.hediyepazar.com\/index.php?rest_route=\/wp\/v2\/types\/product"}],"replies":[{"embeddable":true,"href":"https:\/\/www.hediyepazar.com\/index.php?rest_route=%2Fwp%2Fv2%2Fcomments&post=118204"}],"wp:featuredmedia":[{"embeddable":true,"href":"https:\/\/www.hediyepazar.com\/index.php?rest_route=\/wp\/v2\/media\/118203"}],"wp:attachment":[{"href":"https:\/\/www.hediyepazar.com\/index.php?rest_route=%2Fwp%2Fv2%2Fmedia&parent=118204"}],"wp:term":[{"taxonomy":"product_brand","embeddable":true,"href":"https:\/\/www.hediyepazar.com\/index.php?rest_route=%2Fwp%2Fv2%2Fproduct_brand&post=118204"},{"taxonomy":"product_cat","embeddable":true,"href":"https:\/\/www.hediyepazar.com\/index.php?rest_route=%2Fwp%2Fv2%2Fproduct_cat&post=118204"},{"taxonomy":"product_tag","embeddable":true,"href":"https:\/\/www.hediyepazar.com\/index.php?rest_route=%2Fwp%2Fv2%2Fproduct_tag&post=118204"}],"curies":[{"name":"wp","href":"https:\/\/api.w.org\/{rel}","templated":true}]}}