{"id":118466,"date":"2026-05-05T22:40:04","date_gmt":"2026-05-06T01:40:04","guid":{"rendered":"https:\/\/www.hediyepazar.com\/?product=dekoratif-kum-saati-deniz-feneri-retro-masa-hediyeli-esya-2"},"modified":"2026-05-05T22:40:04","modified_gmt":"2026-05-06T01:40:04","slug":"dekoratif-kum-saati-deniz-feneri-retro-masa-hediyeli-esya-2","status":"publish","type":"product","link":"https:\/\/www.hediyepazar.com\/?product=dekoratif-kum-saati-deniz-feneri-retro-masa-hediyeli-esya-2","title":{"rendered":"Dekoratif Kum Saati Deniz Feneri Retro Masa Hediyeli E\u015fya"},"content":{"rendered":"<p>Deniz fenerlerinin huzur veren sessizli\u011fini ve de\u011firmenlerin dingin d\u00f6n\u00fc\u015f\u00fcn\u00fc hat\u0131rlatan bu \u00f6zel dekoratif \u00fcr\u00fcn, yan\u0131nda yer alan kum saatiyle zaman\u0131 adeta yava\u015flat\u0131r ve size an\u0131n keyfini doyas\u0131ya ya\u015fama imk\u00e2n\u0131 sunar. Hayat\u0131n karma\u015fas\u0131ndan uzakla\u015fmak, sevdiklerinizle ge\u00e7irdi\u011finiz k\u0131ymetli anlar\u0131 daha derin hissetmek ve k\u00fc\u00e7\u00fck mutluluklar\u0131 b\u00fcy\u00fctmek isteyenler i\u00e7in anlaml\u0131 bir se\u00e7imdir. Ah\u015fap malzemesiyle do\u011fall\u0131\u011f\u0131 ya\u015fam alanlar\u0131n\u0131za ta\u015f\u0131yan bu tasar\u0131m, bulundu\u011fu ortama s\u0131cak ve samimi bir dokunu\u015f kazand\u0131r\u0131r. Retro \u00e7izgileriyle nostaljik bir atmosfer yaratarak, ge\u00e7mi\u015fin g\u00fczel an\u0131lar\u0131n\u0131 bug\u00fcn\u00fcn esteti\u011fiyle bulu\u015fturur. Tek par\u00e7a olarak sunulan yap\u0131s\u0131yla kolayca yerle\u015ftirilip kullan\u0131ma haz\u0131r hale gelir; ekstra montajla u\u011fra\u015fman\u0131za gerek kalmadan, huzur ve zarafeti bir araya getirir. \u0130ster kendiniz i\u00e7in keyifli bir k\u00f6\u015fe olu\u015fturun, ister sevdiklerinize anlaml\u0131 bir hediye olarak sunun; bu \u00fcr\u00fcn her haliyle hayat\u0131n\u0131za de\u011fer katar.<\/p>\n","protected":false},"excerpt":{"rendered":"<p>Deniz fenerlerinin huzur veren sessizli\u011fini ve de\u011firmenlerin dingin d\u00f6n\u00fc\u015f\u00fcn\u00fc hat\u0131rlatan bu \u00f6zel dekoratif \u00fcr\u00fcn, yan\u0131nda yer alan kum saatiyle zaman\u0131 adeta yava\u015flat\u0131r ve size an\u0131n keyfini doyas\u0131ya ya\u015fama imk\u00e2n\u0131 sunar. Hayat\u0131n karma\u015fas\u0131ndan uzakla\u015fmak, sevdiklerinizle ge\u00e7irdi\u011finiz k\u0131ymetli anlar\u0131 daha derin hissetmek ve k\u00fc\u00e7\u00fck mutluluklar\u0131 b\u00fcy\u00fctmek isteyenler i\u00e7in anlaml\u0131 bir se\u00e7imdir. Ah\u015fap malzemesiyle do\u011fall\u0131\u011f\u0131 ya\u015fam alanlar\u0131n\u0131za ta\u015f\u0131yan&#8230;<\/p>\n","protected":false},"featured_media":118465,"comment_status":"open","ping_status":"closed","template":"","meta":{"_kad_post_transparent":"","_kad_post_title":"","_kad_post_layout":"","_kad_post_sidebar_id":"","_kad_post_content_style":"","_kad_post_vertical_padding":"","_kad_post_feature":"","_kad_post_feature_position":"","_kad_post_header":false,"_kad_post_footer":false,"_kad_post_classname":""},"product_brand":[],"product_cat":[14942],"product_tag":[],"class_list":{"0":"post-118466","1":"product","2":"type-product","3":"status-publish","4":"has-post-thumbnail","6":"product_cat-kum-saati-kum-saati","8":"first","9":"instock","10":"purchasable","11":"product-type-simple","12":"entry","13":"content-bg","14":"loop-entry"},"_links":{"self":[{"href":"https:\/\/www.hediyepazar.com\/index.php?rest_route=\/wp\/v2\/product\/118466","targetHints":{"allow":["GET"]}}],"collection":[{"href":"https:\/\/www.hediyepazar.com\/index.php?rest_route=\/wp\/v2\/product"}],"about":[{"href":"https:\/\/www.hediyepazar.com\/index.php?rest_route=\/wp\/v2\/types\/product"}],"replies":[{"embeddable":true,"href":"https:\/\/www.hediyepazar.com\/index.php?rest_route=%2Fwp%2Fv2%2Fcomments&post=118466"}],"wp:featuredmedia":[{"embeddable":true,"href":"https:\/\/www.hediyepazar.com\/index.php?rest_route=\/wp\/v2\/media\/118465"}],"wp:attachment":[{"href":"https:\/\/www.hediyepazar.com\/index.php?rest_route=%2Fwp%2Fv2%2Fmedia&parent=118466"}],"wp:term":[{"taxonomy":"product_brand","embeddable":true,"href":"https:\/\/www.hediyepazar.com\/index.php?rest_route=%2Fwp%2Fv2%2Fproduct_brand&post=118466"},{"taxonomy":"product_cat","embeddable":true,"href":"https:\/\/www.hediyepazar.com\/index.php?rest_route=%2Fwp%2Fv2%2Fproduct_cat&post=118466"},{"taxonomy":"product_tag","embeddable":true,"href":"https:\/\/www.hediyepazar.com\/index.php?rest_route=%2Fwp%2Fv2%2Fproduct_tag&post=118466"}],"curies":[{"name":"wp","href":"https:\/\/api.w.org\/{rel}","templated":true}]}}