{"id":118632,"date":"2026-05-05T23:07:58","date_gmt":"2026-05-06T02:07:58","guid":{"rendered":"https:\/\/www.hediyepazar.com\/?product=telefon-tutucu-bluetooth-hoparlor-geyikli-renkli-uzun-omurlu-2"},"modified":"2026-05-05T23:07:58","modified_gmt":"2026-05-06T02:07:58","slug":"telefon-tutucu-bluetooth-hoparlor-geyikli-renkli-uzun-omurlu-2","status":"publish","type":"product","link":"https:\/\/www.hediyepazar.com\/?product=telefon-tutucu-bluetooth-hoparlor-geyikli-renkli-uzun-omurlu-2","title":{"rendered":"Telefon Tutucu Bluetooth Hoparl\u00f6r Geyikli Renkli Uzun \u00d6m\u00fcrl\u00fc"},"content":{"rendered":"<p>Bu \u00fcr\u00fcn, 2 y\u0131l ithalat\u00e7\u0131 garantisi ile kullan\u0131c\u0131lar\u0131na g\u00fcvence sa\u011flar. \u00dcr\u00fcnle ilgili herhangi bir teknik sorunla kar\u015f\u0131la\u015ft\u0131\u011f\u0131n\u0131zda, garanti s\u00fcresi boyunca \u00e7\u00f6z\u00fcm bulmak i\u00e7in endi\u015felenmenize gerek yoktur. Bu, \u00fcr\u00fcn\u00fcn dayan\u0131kl\u0131l\u0131\u011f\u0131n\u0131 ve uzun \u00f6m\u00fcrl\u00fc kullan\u0131m\u0131n\u0131 garantileyen bir avantaj sunar.Uzun S\u00fcreli M\u00fczik Keyfi5 ila 10 saat aras\u0131nda kesintisiz m\u00fczik \u00e7alma s\u00fcresi sunan bu \u00fcr\u00fcn, \u00f6zellikle etkinliklerinizde veya uzun d\u0131\u015f mekan aktivitelerinde m\u00fczik keyfinin hi\u00e7 b\u00f6l\u00fcnmeden devam etmesini sa\u011flar. G\u00fc\u00e7l\u00fc batarya yap\u0131s\u0131 sayesinde g\u00fcn boyu m\u00fczik dinlemenin tad\u0131n\u0131 \u00e7\u0131karabilirsiniz. Y\u00fcksek kapasite ile uzun s\u00fcreli performans sa\u011flar ve m\u00fczikle olan ba\u011flant\u0131n\u0131z\u0131 kesmez.Kablosuz Ba\u011flant\u0131 ile Pratik Kullan\u0131mKablosuz ba\u011flant\u0131 \u00f6zelli\u011fi sayesinde, kablo kullanma zorunlulu\u011fundan kurtulursunuz. Bu \u00f6zellik, cihaz\u0131n\u0131z\u0131 diledi\u011finiz gibi hareket ettirerek, m\u00fczi\u011finizi dinlemenize olanak tan\u0131r. Kablolardan ba\u011f\u0131ms\u0131z bir kullan\u0131m deneyimi sunar, b\u00f6ylece daha pratik ve \u00f6zg\u00fcr bir m\u00fczik dinleme imkan\u0131 sa\u011flar.<\/p>\n","protected":false},"excerpt":{"rendered":"<p>Bu \u00fcr\u00fcn, 2 y\u0131l ithalat\u00e7\u0131 garantisi ile kullan\u0131c\u0131lar\u0131na g\u00fcvence sa\u011flar. \u00dcr\u00fcnle ilgili herhangi bir teknik sorunla kar\u015f\u0131la\u015ft\u0131\u011f\u0131n\u0131zda, garanti s\u00fcresi boyunca \u00e7\u00f6z\u00fcm bulmak i\u00e7in endi\u015felenmenize gerek yoktur. Bu, \u00fcr\u00fcn\u00fcn dayan\u0131kl\u0131l\u0131\u011f\u0131n\u0131 ve uzun \u00f6m\u00fcrl\u00fc kullan\u0131m\u0131n\u0131 garantileyen bir avantaj sunar.Uzun S\u00fcreli M\u00fczik Keyfi5 ila 10 saat aras\u0131nda kesintisiz m\u00fczik \u00e7alma s\u00fcresi sunan bu \u00fcr\u00fcn, \u00f6zellikle etkinliklerinizde veya uzun&#8230;<\/p>\n","protected":false},"featured_media":118631,"comment_status":"open","ping_status":"closed","template":"","meta":{"_kad_post_transparent":"","_kad_post_title":"","_kad_post_layout":"","_kad_post_sidebar_id":"","_kad_post_content_style":"","_kad_post_vertical_padding":"","_kad_post_feature":"","_kad_post_feature_position":"","_kad_post_header":false,"_kad_post_footer":false,"_kad_post_classname":""},"product_brand":[],"product_cat":[14937],"product_tag":[],"class_list":{"0":"post-118632","1":"product","2":"type-product","3":"status-publish","4":"has-post-thumbnail","6":"product_cat-powerbank-powerbank-2","8":"first","9":"instock","10":"purchasable","11":"product-type-simple","12":"entry","13":"content-bg","14":"loop-entry"},"_links":{"self":[{"href":"https:\/\/www.hediyepazar.com\/index.php?rest_route=\/wp\/v2\/product\/118632","targetHints":{"allow":["GET"]}}],"collection":[{"href":"https:\/\/www.hediyepazar.com\/index.php?rest_route=\/wp\/v2\/product"}],"about":[{"href":"https:\/\/www.hediyepazar.com\/index.php?rest_route=\/wp\/v2\/types\/product"}],"replies":[{"embeddable":true,"href":"https:\/\/www.hediyepazar.com\/index.php?rest_route=%2Fwp%2Fv2%2Fcomments&post=118632"}],"wp:featuredmedia":[{"embeddable":true,"href":"https:\/\/www.hediyepazar.com\/index.php?rest_route=\/wp\/v2\/media\/118631"}],"wp:attachment":[{"href":"https:\/\/www.hediyepazar.com\/index.php?rest_route=%2Fwp%2Fv2%2Fmedia&parent=118632"}],"wp:term":[{"taxonomy":"product_brand","embeddable":true,"href":"https:\/\/www.hediyepazar.com\/index.php?rest_route=%2Fwp%2Fv2%2Fproduct_brand&post=118632"},{"taxonomy":"product_cat","embeddable":true,"href":"https:\/\/www.hediyepazar.com\/index.php?rest_route=%2Fwp%2Fv2%2Fproduct_cat&post=118632"},{"taxonomy":"product_tag","embeddable":true,"href":"https:\/\/www.hediyepazar.com\/index.php?rest_route=%2Fwp%2Fv2%2Fproduct_tag&post=118632"}],"curies":[{"name":"wp","href":"https:\/\/api.w.org\/{rel}","templated":true}]}}