{"id":118664,"date":"2026-05-05T23:12:57","date_gmt":"2026-05-06T02:12:57","guid":{"rendered":"https:\/\/www.hediyepazar.com\/?product=katlanabilir-askili-kamp-lambasi-5-kanatli-pratik-gunes-enerjili-2"},"modified":"2026-05-05T23:12:57","modified_gmt":"2026-05-06T02:12:57","slug":"katlanabilir-askili-kamp-lambasi-5-kanatli-pratik-gunes-enerjili-2","status":"publish","type":"product","link":"https:\/\/www.hediyepazar.com\/?product=katlanabilir-askili-kamp-lambasi-5-kanatli-pratik-gunes-enerjili-2","title":{"rendered":"Katlanabilir Ask\u0131l\u0131 Kamp Lambas\u0131 5 Kanatl\u0131 Pratik G\u00fcne\u015f Enerjili"},"content":{"rendered":"<p>Solar G\u00fcne\u015f Enerjisi ve USB \u015earjl\u0131 5 Kanatl\u0131 Ta\u015f\u0131nabilir Lamba \u2013 \u00c7ok Fonksiyonlu, Dayan\u0131kl\u0131 ve \u00c7evre Dostu Ayd\u0131nlatmaHer t\u00fcrl\u00fc a\u00e7\u0131k hava etkinli\u011fi, acil durumlar ve g\u00fcnl\u00fck ya\u015famda ihtiya\u00e7 duydu\u011funuz ayd\u0131nlatmay\u0131 sa\u011flayacak pratik bir \u00e7\u00f6z\u00fcm ar\u0131yorsan\u0131z, Solar G\u00fcne\u015f Enerjisi ve USB \u015earjl\u0131 5 Kanatl\u0131 Ta\u015f\u0131nabilir Lamba tam ihtiyac\u0131n\u0131z\u0131 kar\u015f\u0131layacak \u00f6zelliklere sahip! G\u00fcne\u015f enerjisiyle veya USB ile \u015farj edilebilir \u00f6zelli\u011fiyle her ko\u015fulda g\u00fcvenilir bir \u0131\u015f\u0131k kayna\u011f\u0131 sunan bu lamba, ta\u015f\u0131nabilirli\u011fi ve pratik kullan\u0131m\u0131yla \u00f6n plana \u00e7\u0131kar.5 kanatl\u0131 tasar\u0131m, \u0131\u015f\u0131\u011f\u0131 geni\u015f bir alana yayarak daha etkili bir ayd\u0131nlatma sa\u011flar. Ayr\u0131ca, katlanabilir \u00f6zellik sayesinde \u0131\u015f\u0131k a\u00e7\u0131s\u0131n\u0131 istedi\u011finiz gibi ayarlayabilir ve karanl\u0131k alanlarda daha geni\u015f bir b\u00f6lgeyi rahatl\u0131kla ayd\u0131nlatabilirsiniz. Ask\u0131 aparat\u0131 ile diledi\u011finiz yere asarak kolayca kullanabilirsiniz. Bu \u00f6zellik, \u00f6zellikle kamp, piknik ve a\u00e7\u0131k hava etkinlikleri i\u00e7in son derece kullan\u0131\u015fl\u0131d\u0131r.G\u00fcne\u015f enerjisiyle \u015farj etme \u00f6zelli\u011fi, do\u011fa dostu bir kullan\u0131m sunar. Ayr\u0131ca, USB \u015farj se\u00e7ene\u011fi ile h\u0131zla enerji depolayabilir, acil durumlarda her zaman kullan\u0131ma haz\u0131r olmas\u0131n\u0131 sa\u011flayabilirsiniz. \u00dcr\u00fcn, su ge\u00e7irmez IP65 \u00f6zelli\u011fiyle d\u0131\u015f mekan ko\u015fullar\u0131na dayan\u0131kl\u0131d\u0131r, bu sayede ya\u011fmurda bile g\u00fcvenle kullan\u0131labilir.45 LED \u0131\u015f\u0131k kayna\u011f\u0131, \u0131\u015f\u0131\u011f\u0131n parlakl\u0131\u011f\u0131n\u0131 art\u0131rarak etraf\u0131n\u0131z\u0131 net bir \u015fekilde ayd\u0131nlat\u0131r ve 6500K renk s\u0131cakl\u0131\u011f\u0131 ile etkili bir g\u00f6r\u00fc\u015f sa\u011flar. 6-8 saat \u00e7al\u0131\u015fma s\u00fcresi ile uzun s\u00fcreli kullan\u0131m imk\u00e2n\u0131 sunar.Teknik \u00d6zellikler:G\u00fcne\u015f Paneli: 5.5V polikristal silikon g\u00fcne\u015f paneliPil: 18650 lityum pil, 2400mAhI\u015f\u0131k Kayna\u011f\u0131: 45 LED\u00c7al\u0131\u015fma S\u00fcresi: 6-8 saat\u015earj S\u00fcresi: Solar \u015farj i\u00e7in 8 saat \/ USB \u015farj ile 6 saat\u015earj Y\u00f6ntemi: Solar \u015farj (DC 3.5V) \/ USB \u015farj (voltaj 4.5V)Su Ge\u00e7irmezlik: IP65Renk S\u0131cakl\u0131\u011f\u0131: 6500K\u00dcr\u00fcn Boyutu: 14 cm * 11.5 cmPaket \u0130\u00e7eri\u011fi:1 Adet 5 Kanatl\u0131 Solar Pratik LambaDo\u011fada, evinizde ya da acil durumlarda kullanabilece\u011finiz bu solar lamba, y\u00fcksek verimlili\u011fi, dayan\u0131kl\u0131l\u0131\u011f\u0131 ve esnek kullan\u0131m \u00f6zellikleri ile her zaman yan\u0131n\u0131zda olmas\u0131 gereken bir ayd\u0131nlatma arac\u0131 olacakt\u0131r. Hem g\u00fcne\u015f enerjisiyle hem de USB \u015farj ile enerji toplama se\u00e7enekleri sayesinde her durumda i\u015finizi kolayla\u015ft\u0131r\u0131r.<\/p>\n","protected":false},"excerpt":{"rendered":"<p>Solar G\u00fcne\u015f Enerjisi ve USB \u015earjl\u0131 5 Kanatl\u0131 Ta\u015f\u0131nabilir Lamba \u2013 \u00c7ok Fonksiyonlu, Dayan\u0131kl\u0131 ve \u00c7evre Dostu Ayd\u0131nlatmaHer t\u00fcrl\u00fc a\u00e7\u0131k hava etkinli\u011fi, acil durumlar ve g\u00fcnl\u00fck ya\u015famda ihtiya\u00e7 duydu\u011funuz ayd\u0131nlatmay\u0131 sa\u011flayacak pratik bir \u00e7\u00f6z\u00fcm ar\u0131yorsan\u0131z, Solar G\u00fcne\u015f Enerjisi ve USB \u015earjl\u0131 5 Kanatl\u0131 Ta\u015f\u0131nabilir Lamba tam ihtiyac\u0131n\u0131z\u0131 kar\u015f\u0131layacak \u00f6zelliklere sahip! G\u00fcne\u015f enerjisiyle veya USB ile&#8230;<\/p>\n","protected":false},"featured_media":118663,"comment_status":"open","ping_status":"closed","template":"","meta":{"_kad_post_transparent":"","_kad_post_title":"","_kad_post_layout":"","_kad_post_sidebar_id":"","_kad_post_content_style":"","_kad_post_vertical_padding":"","_kad_post_feature":"","_kad_post_feature_position":"","_kad_post_header":false,"_kad_post_footer":false,"_kad_post_classname":""},"product_brand":[],"product_cat":[14977],"product_tag":[],"class_list":{"0":"post-118664","1":"product","2":"type-product","3":"status-publish","4":"has-post-thumbnail","6":"product_cat-kamp-lambasi-kamp-lambasi","8":"first","9":"instock","10":"purchasable","11":"product-type-simple","12":"entry","13":"content-bg","14":"loop-entry"},"_links":{"self":[{"href":"https:\/\/www.hediyepazar.com\/index.php?rest_route=\/wp\/v2\/product\/118664","targetHints":{"allow":["GET"]}}],"collection":[{"href":"https:\/\/www.hediyepazar.com\/index.php?rest_route=\/wp\/v2\/product"}],"about":[{"href":"https:\/\/www.hediyepazar.com\/index.php?rest_route=\/wp\/v2\/types\/product"}],"replies":[{"embeddable":true,"href":"https:\/\/www.hediyepazar.com\/index.php?rest_route=%2Fwp%2Fv2%2Fcomments&post=118664"}],"wp:featuredmedia":[{"embeddable":true,"href":"https:\/\/www.hediyepazar.com\/index.php?rest_route=\/wp\/v2\/media\/118663"}],"wp:attachment":[{"href":"https:\/\/www.hediyepazar.com\/index.php?rest_route=%2Fwp%2Fv2%2Fmedia&parent=118664"}],"wp:term":[{"taxonomy":"product_brand","embeddable":true,"href":"https:\/\/www.hediyepazar.com\/index.php?rest_route=%2Fwp%2Fv2%2Fproduct_brand&post=118664"},{"taxonomy":"product_cat","embeddable":true,"href":"https:\/\/www.hediyepazar.com\/index.php?rest_route=%2Fwp%2Fv2%2Fproduct_cat&post=118664"},{"taxonomy":"product_tag","embeddable":true,"href":"https:\/\/www.hediyepazar.com\/index.php?rest_route=%2Fwp%2Fv2%2Fproduct_tag&post=118664"}],"curies":[{"name":"wp","href":"https:\/\/api.w.org\/{rel}","templated":true}]}}