{"id":118780,"date":"2026-05-05T23:27:59","date_gmt":"2026-05-06T02:27:59","guid":{"rendered":"https:\/\/www.hediyepazar.com\/?product=kristal-epilasyon-aleti-tuy-dokucu-tuy-silgisi-crystal-eraser-2"},"modified":"2026-05-05T23:27:59","modified_gmt":"2026-05-06T02:27:59","slug":"kristal-epilasyon-aleti-tuy-dokucu-tuy-silgisi-crystal-eraser-2","status":"publish","type":"product","link":"https:\/\/www.hediyepazar.com\/?product=kristal-epilasyon-aleti-tuy-dokucu-tuy-silgisi-crystal-eraser-2","title":{"rendered":"Kristal Epilasyon Aleti T\u00fcy D\u00f6k\u00fcc\u00fc T\u00fcy Silgisi Crystal Eraser"},"content":{"rendered":"<p>Kristal Epilat\u00f6r \u2013 Do\u011fal, A\u011fr\u0131s\u0131z ve Etkili T\u00fcy Temizli\u011fiNano cam teknolojisiyle \u00fcretilen bu ileri teknoloji kristal epilat\u00f6r, cildinize zarar vermeden istenmeyen t\u00fcylerden kurtulman\u0131n en zarif yolunu sunar. Mikro y\u00fczeyi sayesinde t\u00fcyleri k\u00f6kten de\u011fil, cilt y\u00fczeyine en yak\u0131n noktadan alarak tahri\u015fe yol a\u00e7maz. Uygulama esnas\u0131nda dairesel hareketlerle kullan\u0131ld\u0131\u011f\u0131nda, hem t\u00fcyleri nazik\u00e7e temizler hem de cildi \u00f6l\u00fc derilerden ar\u0131nd\u0131rarak do\u011fal bir parlakl\u0131k kazand\u0131r\u0131r.T\u00fcyleri zamanla seyrelten ve \u00e7\u0131kma s\u00fcresini uzatan yap\u0131s\u0131 sayesinde, d\u00fczenli kullan\u0131mda daha p\u00fcr\u00fczs\u00fcz ve sa\u011fl\u0131kl\u0131 bir cilt g\u00f6r\u00fcn\u00fcm\u00fc elde edilir. Ayr\u0131ca \u00e7ilek bacak g\u00f6r\u00fcn\u00fcm\u00fcne son verir; bat\u0131klar\u0131 ve cilt p\u00fcr\u00fczlerini ortadan kald\u0131r\u0131r. Islak veya kuru ciltte kullan\u0131labilen bu epilat\u00f6r, tamamen a\u011fr\u0131s\u0131zd\u0131r ve herhangi bir tahri\u015f, yanma ya da ac\u0131 hissi olu\u015fturmaz.Kristal epilat\u00f6r sade su ile kolayca temizlenebilir ve a\u015f\u0131r\u0131 bask\u0131 uygulanmad\u0131\u011f\u0131 s\u00fcrece 1 ila 3 y\u0131l aras\u0131nda dayan\u0131kl\u0131l\u0131k g\u00f6sterir. Kompakt tasar\u0131m\u0131 sayesinde seyahatlerde yan\u0131n\u0131zda ta\u015f\u0131yabilece\u011finiz bu \u00fcr\u00fcn, cildinize do\u011fal bir bak\u0131m yaparken konforlu bir epilasyon deneyimi ya\u015faman\u0131z\u0131 sa\u011flar. Kusursuz bir bak\u0131m\u0131n en zarif hali art\u0131k avucunuzun i\u00e7inde!<\/p>\n","protected":false},"excerpt":{"rendered":"<p>Kristal Epilat\u00f6r \u2013 Do\u011fal, A\u011fr\u0131s\u0131z ve Etkili T\u00fcy Temizli\u011fiNano cam teknolojisiyle \u00fcretilen bu ileri teknoloji kristal epilat\u00f6r, cildinize zarar vermeden istenmeyen t\u00fcylerden kurtulman\u0131n en zarif yolunu sunar. Mikro y\u00fczeyi sayesinde t\u00fcyleri k\u00f6kten de\u011fil, cilt y\u00fczeyine en yak\u0131n noktadan alarak tahri\u015fe yol a\u00e7maz. Uygulama esnas\u0131nda dairesel hareketlerle kullan\u0131ld\u0131\u011f\u0131nda, hem t\u00fcyleri nazik\u00e7e temizler hem de cildi \u00f6l\u00fc&#8230;<\/p>\n","protected":false},"featured_media":118779,"comment_status":"open","ping_status":"closed","template":"","meta":{"_kad_post_transparent":"","_kad_post_title":"","_kad_post_layout":"","_kad_post_sidebar_id":"","_kad_post_content_style":"","_kad_post_vertical_padding":"","_kad_post_feature":"","_kad_post_feature_position":"","_kad_post_header":false,"_kad_post_footer":false,"_kad_post_classname":""},"product_brand":[],"product_cat":[14919],"product_tag":[],"class_list":{"0":"post-118780","1":"product","2":"type-product","3":"status-publish","4":"has-post-thumbnail","6":"product_cat-epilator-epilator","8":"first","9":"instock","10":"purchasable","11":"product-type-simple","12":"entry","13":"content-bg","14":"loop-entry"},"_links":{"self":[{"href":"https:\/\/www.hediyepazar.com\/index.php?rest_route=\/wp\/v2\/product\/118780","targetHints":{"allow":["GET"]}}],"collection":[{"href":"https:\/\/www.hediyepazar.com\/index.php?rest_route=\/wp\/v2\/product"}],"about":[{"href":"https:\/\/www.hediyepazar.com\/index.php?rest_route=\/wp\/v2\/types\/product"}],"replies":[{"embeddable":true,"href":"https:\/\/www.hediyepazar.com\/index.php?rest_route=%2Fwp%2Fv2%2Fcomments&post=118780"}],"wp:featuredmedia":[{"embeddable":true,"href":"https:\/\/www.hediyepazar.com\/index.php?rest_route=\/wp\/v2\/media\/118779"}],"wp:attachment":[{"href":"https:\/\/www.hediyepazar.com\/index.php?rest_route=%2Fwp%2Fv2%2Fmedia&parent=118780"}],"wp:term":[{"taxonomy":"product_brand","embeddable":true,"href":"https:\/\/www.hediyepazar.com\/index.php?rest_route=%2Fwp%2Fv2%2Fproduct_brand&post=118780"},{"taxonomy":"product_cat","embeddable":true,"href":"https:\/\/www.hediyepazar.com\/index.php?rest_route=%2Fwp%2Fv2%2Fproduct_cat&post=118780"},{"taxonomy":"product_tag","embeddable":true,"href":"https:\/\/www.hediyepazar.com\/index.php?rest_route=%2Fwp%2Fv2%2Fproduct_tag&post=118780"}],"curies":[{"name":"wp","href":"https:\/\/api.w.org\/{rel}","templated":true}]}}