{"id":118814,"date":"2026-05-05T23:34:09","date_gmt":"2026-05-06T02:34:09","guid":{"rendered":"https:\/\/www.hediyepazar.com\/?product=yeni-nesil-pro-ekranli-bluetooth-kulaklik-5-0-bluetooth-2"},"modified":"2026-05-05T23:34:09","modified_gmt":"2026-05-06T02:34:09","slug":"yeni-nesil-pro-ekranli-bluetooth-kulaklik-5-0-bluetooth-2","status":"publish","type":"product","link":"https:\/\/www.hediyepazar.com\/?product=yeni-nesil-pro-ekranli-bluetooth-kulaklik-5-0-bluetooth-2","title":{"rendered":"Yeni Nesil Pro Ekranl\u0131 Bluetooth Kulakl\u0131k 5.0 Bluetooth"},"content":{"rendered":"<p>Bu kulakl\u0131k, m\u00fczik dinlemek ve arama yapmak i\u00e7in m\u00fckemmel bir deneyim sunuyor. \u015earj durumunu ekrandan izleyebilme \u00f6zelli\u011fi sayesinde pil bitti\u011finde endi\u015felenmenizi engeller ve uzun s\u00fcre kesintisiz kullan\u0131m sa\u011flar. 2. Nesil teknolojisi ile rahat bir kullan\u0131m sunarak, uzun s\u00fcreli kullan\u0131mlarda bile konforlu bir deneyim sa\u011flar. \u015e\u0131k siyah tasar\u0131m\u0131 her ortama uyum sa\u011flarken, dayan\u0131kl\u0131l\u0131\u011f\u0131 ile uzun \u00f6m\u00fcrl\u00fc bir kullan\u0131m garanti eder. 2 y\u0131l ithalat\u00e7\u0131 garantisi ile g\u00fcvenli bir al\u0131\u015fveri\u015f deneyimi sa\u011flar ve olas\u0131 teknik sorunlarda destek alman\u0131z\u0131 m\u00fcmk\u00fcn k\u0131lar.Aktif g\u00fcr\u00fclt\u00fc \u00f6nleme (ANC) \u00f6zelli\u011fi, d\u0131\u015f d\u00fcnyadaki g\u00fcr\u00fclt\u00fcy\u00fc engelleyerek m\u00fczi\u011finizi tam anlam\u0131yla keyifle dinlemenizi sa\u011flar. Dahili mikrofon sayesinde net ve kesintisiz aramalar yapabilir, eller serbest kullan\u0131m ile rahat\u00e7a konu\u015fabilirsiniz. Suya ve tere kar\u015f\u0131 dayan\u0131kl\u0131l\u0131\u011f\u0131, ya\u011fmurlu havalarda veya spor yaparken kullan\u0131m kolayl\u0131\u011f\u0131 sunar. Bluetooth 5.0 teknolojisi ile h\u0131zl\u0131 ve stabil ba\u011flant\u0131lar kurar, geni\u015f uyumluluk sunar. Dokunmatik kontrol \u00f6zelli\u011fi bulunmayan tasar\u0131m\u0131, sade ve kullan\u0131c\u0131 dostu olup m\u00fczi\u011finizi rahatl\u0131kla kontrol etmenizi sa\u011flar. \u00c7ift telefon deste\u011fi ile ayn\u0131 anda iki cihazla ba\u011flanarak daha pratik bir kullan\u0131m deneyimi elde edebilirsiniz.<\/p>\n","protected":false},"excerpt":{"rendered":"<p>Bu kulakl\u0131k, m\u00fczik dinlemek ve arama yapmak i\u00e7in m\u00fckemmel bir deneyim sunuyor. \u015earj durumunu ekrandan izleyebilme \u00f6zelli\u011fi sayesinde pil bitti\u011finde endi\u015felenmenizi engeller ve uzun s\u00fcre kesintisiz kullan\u0131m sa\u011flar. 2. Nesil teknolojisi ile rahat bir kullan\u0131m sunarak, uzun s\u00fcreli kullan\u0131mlarda bile konforlu bir deneyim sa\u011flar. \u015e\u0131k siyah tasar\u0131m\u0131 her ortama uyum sa\u011flarken, dayan\u0131kl\u0131l\u0131\u011f\u0131 ile uzun \u00f6m\u00fcrl\u00fc&#8230;<\/p>\n","protected":false},"featured_media":118813,"comment_status":"open","ping_status":"closed","template":"","meta":{"_kad_post_transparent":"","_kad_post_title":"","_kad_post_layout":"","_kad_post_sidebar_id":"","_kad_post_content_style":"","_kad_post_vertical_padding":"","_kad_post_feature":"","_kad_post_feature_position":"","_kad_post_header":false,"_kad_post_footer":false,"_kad_post_classname":""},"product_brand":[],"product_cat":[14957],"product_tag":[],"class_list":{"0":"post-118814","1":"product","2":"type-product","3":"status-publish","4":"has-post-thumbnail","6":"product_cat-kablosuz-kulaklik-kablosuz-kulaklik","8":"first","9":"instock","10":"purchasable","11":"product-type-simple","12":"entry","13":"content-bg","14":"loop-entry"},"_links":{"self":[{"href":"https:\/\/www.hediyepazar.com\/index.php?rest_route=\/wp\/v2\/product\/118814","targetHints":{"allow":["GET"]}}],"collection":[{"href":"https:\/\/www.hediyepazar.com\/index.php?rest_route=\/wp\/v2\/product"}],"about":[{"href":"https:\/\/www.hediyepazar.com\/index.php?rest_route=\/wp\/v2\/types\/product"}],"replies":[{"embeddable":true,"href":"https:\/\/www.hediyepazar.com\/index.php?rest_route=%2Fwp%2Fv2%2Fcomments&post=118814"}],"wp:featuredmedia":[{"embeddable":true,"href":"https:\/\/www.hediyepazar.com\/index.php?rest_route=\/wp\/v2\/media\/118813"}],"wp:attachment":[{"href":"https:\/\/www.hediyepazar.com\/index.php?rest_route=%2Fwp%2Fv2%2Fmedia&parent=118814"}],"wp:term":[{"taxonomy":"product_brand","embeddable":true,"href":"https:\/\/www.hediyepazar.com\/index.php?rest_route=%2Fwp%2Fv2%2Fproduct_brand&post=118814"},{"taxonomy":"product_cat","embeddable":true,"href":"https:\/\/www.hediyepazar.com\/index.php?rest_route=%2Fwp%2Fv2%2Fproduct_cat&post=118814"},{"taxonomy":"product_tag","embeddable":true,"href":"https:\/\/www.hediyepazar.com\/index.php?rest_route=%2Fwp%2Fv2%2Fproduct_tag&post=118814"}],"curies":[{"name":"wp","href":"https:\/\/api.w.org\/{rel}","templated":true}]}}