{"id":118894,"date":"2026-05-05T23:49:57","date_gmt":"2026-05-06T02:49:57","guid":{"rendered":"https:\/\/www.hediyepazar.com\/?product=hd-ayakli-portatif-projeksiyon-cihazi-android-islemcili-sinema-projektoru-2"},"modified":"2026-05-05T23:49:57","modified_gmt":"2026-05-06T02:49:57","slug":"hd-ayakli-portatif-projeksiyon-cihazi-android-islemcili-sinema-projektoru-2","status":"publish","type":"product","link":"https:\/\/www.hediyepazar.com\/?product=hd-ayakli-portatif-projeksiyon-cihazi-android-islemcili-sinema-projektoru-2","title":{"rendered":"HD Ayakl\u0131 Portatif Projeksiyon Cihaz\u0131 Android \u0130\u015flemcili Sinema Projekt\u00f6r\u00fc"},"content":{"rendered":"<p>Ultra HD Android TV Kutusu &#8211; Y\u00fcksek Performans ve Kolay Kullan\u0131mBu Android TV kutusu, \u00fcst\u00fcn g\u00f6r\u00fcnt\u00fc kalitesi ve g\u00fc\u00e7l\u00fc donan\u0131m\u0131 ile medya deneyiminizi \u00fcst seviyeye ta\u015f\u0131r. 1920&#215;1080 ultra HD \u00e7\u00f6z\u00fcn\u00fcrl\u00fck, 1 GB RAM ve 32 GB depolama alan\u0131 ile ak\u0131c\u0131 bir performans sunar. HD USB giri\u015fleri ve hoparl\u00f6r\u00fc sayesinde m\u00fckemmel ses ve g\u00f6r\u00fcnt\u00fc keyfi sa\u011flar.\u00d6ne \u00c7\u0131kan \u00d6zellikler: Ultra HD G\u00f6r\u00fcnt\u00fc Kalitesi: 1920&#215;1080 \u00e7\u00f6z\u00fcn\u00fcrl\u00fck ile net ve canl\u0131 g\u00f6r\u00fcnt\u00fcler. Android \u0130\u015fletim Sistemi: Kolay uygulama y\u00fckleme ve medya i\u00e7eri\u011fi ak\u0131\u015f\u0131n\u0131 destekler. Y\u00fcksek Depolama Alan\u0131: 32 GB haf\u0131za ve 1 GB RAM ile ak\u0131c\u0131 performans. HD USB Giri\u015fleri: Kolay ba\u011flant\u0131 i\u00e7in USB portlar\u0131. E\u015fde\u011fer 50 \u0130n\u00e7 TV G\u00f6r\u00fcnt\u00fcs\u00fc: 1 metre mesafeden, 50 in\u00e7\u2019lik TV g\u00f6r\u00fcnt\u00fcs\u00fcne e\u015fde\u011fer g\u00f6r\u00fcnt\u00fc sa\u011flar. Kendi Fan\u0131: Is\u0131y\u0131 \u00f6nlemek i\u00e7in entegre fan sistemi. Hoparl\u00f6r: Dahili hoparl\u00f6r ile sesli \u00e7\u0131k\u0131\u015f sa\u011flar. Kompakt ve Hafif Tasar\u0131m: 750 gr a\u011f\u0131rl\u0131\u011f\u0131nda, ta\u015f\u0131nmas\u0131 kolay. Kullan\u0131m Kolayl\u0131\u011f\u0131: Elektrik kablosu ile do\u011frudan \u00e7al\u0131\u015f\u0131r, kumanda ile rahat kullan\u0131m.Kutu \u0130\u00e7eri\u011fi: TV G\u00f6r\u00fcnt\u00fc Kablosu HDMI Kablosu Tripod Kumanda Kullan\u0131m K\u0131lavuzu<\/p>\n","protected":false},"excerpt":{"rendered":"<p>Ultra HD Android TV Kutusu &#8211; Y\u00fcksek Performans ve Kolay Kullan\u0131mBu Android TV kutusu, \u00fcst\u00fcn g\u00f6r\u00fcnt\u00fc kalitesi ve g\u00fc\u00e7l\u00fc donan\u0131m\u0131 ile medya deneyiminizi \u00fcst seviyeye ta\u015f\u0131r. 1920&#215;1080 ultra HD \u00e7\u00f6z\u00fcn\u00fcrl\u00fck, 1 GB RAM ve 32 GB depolama alan\u0131 ile ak\u0131c\u0131 bir performans sunar. HD USB giri\u015fleri ve hoparl\u00f6r\u00fc sayesinde m\u00fckemmel ses ve g\u00f6r\u00fcnt\u00fc keyfi sa\u011flar.\u00d6ne&#8230;<\/p>\n","protected":false},"featured_media":118893,"comment_status":"open","ping_status":"closed","template":"","meta":{"_kad_post_transparent":"","_kad_post_title":"","_kad_post_layout":"","_kad_post_sidebar_id":"","_kad_post_content_style":"","_kad_post_vertical_padding":"","_kad_post_feature":"","_kad_post_feature_position":"","_kad_post_header":false,"_kad_post_footer":false,"_kad_post_classname":""},"product_brand":[],"product_cat":[14905],"product_tag":[],"class_list":{"0":"post-118894","1":"product","2":"type-product","3":"status-publish","4":"has-post-thumbnail","6":"product_cat-projeksiyon-projeksiyon","8":"first","9":"instock","10":"purchasable","11":"product-type-simple","12":"entry","13":"content-bg","14":"loop-entry"},"_links":{"self":[{"href":"https:\/\/www.hediyepazar.com\/index.php?rest_route=\/wp\/v2\/product\/118894","targetHints":{"allow":["GET"]}}],"collection":[{"href":"https:\/\/www.hediyepazar.com\/index.php?rest_route=\/wp\/v2\/product"}],"about":[{"href":"https:\/\/www.hediyepazar.com\/index.php?rest_route=\/wp\/v2\/types\/product"}],"replies":[{"embeddable":true,"href":"https:\/\/www.hediyepazar.com\/index.php?rest_route=%2Fwp%2Fv2%2Fcomments&post=118894"}],"wp:featuredmedia":[{"embeddable":true,"href":"https:\/\/www.hediyepazar.com\/index.php?rest_route=\/wp\/v2\/media\/118893"}],"wp:attachment":[{"href":"https:\/\/www.hediyepazar.com\/index.php?rest_route=%2Fwp%2Fv2%2Fmedia&parent=118894"}],"wp:term":[{"taxonomy":"product_brand","embeddable":true,"href":"https:\/\/www.hediyepazar.com\/index.php?rest_route=%2Fwp%2Fv2%2Fproduct_brand&post=118894"},{"taxonomy":"product_cat","embeddable":true,"href":"https:\/\/www.hediyepazar.com\/index.php?rest_route=%2Fwp%2Fv2%2Fproduct_cat&post=118894"},{"taxonomy":"product_tag","embeddable":true,"href":"https:\/\/www.hediyepazar.com\/index.php?rest_route=%2Fwp%2Fv2%2Fproduct_tag&post=118894"}],"curies":[{"name":"wp","href":"https:\/\/api.w.org\/{rel}","templated":true}]}}